{"version":"1.0","provider_name":"The Epoch Times TR","provider_url":"https:\/\/epochtimestr.com","author_name":"Nesrin Se\u00e7er","author_url":"https:\/\/epochtimestr.com\/index.php\/author\/nesrin","title":"\"\u0130li\u015fkiler\" Balesi Mersin Devlet Opera ve Balesi'nde - The Epoch Times TR","type":"rich","width":600,"height":338,"html":"<blockquote class=\"wp-embedded-content\" data-secret=\"ejMfQGBNMP\"><a href=\"https:\/\/epochtimestr.com\/index.php\/30137\">&#8220;\u0130li\u015fkiler&#8221; Balesi Mersin Devlet Opera ve Balesi&#8217;nde<\/a><\/blockquote><iframe sandbox=\"allow-scripts\" security=\"restricted\" src=\"https:\/\/epochtimestr.com\/index.php\/30137\/embed#?secret=ejMfQGBNMP\" width=\"600\" height=\"338\" title=\"&#8220;&#8220;\u0130li\u015fkiler&#8221; Balesi Mersin Devlet Opera ve Balesi&#8217;nde&#8221; &#8212; The Epoch Times TR\" data-secret=\"ejMfQGBNMP\" frameborder=\"0\" marginwidth=\"0\" marginheight=\"0\" scrolling=\"no\" class=\"wp-embedded-content\"><\/iframe><script type=\"text\/javascript\">\n\/* <![CDATA[ *\/\n\/*! This file is auto-generated *\/\n!function(d,l){\"use strict\";l.querySelector&&d.addEventListener&&\"undefined\"!=typeof URL&&(d.wp=d.wp||{},d.wp.receiveEmbedMessage||(d.wp.receiveEmbedMessage=function(e){var t=e.data;if((t||t.secret||t.message||t.value)&&!\/[^a-zA-Z0-9]\/.test(t.secret)){for(var s,r,n,a=l.querySelectorAll('iframe[data-secret=\"'+t.secret+'\"]'),o=l.querySelectorAll('blockquote[data-secret=\"'+t.secret+'\"]'),c=new RegExp(\"^https?:$\",\"i\"),i=0;i<o.length;i++)o[i].style.display=\"none\";for(i=0;i<a.length;i++)s=a[i],e.source===s.contentWindow&&(s.removeAttribute(\"style\"),\"height\"===t.message?(1e3<(r=parseInt(t.value,10))?r=1e3:~~r<200&&(r=200),s.height=r):\"link\"===t.message&&(r=new URL(s.getAttribute(\"src\")),n=new URL(t.value),c.test(n.protocol))&&n.host===r.host&&l.activeElement===s&&(d.top.location.href=t.value))}},d.addEventListener(\"message\",d.wp.receiveEmbedMessage,!1),l.addEventListener(\"DOMContentLoaded\",function(){for(var e,t,s=l.querySelectorAll(\"iframe.wp-embedded-content\"),r=0;r<s.length;r++)(t=(e=s[r]).getAttribute(\"data-secret\"))||(t=Math.random().toString(36).substring(2,12),e.src+=\"#?secret=\"+t,e.setAttribute(\"data-secret\",t)),e.contentWindow.postMessage({message:\"ready\",secret:t},\"*\")},!1)))}(window,document);\n\/* ]]> *\/\n<\/script>\n","description":"Mersin Devlet Opera ve Balesi (MDOB), \u00c7aykovski ve Rahmaninov\u2019un m\u00fcziklerinin kullan\u0131ld\u0131\u011f\u0131 \u201d\u0130li\u015fkiler\u201d adl\u0131 balenin pr\u00f6miyerini yapacak. MDOB\u2019tan yap\u0131lan yaz\u0131l\u0131 a\u00e7\u0131klamaya g\u00f6re, Mehmet Balkan\u2019\u0131n koreografisini yapt\u0131\u011f\u0131, Lale Balkan\u2019\u0131n sahneye koydu\u011fu tek perdelik eser, 3 Mart Per\u015fembe g\u00fcn\u00fc sahnelenecek. Dekor ve kost\u00fcm tasar\u0131m\u0131 Tayfun \u00c7ebi\u2019ye, \u0131\u015f\u0131k tasar\u0131m\u0131 Tar\u0131 Deniz\u2019e, video tasar\u0131m\u0131 \u015eafak T\u00fcrkel\u2019e ait eserde ba\u015fl\u0131ca rollerde [&hellip;]","thumbnail_url":"http:\/\/epochtimestr.com\/wp-content\/uploads\/2011y\/ili%C5%9Fkiler2.jpg"}

Nesrin Seçer

"İlişkiler" Balesi Mersin Devlet Opera ve Balesi'nde - The Epoch Times TR

<blockquote class="wp-embedded-content" data-secret="ejMfQGBNMP"><a href="https://epochtimestr.com/index.php/30137">&#8220;İlişkiler&#8221; Balesi Mersin Devlet Opera ve Balesi&#8217;nde</a></blockquote><iframe sandbox="allow-scripts" security="restricted" src="https://epochtimestr.com/index.php/30137/embed#?secret=ejMfQGBNMP" width="600" height="338" title="&#8220;&#8220;İlişkiler&#8221; Balesi Mersin Devlet Opera ve Balesi&#8217;nde&#8221; &#8212; The Epoch Times TR" data-secret="ejMfQGBNMP" frameborder="0" marginwidth="0" marginheight="0" scrolling="no" class="wp-embedded-content"></iframe><script type="text/javascript">
/* <![CDATA[ */
/*! This file is auto-generated */
!function(d,l){"use strict";l.querySelector&&d.addEventListener&&"undefined"!=typeof URL&&(d.wp=d.wp||{},d.wp.receiveEmbedMessage||(d.wp.receiveEmbedMessage=function(e){var t=e.data;if((t||t.secret||t.message||t.value)&&!/[^a-zA-Z0-9]/.test(t.secret)){for(var s,r,n,a=l.querySelectorAll('iframe[data-secret="'+t.secret+'"]'),o=l.querySelectorAll('blockquote[data-secret="'+t.secret+'"]'),c=new RegExp("^https?:$","i"),i=0;i<o.length;i++)o[i].style.display="none";for(i=0;i<a.length;i++)s=a[i],e.source===s.contentWindow&&(s.removeAttribute("style"),"height"===t.message?(1e3<(r=parseInt(t.value,10))?r=1e3:~~r<200&&(r=200),s.height=r):"link"===t.message&&(r=new URL(s.getAttribute("src")),n=new URL(t.value),c.test(n.protocol))&&n.host===r.host&&l.activeElement===s&&(d.top.location.href=t.value))}},d.addEventListener("message",d.wp.receiveEmbedMessage,!1),l.addEventListener("DOMContentLoaded",function(){for(var e,t,s=l.querySelectorAll("iframe.wp-embedded-content"),r=0;r<s.length;r++)(t=(e=s[r]).getAttribute("data-secret"))||(t=Math.random().toString(36).substring(2,12),e.src+="#?secret="+t,e.setAttribute("data-secret",t)),e.contentWindow.postMessage({message:"ready",secret:t},"*")},!1)))}(window,document);
/* ]]> */
</script>

Mersin Devlet Opera ve Balesi (MDOB), Çaykovski ve Rahmaninov’un müziklerinin kullanıldığı ”İlişkiler” adlı balenin prömiyerini yapacak. MDOB’tan yapılan yazılı açıklamaya göre, Mehmet Balkan’ın koreografisini yaptığı, Lale Balkan’ın sahneye koyduğu tek perdelik eser, 3 Mart Perşembe günü sahnelenecek. Dekor ve kostüm tasarımı Tayfun Çebi’ye, ışık tasarımı Tarı Deniz’e, video tasarımı Şafak Türkel’e ait eserde başlıca rollerde [&hellip;]
