{"version":"1.0","provider_name":"The Epoch Times TR","provider_url":"https:\/\/epochtimestr.com","author_name":"Dila \u015eeng\u00fcl","author_url":"https:\/\/epochtimestr.com\/index.php\/author\/dila","title":"Afrin Halk\u0131 Mutlulu\u011funu Dile Getirdi - The Epoch Times TR","type":"rich","width":600,"height":338,"html":"<blockquote class=\"wp-embedded-content\" data-secret=\"9LLOc3pGCQ\"><a href=\"https:\/\/epochtimestr.com\/index.php\/afrin-halki-mutlulugunu-dile-getirdi\">Afrin Halk\u0131 Mutlulu\u011funu Dile Getirdi<\/a><\/blockquote><iframe sandbox=\"allow-scripts\" security=\"restricted\" src=\"https:\/\/epochtimestr.com\/index.php\/afrin-halki-mutlulugunu-dile-getirdi\/embed#?secret=9LLOc3pGCQ\" width=\"600\" height=\"338\" title=\"&#8220;Afrin Halk\u0131 Mutlulu\u011funu Dile Getirdi&#8221; &#8212; The Epoch Times TR\" data-secret=\"9LLOc3pGCQ\" frameborder=\"0\" marginwidth=\"0\" marginheight=\"0\" scrolling=\"no\" class=\"wp-embedded-content\"><\/iframe><script type=\"text\/javascript\">\n\/* <![CDATA[ *\/\n\/*! This file is auto-generated *\/\n!function(d,l){\"use strict\";l.querySelector&&d.addEventListener&&\"undefined\"!=typeof URL&&(d.wp=d.wp||{},d.wp.receiveEmbedMessage||(d.wp.receiveEmbedMessage=function(e){var t=e.data;if((t||t.secret||t.message||t.value)&&!\/[^a-zA-Z0-9]\/.test(t.secret)){for(var s,r,n,a=l.querySelectorAll('iframe[data-secret=\"'+t.secret+'\"]'),o=l.querySelectorAll('blockquote[data-secret=\"'+t.secret+'\"]'),c=new RegExp(\"^https?:$\",\"i\"),i=0;i<o.length;i++)o[i].style.display=\"none\";for(i=0;i<a.length;i++)s=a[i],e.source===s.contentWindow&&(s.removeAttribute(\"style\"),\"height\"===t.message?(1e3<(r=parseInt(t.value,10))?r=1e3:~~r<200&&(r=200),s.height=r):\"link\"===t.message&&(r=new URL(s.getAttribute(\"src\")),n=new URL(t.value),c.test(n.protocol))&&n.host===r.host&&l.activeElement===s&&(d.top.location.href=t.value))}},d.addEventListener(\"message\",d.wp.receiveEmbedMessage,!1),l.addEventListener(\"DOMContentLoaded\",function(){for(var e,t,s=l.querySelectorAll(\"iframe.wp-embedded-content\"),r=0;r<s.length;r++)(t=(e=s[r]).getAttribute(\"data-secret\"))||(t=Math.random().toString(36).substring(2,12),e.src+=\"#?secret=\"+t,e.setAttribute(\"data-secret\",t)),e.contentWindow.postMessage({message:\"ready\",secret:t},\"*\")},!1)))}(window,document);\n\/* ]]> *\/\n<\/script>\n","thumbnail_url":"https:\/\/epochtimestr.com\/wp-content\/uploads\/2011y\/tank-11.jpg","thumbnail_width":960,"thumbnail_height":640,"description":"G\u00fcvenlik g\u00fc\u00e7lerini co\u015fkuyla kar\u015f\u0131layan ve dua eden siviller, yer yer kutlamalar\u0131n yap\u0131ld\u0131\u011f\u0131 il\u00e7ede ter\u00f6r\u00fcn g\u00f6lgesinde y\u0131llardan beri ya\u015fad\u0131klar\u0131 s\u0131k\u0131nt\u0131lar\u0131\u00a0dile getirdi.\u00a0\u0130l\u00e7elerinin \u00f6zg\u00fcrle\u015ftirilmesini sa\u011flayan Mehmet\u00e7ik ve \u00d6SO birliklerine minnettarl\u0131klar\u0131n\u0131 s\u00f6yleyen vatanda\u015flar, F\u0131rat Kalkan\u0131 b\u00f6lgesinde sa\u011flanan huzurun kendi topraklar\u0131nda da bir an evvel hayata ge\u00e7irilmesini diliyor. Afrinli 44 ya\u015f\u0131ndaki esnaf Zeynel Abidin Kazan, \u00e7ok sevin\u00e7li olduklar\u0131n\u0131 ifade ederek, [&hellip;]"}

Dila Şengül

Afrin Halkı Mutluluğunu Dile Getirdi - The Epoch Times TR

<blockquote class="wp-embedded-content" data-secret="9LLOc3pGCQ"><a href="https://epochtimestr.com/index.php/afrin-halki-mutlulugunu-dile-getirdi">Afrin Halkı Mutluluğunu Dile Getirdi</a></blockquote><iframe sandbox="allow-scripts" security="restricted" src="https://epochtimestr.com/index.php/afrin-halki-mutlulugunu-dile-getirdi/embed#?secret=9LLOc3pGCQ" width="600" height="338" title="&#8220;Afrin Halkı Mutluluğunu Dile Getirdi&#8221; &#8212; The Epoch Times TR" data-secret="9LLOc3pGCQ" frameborder="0" marginwidth="0" marginheight="0" scrolling="no" class="wp-embedded-content"></iframe><script type="text/javascript">
/* <![CDATA[ */
/*! This file is auto-generated */
!function(d,l){"use strict";l.querySelector&&d.addEventListener&&"undefined"!=typeof URL&&(d.wp=d.wp||{},d.wp.receiveEmbedMessage||(d.wp.receiveEmbedMessage=function(e){var t=e.data;if((t||t.secret||t.message||t.value)&&!/[^a-zA-Z0-9]/.test(t.secret)){for(var s,r,n,a=l.querySelectorAll('iframe[data-secret="'+t.secret+'"]'),o=l.querySelectorAll('blockquote[data-secret="'+t.secret+'"]'),c=new RegExp("^https?:$","i"),i=0;i<o.length;i++)o[i].style.display="none";for(i=0;i<a.length;i++)s=a[i],e.source===s.contentWindow&&(s.removeAttribute("style"),"height"===t.message?(1e3<(r=parseInt(t.value,10))?r=1e3:~~r<200&&(r=200),s.height=r):"link"===t.message&&(r=new URL(s.getAttribute("src")),n=new URL(t.value),c.test(n.protocol))&&n.host===r.host&&l.activeElement===s&&(d.top.location.href=t.value))}},d.addEventListener("message",d.wp.receiveEmbedMessage,!1),l.addEventListener("DOMContentLoaded",function(){for(var e,t,s=l.querySelectorAll("iframe.wp-embedded-content"),r=0;r<s.length;r++)(t=(e=s[r]).getAttribute("data-secret"))||(t=Math.random().toString(36).substring(2,12),e.src+="#?secret="+t,e.setAttribute("data-secret",t)),e.contentWindow.postMessage({message:"ready",secret:t},"*")},!1)))}(window,document);
/* ]]> */
</script>

Güvenlik güçlerini coşkuyla karşılayan ve dua eden siviller, yer yer kutlamaların yapıldığı ilçede terörün gölgesinde yıllardan beri yaşadıkları sıkıntıları dile getirdi. İlçelerinin özgürleştirilmesini sağlayan Mehmetçik ve ÖSO birliklerine minnettarlıklarını söyleyen vatandaşlar, Fırat Kalkanı bölgesinde sağlanan huzurun kendi topraklarında da bir an evvel hayata geçirilmesini diliyor. Afrinli 44 yaşındaki esnaf Zeynel Abidin Kazan, çok sevinçli olduklarını ifade ederek, [&hellip;]
