{"version":"1.0","provider_name":"The Epoch Times TR","provider_url":"https:\/\/epochtimestr.com","author_name":"Demet G.","author_url":"https:\/\/epochtimestr.com\/index.php\/author\/d-gokoglu","title":"A\u011far'\u0131n \u0130nfaz Karar\u0131 Durduruldu - The Epoch Times TR","type":"rich","width":600,"height":338,"html":"<blockquote class=\"wp-embedded-content\" data-secret=\"5iYOzKd0AX\"><a href=\"https:\/\/epochtimestr.com\/index.php\/agarin-infaz-karari-durduruldu\">A\u011far&#8217;\u0131n \u0130nfaz Karar\u0131 Durduruldu<\/a><\/blockquote><iframe sandbox=\"allow-scripts\" security=\"restricted\" src=\"https:\/\/epochtimestr.com\/index.php\/agarin-infaz-karari-durduruldu\/embed#?secret=5iYOzKd0AX\" width=\"600\" height=\"338\" title=\"&#8220;A\u011far&#8217;\u0131n \u0130nfaz Karar\u0131 Durduruldu&#8221; &#8212; The Epoch Times TR\" data-secret=\"5iYOzKd0AX\" frameborder=\"0\" marginwidth=\"0\" marginheight=\"0\" scrolling=\"no\" class=\"wp-embedded-content\"><\/iframe><script type=\"text\/javascript\">\n\/* <![CDATA[ *\/\n\/*! This file is auto-generated *\/\n!function(d,l){\"use strict\";l.querySelector&&d.addEventListener&&\"undefined\"!=typeof URL&&(d.wp=d.wp||{},d.wp.receiveEmbedMessage||(d.wp.receiveEmbedMessage=function(e){var t=e.data;if((t||t.secret||t.message||t.value)&&!\/[^a-zA-Z0-9]\/.test(t.secret)){for(var s,r,n,a=l.querySelectorAll('iframe[data-secret=\"'+t.secret+'\"]'),o=l.querySelectorAll('blockquote[data-secret=\"'+t.secret+'\"]'),c=new RegExp(\"^https?:$\",\"i\"),i=0;i<o.length;i++)o[i].style.display=\"none\";for(i=0;i<a.length;i++)s=a[i],e.source===s.contentWindow&&(s.removeAttribute(\"style\"),\"height\"===t.message?(1e3<(r=parseInt(t.value,10))?r=1e3:~~r<200&&(r=200),s.height=r):\"link\"===t.message&&(r=new URL(s.getAttribute(\"src\")),n=new URL(t.value),c.test(n.protocol))&&n.host===r.host&&l.activeElement===s&&(d.top.location.href=t.value))}},d.addEventListener(\"message\",d.wp.receiveEmbedMessage,!1),l.addEventListener(\"DOMContentLoaded\",function(){for(var e,t,s=l.querySelectorAll(\"iframe.wp-embedded-content\"),r=0;r<s.length;r++)(t=(e=s[r]).getAttribute(\"data-secret\"))||(t=Math.random().toString(36).substring(2,12),e.src+=\"#?secret=\"+t,e.setAttribute(\"data-secret\",t)),e.contentWindow.postMessage({message:\"ready\",secret:t},\"*\")},!1)))}(window,document);\n\/* ]]> *\/\n<\/script>\n","thumbnail_url":"https:\/\/epochtimestr.com\/wp-content\/uploads\/2011y\/yargitay-mehmet-agarin-cezasini-onadi-1470469.jpg","thumbnail_width":590,"thumbnail_height":393,"description":"25 Nisan 2012 tarihinde Susurluk davas\u0131 kapsam\u0131nda 2 y\u0131ll\u0131k cezas\u0131n\u0131 \u00e7ekmek i\u00e7in Ayd\u0131n&#8217;\u0131n Yenipazar \u0130l\u00e7esi&#8217;nde bulunan Kapal\u0131 Ceza \u0130nfaz Kurumu&#8217;na teslim olan \u0130\u00e7i\u015fleri ve Adalet eski Bakan\u0131 Mehmet A\u011far,1 y\u0131l sonra denetimli serbestlik yasas\u0131 ile tahliye olmu\u015ftu. 30 Eyl\u00fcl 1993 tarihinde d\u00f6nemin Alt\u0131nda\u011f N\u00fcfus M\u00fcd\u00fcr\u00fc Abd\u00fclmecit Bask\u0131n&#8217;\u0131n \u00f6ld\u00fcr\u00fclmesiyle ilgili haz\u0131rlanan iddianamenin Ankara 13&#8217;\u00fcnc\u00fc A\u011f\u0131r Ceza [&hellip;]"}

Ağar'ın İnfaz Kararı Durduruldu - The Epoch Times TR

<blockquote class="wp-embedded-content" data-secret="5iYOzKd0AX"><a href="https://epochtimestr.com/index.php/agarin-infaz-karari-durduruldu">Ağar&#8217;ın İnfaz Kararı Durduruldu</a></blockquote><iframe sandbox="allow-scripts" security="restricted" src="https://epochtimestr.com/index.php/agarin-infaz-karari-durduruldu/embed#?secret=5iYOzKd0AX" width="600" height="338" title="&#8220;Ağar&#8217;ın İnfaz Kararı Durduruldu&#8221; &#8212; The Epoch Times TR" data-secret="5iYOzKd0AX" frameborder="0" marginwidth="0" marginheight="0" scrolling="no" class="wp-embedded-content"></iframe><script type="text/javascript">
/* <![CDATA[ */
/*! This file is auto-generated */
!function(d,l){"use strict";l.querySelector&&d.addEventListener&&"undefined"!=typeof URL&&(d.wp=d.wp||{},d.wp.receiveEmbedMessage||(d.wp.receiveEmbedMessage=function(e){var t=e.data;if((t||t.secret||t.message||t.value)&&!/[^a-zA-Z0-9]/.test(t.secret)){for(var s,r,n,a=l.querySelectorAll('iframe[data-secret="'+t.secret+'"]'),o=l.querySelectorAll('blockquote[data-secret="'+t.secret+'"]'),c=new RegExp("^https?:$","i"),i=0;i<o.length;i++)o[i].style.display="none";for(i=0;i<a.length;i++)s=a[i],e.source===s.contentWindow&&(s.removeAttribute("style"),"height"===t.message?(1e3<(r=parseInt(t.value,10))?r=1e3:~~r<200&&(r=200),s.height=r):"link"===t.message&&(r=new URL(s.getAttribute("src")),n=new URL(t.value),c.test(n.protocol))&&n.host===r.host&&l.activeElement===s&&(d.top.location.href=t.value))}},d.addEventListener("message",d.wp.receiveEmbedMessage,!1),l.addEventListener("DOMContentLoaded",function(){for(var e,t,s=l.querySelectorAll("iframe.wp-embedded-content"),r=0;r<s.length;r++)(t=(e=s[r]).getAttribute("data-secret"))||(t=Math.random().toString(36).substring(2,12),e.src+="#?secret="+t,e.setAttribute("data-secret",t)),e.contentWindow.postMessage({message:"ready",secret:t},"*")},!1)))}(window,document);
/* ]]> */
</script>

25 Nisan 2012 tarihinde Susurluk davası kapsamında 2 yıllık cezasını çekmek için Aydın&#8217;ın Yenipazar İlçesi&#8217;nde bulunan Kapalı Ceza İnfaz Kurumu&#8217;na teslim olan İçişleri ve Adalet eski Bakanı Mehmet Ağar,1 yıl sonra denetimli serbestlik yasası ile tahliye olmuştu. 30 Eylül 1993 tarihinde dönemin Altındağ Nüfus Müdürü Abdülmecit Baskın&#8217;ın öldürülmesiyle ilgili hazırlanan iddianamenin Ankara 13&#8217;üncü Ağır Ceza [&hellip;]
