{"version":"1.0","provider_name":"The Epoch Times TR","provider_url":"https:\/\/epochtimestr.com","author_name":"Haber Merkezi","author_url":"https:\/\/epochtimestr.com\/index.php\/author\/sendag","title":"Almanya'da \u0130\u015fsizlik Artt\u0131 - The Epoch Times TR","type":"rich","width":600,"height":338,"html":"<blockquote class=\"wp-embedded-content\" data-secret=\"h7kb8SJClJ\"><a href=\"https:\/\/epochtimestr.com\/index.php\/almanyada-issizlik-artti\">Almanya&#8217;da \u0130\u015fsizlik Artt\u0131<\/a><\/blockquote><iframe sandbox=\"allow-scripts\" security=\"restricted\" src=\"https:\/\/epochtimestr.com\/index.php\/almanyada-issizlik-artti\/embed#?secret=h7kb8SJClJ\" width=\"600\" height=\"338\" title=\"&#8220;Almanya&#8217;da \u0130\u015fsizlik Artt\u0131&#8221; &#8212; The Epoch Times TR\" data-secret=\"h7kb8SJClJ\" frameborder=\"0\" marginwidth=\"0\" marginheight=\"0\" scrolling=\"no\" class=\"wp-embedded-content\"><\/iframe><script type=\"text\/javascript\">\n\/* <![CDATA[ *\/\n\/*! This file is auto-generated *\/\n!function(d,l){\"use strict\";l.querySelector&&d.addEventListener&&\"undefined\"!=typeof URL&&(d.wp=d.wp||{},d.wp.receiveEmbedMessage||(d.wp.receiveEmbedMessage=function(e){var t=e.data;if((t||t.secret||t.message||t.value)&&!\/[^a-zA-Z0-9]\/.test(t.secret)){for(var s,r,n,a=l.querySelectorAll('iframe[data-secret=\"'+t.secret+'\"]'),o=l.querySelectorAll('blockquote[data-secret=\"'+t.secret+'\"]'),c=new RegExp(\"^https?:$\",\"i\"),i=0;i<o.length;i++)o[i].style.display=\"none\";for(i=0;i<a.length;i++)s=a[i],e.source===s.contentWindow&&(s.removeAttribute(\"style\"),\"height\"===t.message?(1e3<(r=parseInt(t.value,10))?r=1e3:~~r<200&&(r=200),s.height=r):\"link\"===t.message&&(r=new URL(s.getAttribute(\"src\")),n=new URL(t.value),c.test(n.protocol))&&n.host===r.host&&l.activeElement===s&&(d.top.location.href=t.value))}},d.addEventListener(\"message\",d.wp.receiveEmbedMessage,!1),l.addEventListener(\"DOMContentLoaded\",function(){for(var e,t,s=l.querySelectorAll(\"iframe.wp-embedded-content\"),r=0;r<s.length;r++)(t=(e=s[r]).getAttribute(\"data-secret\"))||(t=Math.random().toString(36).substring(2,12),e.src+=\"#?secret=\"+t,e.setAttribute(\"data-secret\",t)),e.contentWindow.postMessage({message:\"ready\",secret:t},\"*\")},!1)))}(window,document);\n\/* ]]> *\/\n<\/script>\n","thumbnail_url":"https:\/\/epochtimestr.com\/wp-content\/uploads\/2011y\/Almanya-Bina-i\u015f-ofis-pixabay.jpg","thumbnail_width":640,"thumbnail_height":426,"description":"Almanya&#8217;da mevsimsellikten ar\u0131nd\u0131r\u0131lm\u0131\u015f i\u015fsiz say\u0131s\u0131 \u015fubatta, 7 ay\u0131n ard\u0131ndan ilk kez art\u0131\u015f g\u00f6sterdi. Almanya Federal \u0130\u015f Ajans\u0131 (BA), \u015fubat ay\u0131\u00a0i\u015fsizlik\u00a0verilerini yay\u0131mlad\u0131. Buna g\u00f6re, \u00fclkede mevsimsellikten ar\u0131nd\u0131r\u0131lm\u0131\u015f i\u015fsiz say\u0131s\u0131, \u015fubatta bir \u00f6nceki aya g\u00f6re 9 bin artarak 2 milyon 752 bine y\u00fckselirken, y\u00fczde 6\u2019l\u0131k i\u015fsizlik oran\u0131 de\u011fi\u015fmedi. B\u00f6ylece i\u015fsiz say\u0131s\u0131 Haziran 2020 d\u00f6neminden bu yana ilk [&hellip;]"}

Almanya'da İşsizlik Arttı - The Epoch Times TR

<blockquote class="wp-embedded-content" data-secret="h7kb8SJClJ"><a href="https://epochtimestr.com/index.php/almanyada-issizlik-artti">Almanya&#8217;da İşsizlik Arttı</a></blockquote><iframe sandbox="allow-scripts" security="restricted" src="https://epochtimestr.com/index.php/almanyada-issizlik-artti/embed#?secret=h7kb8SJClJ" width="600" height="338" title="&#8220;Almanya&#8217;da İşsizlik Arttı&#8221; &#8212; The Epoch Times TR" data-secret="h7kb8SJClJ" frameborder="0" marginwidth="0" marginheight="0" scrolling="no" class="wp-embedded-content"></iframe><script type="text/javascript">
/* <![CDATA[ */
/*! This file is auto-generated */
!function(d,l){"use strict";l.querySelector&&d.addEventListener&&"undefined"!=typeof URL&&(d.wp=d.wp||{},d.wp.receiveEmbedMessage||(d.wp.receiveEmbedMessage=function(e){var t=e.data;if((t||t.secret||t.message||t.value)&&!/[^a-zA-Z0-9]/.test(t.secret)){for(var s,r,n,a=l.querySelectorAll('iframe[data-secret="'+t.secret+'"]'),o=l.querySelectorAll('blockquote[data-secret="'+t.secret+'"]'),c=new RegExp("^https?:$","i"),i=0;i<o.length;i++)o[i].style.display="none";for(i=0;i<a.length;i++)s=a[i],e.source===s.contentWindow&&(s.removeAttribute("style"),"height"===t.message?(1e3<(r=parseInt(t.value,10))?r=1e3:~~r<200&&(r=200),s.height=r):"link"===t.message&&(r=new URL(s.getAttribute("src")),n=new URL(t.value),c.test(n.protocol))&&n.host===r.host&&l.activeElement===s&&(d.top.location.href=t.value))}},d.addEventListener("message",d.wp.receiveEmbedMessage,!1),l.addEventListener("DOMContentLoaded",function(){for(var e,t,s=l.querySelectorAll("iframe.wp-embedded-content"),r=0;r<s.length;r++)(t=(e=s[r]).getAttribute("data-secret"))||(t=Math.random().toString(36).substring(2,12),e.src+="#?secret="+t,e.setAttribute("data-secret",t)),e.contentWindow.postMessage({message:"ready",secret:t},"*")},!1)))}(window,document);
/* ]]> */
</script>

https://epochtimestr.com/wp-content/uploads/2011y/Almanya-Bina-iş-ofis-pixabay.jpg

Almanya&#8217;da mevsimsellikten arındırılmış işsiz sayısı şubatta, 7 ayın ardından ilk kez artış gösterdi. Almanya Federal İş Ajansı (BA), şubat ayı işsizlik verilerini yayımladı. Buna göre, ülkede mevsimsellikten arındırılmış işsiz sayısı, şubatta bir önceki aya göre 9 bin artarak 2 milyon 752 bine yükselirken, yüzde 6’lık işsizlik oranı değişmedi. Böylece işsiz sayısı Haziran 2020 döneminden bu yana ilk [&hellip;]
