{"version":"1.0","provider_name":"The Epoch Times TR","provider_url":"https:\/\/epochtimestr.com","author_name":"D.Alk\u0131n","author_url":"https:\/\/epochtimestr.com\/index.php\/author\/derya","title":"Alt\u0131n Koza Film Festivali?nin ertelenmesi tart\u0131\u015fmalara neden oldu  - The Epoch Times TR","type":"rich","width":600,"height":338,"html":"<blockquote class=\"wp-embedded-content\" data-secret=\"rz2g2s9L64\"><a href=\"https:\/\/epochtimestr.com\/index.php\/altin-koza-film-festivalinin-ertelenmesi-tartismalara-neden-oldu\">Alt\u0131n Koza Film Festivali?nin ertelenmesi tart\u0131\u015fmalara neden oldu<\/a><\/blockquote><iframe sandbox=\"allow-scripts\" security=\"restricted\" src=\"https:\/\/epochtimestr.com\/index.php\/altin-koza-film-festivalinin-ertelenmesi-tartismalara-neden-oldu\/embed#?secret=rz2g2s9L64\" width=\"600\" height=\"338\" title=\"&#8220;Alt\u0131n Koza Film Festivali?nin ertelenmesi tart\u0131\u015fmalara neden oldu&#8221; &#8212; The Epoch Times TR\" data-secret=\"rz2g2s9L64\" frameborder=\"0\" marginwidth=\"0\" marginheight=\"0\" scrolling=\"no\" class=\"wp-embedded-content\"><\/iframe><script type=\"text\/javascript\">\n\/* <![CDATA[ *\/\n\/*! This file is auto-generated *\/\n!function(d,l){\"use strict\";l.querySelector&&d.addEventListener&&\"undefined\"!=typeof URL&&(d.wp=d.wp||{},d.wp.receiveEmbedMessage||(d.wp.receiveEmbedMessage=function(e){var t=e.data;if((t||t.secret||t.message||t.value)&&!\/[^a-zA-Z0-9]\/.test(t.secret)){for(var s,r,n,a=l.querySelectorAll('iframe[data-secret=\"'+t.secret+'\"]'),o=l.querySelectorAll('blockquote[data-secret=\"'+t.secret+'\"]'),c=new RegExp(\"^https?:$\",\"i\"),i=0;i<o.length;i++)o[i].style.display=\"none\";for(i=0;i<a.length;i++)s=a[i],e.source===s.contentWindow&&(s.removeAttribute(\"style\"),\"height\"===t.message?(1e3<(r=parseInt(t.value,10))?r=1e3:~~r<200&&(r=200),s.height=r):\"link\"===t.message&&(r=new URL(s.getAttribute(\"src\")),n=new URL(t.value),c.test(n.protocol))&&n.host===r.host&&l.activeElement===s&&(d.top.location.href=t.value))}},d.addEventListener(\"message\",d.wp.receiveEmbedMessage,!1),l.addEventListener(\"DOMContentLoaded\",function(){for(var e,t,s=l.querySelectorAll(\"iframe.wp-embedded-content\"),r=0;r<s.length;r++)(t=(e=s[r]).getAttribute(\"data-secret\"))||(t=Math.random().toString(36).substring(2,12),e.src+=\"#?secret=\"+t,e.setAttribute(\"data-secret\",t)),e.contentWindow.postMessage({message:\"ready\",secret:t},\"*\")},!1)))}(window,document);\n\/* ]]> *\/\n<\/script>\n","description":"ADANA&#8211;Adana B\u00fcy\u00fck\u015fehir Belediye Ba\u015fkan Vekili Zihni Ald\u0131rmaz, 17. Uluslararas\u0131 Alt\u0131n Koza Film Festivali&#8217;nin Gazze&#8217;ye giden yard\u0131m gemilerine ve \u0130skenderun&#8217;da askeri birli\u011fe yap\u0131lan sald\u0131r\u0131lar nedeniyle ertelendi\u011fini belirtirken, Sinema Yazarlar\u0131 Derne\u011fi ad\u0131na a\u00e7\u0131klama yapan Oktay Bugay, al\u0131nan karara tepki g\u00f6sterdi.&#8217;Erteleme&#8217; a\u00e7\u0131klamas\u0131n\u0131n son derece belirsiz oldu\u011funu ileri s\u00fcren Bugay, ortaya \u00e7\u0131kan zarar\u0131n nas\u0131l kar\u015f\u0131lanaca\u011f\u0131n\u0131 sordu. S\u0130YAD&#8217;\u0131n bu ifadelerine [&hellip;]","thumbnail_url":"http:\/\/www.epochtimestr.com\/wp-content\/uploads\/2010\/mart\/1445998_p-150x150.jpg"}

D.Alkın

Altın Koza Film Festivali?nin ertelenmesi tartışmalara neden oldu  - The Epoch Times TR

<blockquote class="wp-embedded-content" data-secret="rz2g2s9L64"><a href="https://epochtimestr.com/index.php/altin-koza-film-festivalinin-ertelenmesi-tartismalara-neden-oldu">Altın Koza Film Festivali?nin ertelenmesi tartışmalara neden oldu</a></blockquote><iframe sandbox="allow-scripts" security="restricted" src="https://epochtimestr.com/index.php/altin-koza-film-festivalinin-ertelenmesi-tartismalara-neden-oldu/embed#?secret=rz2g2s9L64" width="600" height="338" title="&#8220;Altın Koza Film Festivali?nin ertelenmesi tartışmalara neden oldu&#8221; &#8212; The Epoch Times TR" data-secret="rz2g2s9L64" frameborder="0" marginwidth="0" marginheight="0" scrolling="no" class="wp-embedded-content"></iframe><script type="text/javascript">
/* <![CDATA[ */
/*! This file is auto-generated */
!function(d,l){"use strict";l.querySelector&&d.addEventListener&&"undefined"!=typeof URL&&(d.wp=d.wp||{},d.wp.receiveEmbedMessage||(d.wp.receiveEmbedMessage=function(e){var t=e.data;if((t||t.secret||t.message||t.value)&&!/[^a-zA-Z0-9]/.test(t.secret)){for(var s,r,n,a=l.querySelectorAll('iframe[data-secret="'+t.secret+'"]'),o=l.querySelectorAll('blockquote[data-secret="'+t.secret+'"]'),c=new RegExp("^https?:$","i"),i=0;i<o.length;i++)o[i].style.display="none";for(i=0;i<a.length;i++)s=a[i],e.source===s.contentWindow&&(s.removeAttribute("style"),"height"===t.message?(1e3<(r=parseInt(t.value,10))?r=1e3:~~r<200&&(r=200),s.height=r):"link"===t.message&&(r=new URL(s.getAttribute("src")),n=new URL(t.value),c.test(n.protocol))&&n.host===r.host&&l.activeElement===s&&(d.top.location.href=t.value))}},d.addEventListener("message",d.wp.receiveEmbedMessage,!1),l.addEventListener("DOMContentLoaded",function(){for(var e,t,s=l.querySelectorAll("iframe.wp-embedded-content"),r=0;r<s.length;r++)(t=(e=s[r]).getAttribute("data-secret"))||(t=Math.random().toString(36).substring(2,12),e.src+="#?secret="+t,e.setAttribute("data-secret",t)),e.contentWindow.postMessage({message:"ready",secret:t},"*")},!1)))}(window,document);
/* ]]> */
</script>

ADANA&#8211;Adana Büyükşehir Belediye Başkan Vekili Zihni Aldırmaz, 17. Uluslararası Altın Koza Film Festivali&#8217;nin Gazze&#8217;ye giden yardım gemilerine ve İskenderun&#8217;da askeri birliğe yapılan saldırılar nedeniyle ertelendiğini belirtirken, Sinema Yazarları Derneği adına açıklama yapan Oktay Bugay, alınan karara tepki gösterdi.&#8217;Erteleme&#8217; açıklamasının son derece belirsiz olduğunu ileri süren Bugay, ortaya çıkan zararın nasıl karşılanacağını sordu. SİYAD&#8217;ın bu ifadelerine [&hellip;]
