{"version":"1.0","provider_name":"The Epoch Times TR","provider_url":"https:\/\/epochtimestr.com","author_name":"Nesrin Se\u00e7er","author_url":"https:\/\/epochtimestr.com\/index.php\/author\/nesrin","title":"Ayval\u0131k'ta Geleneksel 8. Zeytin Hasat \u015eenlikleri Ba\u015flad\u0131 - The Epoch Times TR","type":"rich","width":600,"height":338,"html":"<blockquote class=\"wp-embedded-content\" data-secret=\"ezyZC0MlD8\"><a href=\"https:\/\/epochtimestr.com\/index.php\/ayvalikta-geleneksel-8-zeytin-hasat-senlikleri-basladi\">Ayval\u0131k&#8217;ta Geleneksel 8. Zeytin Hasat \u015eenlikleri Ba\u015flad\u0131<\/a><\/blockquote><iframe sandbox=\"allow-scripts\" security=\"restricted\" src=\"https:\/\/epochtimestr.com\/index.php\/ayvalikta-geleneksel-8-zeytin-hasat-senlikleri-basladi\/embed#?secret=ezyZC0MlD8\" width=\"600\" height=\"338\" title=\"&#8220;Ayval\u0131k&#8217;ta Geleneksel 8. Zeytin Hasat \u015eenlikleri Ba\u015flad\u0131&#8221; &#8212; The Epoch Times TR\" data-secret=\"ezyZC0MlD8\" frameborder=\"0\" marginwidth=\"0\" marginheight=\"0\" scrolling=\"no\" class=\"wp-embedded-content\"><\/iframe><script type=\"text\/javascript\">\n\/* <![CDATA[ *\/\n\/*! This file is auto-generated *\/\n!function(d,l){\"use strict\";l.querySelector&&d.addEventListener&&\"undefined\"!=typeof URL&&(d.wp=d.wp||{},d.wp.receiveEmbedMessage||(d.wp.receiveEmbedMessage=function(e){var t=e.data;if((t||t.secret||t.message||t.value)&&!\/[^a-zA-Z0-9]\/.test(t.secret)){for(var s,r,n,a=l.querySelectorAll('iframe[data-secret=\"'+t.secret+'\"]'),o=l.querySelectorAll('blockquote[data-secret=\"'+t.secret+'\"]'),c=new RegExp(\"^https?:$\",\"i\"),i=0;i<o.length;i++)o[i].style.display=\"none\";for(i=0;i<a.length;i++)s=a[i],e.source===s.contentWindow&&(s.removeAttribute(\"style\"),\"height\"===t.message?(1e3<(r=parseInt(t.value,10))?r=1e3:~~r<200&&(r=200),s.height=r):\"link\"===t.message&&(r=new URL(s.getAttribute(\"src\")),n=new URL(t.value),c.test(n.protocol))&&n.host===r.host&&l.activeElement===s&&(d.top.location.href=t.value))}},d.addEventListener(\"message\",d.wp.receiveEmbedMessage,!1),l.addEventListener(\"DOMContentLoaded\",function(){for(var e,t,s=l.querySelectorAll(\"iframe.wp-embedded-content\"),r=0;r<s.length;r++)(t=(e=s[r]).getAttribute(\"data-secret\"))||(t=Math.random().toString(36).substring(2,12),e.src+=\"#?secret=\"+t,e.setAttribute(\"data-secret\",t)),e.contentWindow.postMessage({message:\"ready\",secret:t},\"*\")},!1)))}(window,document);\n\/* ]]> *\/\n<\/script>\n","thumbnail_url":"https:\/\/epochtimestr.com\/wp-content\/uploads\/2011y\/20121019AW000858_01.jpg","thumbnail_width":493,"thumbnail_height":370,"description":"Bal\u0131kesir\u2019in Ayval\u0131k il\u00e7esinde, Ayval\u0131k Belediyesi ile Ayval\u0131k Ticaret Odas\u0131 taraf\u0131ndan ortakla\u015fa olarak bu y\u0131l 8. si d\u00fczenlenen geleneksel Zeytin Hasat \u015eenlikleri, Zeytin Pazar\u0131\u2019n\u0131n a\u00e7\u0131l\u0131\u015f\u0131yla ba\u015flad\u0131.\u00a0 Ayval\u0131k il\u00e7e merkezinde bulunan Cumhuriyet Meydan\u0131nda zeytin ve zeytinya\u011f\u0131 sekt\u00f6r\u00fcnde faaliyet g\u00f6steren firmalar\u0131n erken hasat zeytinya\u011flar\u0131n\u0131n da te\u015fhir edildi\u011fi stantlar\u0131n\u0131n yer ald\u0131\u011f\u0131 pazar\u0131n a\u00e7\u0131l\u0131\u015f\u0131na ilgi b\u00fcy\u00fck oldu. \u00a0 Zeytin Pazar\u0131\u2019n\u0131n [&hellip;]"}

Nesrin Seçer

Ayvalık'ta Geleneksel 8. Zeytin Hasat Şenlikleri Başladı - The Epoch Times TR

<blockquote class="wp-embedded-content" data-secret="ezyZC0MlD8"><a href="https://epochtimestr.com/index.php/ayvalikta-geleneksel-8-zeytin-hasat-senlikleri-basladi">Ayvalık&#8217;ta Geleneksel 8. Zeytin Hasat Şenlikleri Başladı</a></blockquote><iframe sandbox="allow-scripts" security="restricted" src="https://epochtimestr.com/index.php/ayvalikta-geleneksel-8-zeytin-hasat-senlikleri-basladi/embed#?secret=ezyZC0MlD8" width="600" height="338" title="&#8220;Ayvalık&#8217;ta Geleneksel 8. Zeytin Hasat Şenlikleri Başladı&#8221; &#8212; The Epoch Times TR" data-secret="ezyZC0MlD8" frameborder="0" marginwidth="0" marginheight="0" scrolling="no" class="wp-embedded-content"></iframe><script type="text/javascript">
/* <![CDATA[ */
/*! This file is auto-generated */
!function(d,l){"use strict";l.querySelector&&d.addEventListener&&"undefined"!=typeof URL&&(d.wp=d.wp||{},d.wp.receiveEmbedMessage||(d.wp.receiveEmbedMessage=function(e){var t=e.data;if((t||t.secret||t.message||t.value)&&!/[^a-zA-Z0-9]/.test(t.secret)){for(var s,r,n,a=l.querySelectorAll('iframe[data-secret="'+t.secret+'"]'),o=l.querySelectorAll('blockquote[data-secret="'+t.secret+'"]'),c=new RegExp("^https?:$","i"),i=0;i<o.length;i++)o[i].style.display="none";for(i=0;i<a.length;i++)s=a[i],e.source===s.contentWindow&&(s.removeAttribute("style"),"height"===t.message?(1e3<(r=parseInt(t.value,10))?r=1e3:~~r<200&&(r=200),s.height=r):"link"===t.message&&(r=new URL(s.getAttribute("src")),n=new URL(t.value),c.test(n.protocol))&&n.host===r.host&&l.activeElement===s&&(d.top.location.href=t.value))}},d.addEventListener("message",d.wp.receiveEmbedMessage,!1),l.addEventListener("DOMContentLoaded",function(){for(var e,t,s=l.querySelectorAll("iframe.wp-embedded-content"),r=0;r<s.length;r++)(t=(e=s[r]).getAttribute("data-secret"))||(t=Math.random().toString(36).substring(2,12),e.src+="#?secret="+t,e.setAttribute("data-secret",t)),e.contentWindow.postMessage({message:"ready",secret:t},"*")},!1)))}(window,document);
/* ]]> */
</script>

Balıkesir’in Ayvalık ilçesinde, Ayvalık Belediyesi ile Ayvalık Ticaret Odası tarafından ortaklaşa olarak bu yıl 8. si düzenlenen geleneksel Zeytin Hasat Şenlikleri, Zeytin Pazarı’nın açılışıyla başladı.  Ayvalık ilçe merkezinde bulunan Cumhuriyet Meydanında zeytin ve zeytinyağı sektöründe faaliyet gösteren firmaların erken hasat zeytinyağlarının da teşhir edildiği stantlarının yer aldığı pazarın açılışına ilgi büyük oldu.   Zeytin Pazarı’nın [&hellip;]
