{"version":"1.0","provider_name":"The Epoch Times TR","provider_url":"https:\/\/epochtimestr.com","author_name":"Haber Merkezi","author_url":"https:\/\/epochtimestr.com\/index.php\/author\/sendag","title":"Bak\u0131rhan: Say\u0131n Bah\u00e7eli'ye de Say\u0131n Erdo\u011fan'a da Haks\u0131zl\u0131k - The Epoch Times TR","type":"rich","width":600,"height":338,"html":"<blockquote class=\"wp-embedded-content\" data-secret=\"omUFBEQCEQ\"><a href=\"https:\/\/epochtimestr.com\/index.php\/bakirhan-sayin-bahceliye-de-sayin-erdogana-da-haksizlik\">Bak\u0131rhan: Say\u0131n Bah\u00e7eli&#8217;ye de Say\u0131n Erdo\u011fan&#8217;a da Haks\u0131zl\u0131k<\/a><\/blockquote><iframe sandbox=\"allow-scripts\" security=\"restricted\" src=\"https:\/\/epochtimestr.com\/index.php\/bakirhan-sayin-bahceliye-de-sayin-erdogana-da-haksizlik\/embed#?secret=omUFBEQCEQ\" width=\"600\" height=\"338\" title=\"&#8220;Bak\u0131rhan: Say\u0131n Bah\u00e7eli&#8217;ye de Say\u0131n Erdo\u011fan&#8217;a da Haks\u0131zl\u0131k&#8221; &#8212; The Epoch Times TR\" data-secret=\"omUFBEQCEQ\" frameborder=\"0\" marginwidth=\"0\" marginheight=\"0\" scrolling=\"no\" class=\"wp-embedded-content\"><\/iframe><script type=\"text\/javascript\">\n\/* <![CDATA[ *\/\n\/*! This file is auto-generated *\/\n!function(d,l){\"use strict\";l.querySelector&&d.addEventListener&&\"undefined\"!=typeof URL&&(d.wp=d.wp||{},d.wp.receiveEmbedMessage||(d.wp.receiveEmbedMessage=function(e){var t=e.data;if((t||t.secret||t.message||t.value)&&!\/[^a-zA-Z0-9]\/.test(t.secret)){for(var s,r,n,a=l.querySelectorAll('iframe[data-secret=\"'+t.secret+'\"]'),o=l.querySelectorAll('blockquote[data-secret=\"'+t.secret+'\"]'),c=new RegExp(\"^https?:$\",\"i\"),i=0;i<o.length;i++)o[i].style.display=\"none\";for(i=0;i<a.length;i++)s=a[i],e.source===s.contentWindow&&(s.removeAttribute(\"style\"),\"height\"===t.message?(1e3<(r=parseInt(t.value,10))?r=1e3:~~r<200&&(r=200),s.height=r):\"link\"===t.message&&(r=new URL(s.getAttribute(\"src\")),n=new URL(t.value),c.test(n.protocol))&&n.host===r.host&&l.activeElement===s&&(d.top.location.href=t.value))}},d.addEventListener(\"message\",d.wp.receiveEmbedMessage,!1),l.addEventListener(\"DOMContentLoaded\",function(){for(var e,t,s=l.querySelectorAll(\"iframe.wp-embedded-content\"),r=0;r<s.length;r++)(t=(e=s[r]).getAttribute(\"data-secret\"))||(t=Math.random().toString(36).substring(2,12),e.src+=\"#?secret=\"+t,e.setAttribute(\"data-secret\",t)),e.contentWindow.postMessage({message:\"ready\",secret:t},\"*\")},!1)))}(window,document);\n\/* ]]> *\/\n<\/script>\n","thumbnail_url":"https:\/\/epochtimestr.com\/wp-content\/uploads\/2011y\/dem-parti-3.webp","thumbnail_width":1280,"thumbnail_height":720,"description":"DEM Parti E\u015f Genel Ba\u015fkan\u0131 Tuncer Bak\u0131rhan, \"Ter\u00f6rs\u00fcz T\u00fcrkiye\" ad\u0131 alt\u0131nda ba\u015flat\u0131lan s\u00fcre\u00e7te gelinen noktaya ili\u015fkin de\u011ferlendirmeler yapt\u0131."}

Bakırhan: Sayın Bahçeli'ye de Sayın Erdoğan'a da Haksızlık - The Epoch Times TR

<blockquote class="wp-embedded-content" data-secret="omUFBEQCEQ"><a href="https://epochtimestr.com/index.php/bakirhan-sayin-bahceliye-de-sayin-erdogana-da-haksizlik">Bakırhan: Sayın Bahçeli&#8217;ye de Sayın Erdoğan&#8217;a da Haksızlık</a></blockquote><iframe sandbox="allow-scripts" security="restricted" src="https://epochtimestr.com/index.php/bakirhan-sayin-bahceliye-de-sayin-erdogana-da-haksizlik/embed#?secret=omUFBEQCEQ" width="600" height="338" title="&#8220;Bakırhan: Sayın Bahçeli&#8217;ye de Sayın Erdoğan&#8217;a da Haksızlık&#8221; &#8212; The Epoch Times TR" data-secret="omUFBEQCEQ" frameborder="0" marginwidth="0" marginheight="0" scrolling="no" class="wp-embedded-content"></iframe><script type="text/javascript">
/* <![CDATA[ */
/*! This file is auto-generated */
!function(d,l){"use strict";l.querySelector&&d.addEventListener&&"undefined"!=typeof URL&&(d.wp=d.wp||{},d.wp.receiveEmbedMessage||(d.wp.receiveEmbedMessage=function(e){var t=e.data;if((t||t.secret||t.message||t.value)&&!/[^a-zA-Z0-9]/.test(t.secret)){for(var s,r,n,a=l.querySelectorAll('iframe[data-secret="'+t.secret+'"]'),o=l.querySelectorAll('blockquote[data-secret="'+t.secret+'"]'),c=new RegExp("^https?:$","i"),i=0;i<o.length;i++)o[i].style.display="none";for(i=0;i<a.length;i++)s=a[i],e.source===s.contentWindow&&(s.removeAttribute("style"),"height"===t.message?(1e3<(r=parseInt(t.value,10))?r=1e3:~~r<200&&(r=200),s.height=r):"link"===t.message&&(r=new URL(s.getAttribute("src")),n=new URL(t.value),c.test(n.protocol))&&n.host===r.host&&l.activeElement===s&&(d.top.location.href=t.value))}},d.addEventListener("message",d.wp.receiveEmbedMessage,!1),l.addEventListener("DOMContentLoaded",function(){for(var e,t,s=l.querySelectorAll("iframe.wp-embedded-content"),r=0;r<s.length;r++)(t=(e=s[r]).getAttribute("data-secret"))||(t=Math.random().toString(36).substring(2,12),e.src+="#?secret="+t,e.setAttribute("data-secret",t)),e.contentWindow.postMessage({message:"ready",secret:t},"*")},!1)))}(window,document);
/* ]]> */
</script>

DEM Parti Eş Genel Başkanı Tuncer Bakırhan, "Terörsüz Türkiye" adı altında başlatılan süreçte gelinen noktaya ilişkin değerlendirmeler yaptı.
