{"version":"1.0","provider_name":"The Epoch Times TR","provider_url":"https:\/\/epochtimestr.com","author_name":"Seda F.","author_url":"https:\/\/epochtimestr.com\/index.php\/author\/seda-f","title":"Beyaz Saray: 'Trump, Kuzey Kore \u0130le G\u00f6r\u00fc\u015fmelere A\u00e7\u0131k' - The Epoch Times TR","type":"rich","width":600,"height":338,"html":"<blockquote class=\"wp-embedded-content\" data-secret=\"jVzH2vmEgx\"><a href=\"https:\/\/epochtimestr.com\/index.php\/beyaz-saray-trump-kuzey-kore-ile-gorusmelere-acik\">Beyaz Saray: &#8216;Trump, Kuzey Kore \u0130le G\u00f6r\u00fc\u015fmelere A\u00e7\u0131k&#8217;<\/a><\/blockquote><iframe sandbox=\"allow-scripts\" security=\"restricted\" src=\"https:\/\/epochtimestr.com\/index.php\/beyaz-saray-trump-kuzey-kore-ile-gorusmelere-acik\/embed#?secret=jVzH2vmEgx\" width=\"600\" height=\"338\" title=\"&#8220;Beyaz Saray: &#8216;Trump, Kuzey Kore \u0130le G\u00f6r\u00fc\u015fmelere A\u00e7\u0131k&#8217;&#8221; &#8212; The Epoch Times TR\" data-secret=\"jVzH2vmEgx\" frameborder=\"0\" marginwidth=\"0\" marginheight=\"0\" scrolling=\"no\" class=\"wp-embedded-content\"><\/iframe><script type=\"text\/javascript\">\n\/* <![CDATA[ *\/\n\/*! This file is auto-generated *\/\n!function(d,l){\"use strict\";l.querySelector&&d.addEventListener&&\"undefined\"!=typeof URL&&(d.wp=d.wp||{},d.wp.receiveEmbedMessage||(d.wp.receiveEmbedMessage=function(e){var t=e.data;if((t||t.secret||t.message||t.value)&&!\/[^a-zA-Z0-9]\/.test(t.secret)){for(var s,r,n,a=l.querySelectorAll('iframe[data-secret=\"'+t.secret+'\"]'),o=l.querySelectorAll('blockquote[data-secret=\"'+t.secret+'\"]'),c=new RegExp(\"^https?:$\",\"i\"),i=0;i<o.length;i++)o[i].style.display=\"none\";for(i=0;i<a.length;i++)s=a[i],e.source===s.contentWindow&&(s.removeAttribute(\"style\"),\"height\"===t.message?(1e3<(r=parseInt(t.value,10))?r=1e3:~~r<200&&(r=200),s.height=r):\"link\"===t.message&&(r=new URL(s.getAttribute(\"src\")),n=new URL(t.value),c.test(n.protocol))&&n.host===r.host&&l.activeElement===s&&(d.top.location.href=t.value))}},d.addEventListener(\"message\",d.wp.receiveEmbedMessage,!1),l.addEventListener(\"DOMContentLoaded\",function(){for(var e,t,s=l.querySelectorAll(\"iframe.wp-embedded-content\"),r=0;r<s.length;r++)(t=(e=s[r]).getAttribute(\"data-secret\"))||(t=Math.random().toString(36).substring(2,12),e.src+=\"#?secret=\"+t,e.setAttribute(\"data-secret\",t)),e.contentWindow.postMessage({message:\"ready\",secret:t},\"*\")},!1)))}(window,document);\n\/* ]]> *\/\n<\/script>\n","thumbnail_url":"https:\/\/epochtimestr.com\/wp-content\/uploads\/2011y\/avrupa-basinindan-trump-mansetleri-2502164.jpeg","thumbnail_width":598,"thumbnail_height":362,"description":"Kuzey Kore ve G\u00fcney Kore aras\u0131ndaki olumlu geli\u015fmelerin ard\u0131ndan ABD Ba\u015fkan\u0131 Donald Trump\u2019dan da bir ad\u0131m geldi. Beyaz Saray\u2019dan yap\u0131lan a\u00e7\u0131klamada Trump\u2019\u0131n G\u00fcney Kore lideri Moon Jae-in ile yapt\u0131\u011f\u0131 telefon g\u00f6r\u00fc\u015fmesinde, uygun zaman ve do\u011fru ko\u015fullar alt\u0131nda Kuzey Kore ile g\u00f6r\u00fc\u015fmelere a\u00e7\u0131k oldu\u011funu s\u00f6yledi\u011fi belirtildi. G\u00fcney Kore Lideri Moon\u2019un ABD Ba\u015fkan\u0131 Trump ile Sal\u0131 g\u00fcn\u00fc [&hellip;]"}

Beyaz Saray: 'Trump, Kuzey Kore İle Görüşmelere Açık' - The Epoch Times TR

<blockquote class="wp-embedded-content" data-secret="jVzH2vmEgx"><a href="https://epochtimestr.com/index.php/beyaz-saray-trump-kuzey-kore-ile-gorusmelere-acik">Beyaz Saray: &#8216;Trump, Kuzey Kore İle Görüşmelere Açık&#8217;</a></blockquote><iframe sandbox="allow-scripts" security="restricted" src="https://epochtimestr.com/index.php/beyaz-saray-trump-kuzey-kore-ile-gorusmelere-acik/embed#?secret=jVzH2vmEgx" width="600" height="338" title="&#8220;Beyaz Saray: &#8216;Trump, Kuzey Kore İle Görüşmelere Açık&#8217;&#8221; &#8212; The Epoch Times TR" data-secret="jVzH2vmEgx" frameborder="0" marginwidth="0" marginheight="0" scrolling="no" class="wp-embedded-content"></iframe><script type="text/javascript">
/* <![CDATA[ */
/*! This file is auto-generated */
!function(d,l){"use strict";l.querySelector&&d.addEventListener&&"undefined"!=typeof URL&&(d.wp=d.wp||{},d.wp.receiveEmbedMessage||(d.wp.receiveEmbedMessage=function(e){var t=e.data;if((t||t.secret||t.message||t.value)&&!/[^a-zA-Z0-9]/.test(t.secret)){for(var s,r,n,a=l.querySelectorAll('iframe[data-secret="'+t.secret+'"]'),o=l.querySelectorAll('blockquote[data-secret="'+t.secret+'"]'),c=new RegExp("^https?:$","i"),i=0;i<o.length;i++)o[i].style.display="none";for(i=0;i<a.length;i++)s=a[i],e.source===s.contentWindow&&(s.removeAttribute("style"),"height"===t.message?(1e3<(r=parseInt(t.value,10))?r=1e3:~~r<200&&(r=200),s.height=r):"link"===t.message&&(r=new URL(s.getAttribute("src")),n=new URL(t.value),c.test(n.protocol))&&n.host===r.host&&l.activeElement===s&&(d.top.location.href=t.value))}},d.addEventListener("message",d.wp.receiveEmbedMessage,!1),l.addEventListener("DOMContentLoaded",function(){for(var e,t,s=l.querySelectorAll("iframe.wp-embedded-content"),r=0;r<s.length;r++)(t=(e=s[r]).getAttribute("data-secret"))||(t=Math.random().toString(36).substring(2,12),e.src+="#?secret="+t,e.setAttribute("data-secret",t)),e.contentWindow.postMessage({message:"ready",secret:t},"*")},!1)))}(window,document);
/* ]]> */
</script>

Kuzey Kore ve Güney Kore arasındaki olumlu gelişmelerin ardından ABD Başkanı Donald Trump’dan da bir adım geldi. Beyaz Saray’dan yapılan açıklamada Trump’ın Güney Kore lideri Moon Jae-in ile yaptığı telefon görüşmesinde, uygun zaman ve doğru koşullar altında Kuzey Kore ile görüşmelere açık olduğunu söylediği belirtildi. Güney Kore Lideri Moon’un ABD Başkanı Trump ile Salı günü [&hellip;]
