{"version":"1.0","provider_name":"The Epoch Times TR","provider_url":"https:\/\/epochtimestr.com","author_name":"D.Alk\u0131n","author_url":"https:\/\/epochtimestr.com\/index.php\/author\/derya","title":"\"Bo\u015fnaklar \u0130kinci Defa \u00dclkelerinden Kovulma Tehlikesi Alt\u0131nda\" - The Epoch Times TR","type":"rich","width":600,"height":338,"html":"<blockquote class=\"wp-embedded-content\" data-secret=\"BvXklYtqT4\"><a href=\"https:\/\/epochtimestr.com\/index.php\/bosnaklar-ikinci-defa-ulkelerinden-kovulma-tehlikesi-altinda\">&#8220;Bo\u015fnaklar \u0130kinci Defa \u00dclkelerinden Kovulma Tehlikesi Alt\u0131nda&#8221;<\/a><\/blockquote><iframe sandbox=\"allow-scripts\" security=\"restricted\" src=\"https:\/\/epochtimestr.com\/index.php\/bosnaklar-ikinci-defa-ulkelerinden-kovulma-tehlikesi-altinda\/embed#?secret=BvXklYtqT4\" width=\"600\" height=\"338\" title=\"&#8220;&#8220;Bo\u015fnaklar \u0130kinci Defa \u00dclkelerinden Kovulma Tehlikesi Alt\u0131nda&#8221;&#8221; &#8212; The Epoch Times TR\" data-secret=\"BvXklYtqT4\" frameborder=\"0\" marginwidth=\"0\" marginheight=\"0\" scrolling=\"no\" class=\"wp-embedded-content\"><\/iframe><script type=\"text\/javascript\">\n\/* <![CDATA[ *\/\n\/*! This file is auto-generated *\/\n!function(d,l){\"use strict\";l.querySelector&&d.addEventListener&&\"undefined\"!=typeof URL&&(d.wp=d.wp||{},d.wp.receiveEmbedMessage||(d.wp.receiveEmbedMessage=function(e){var t=e.data;if((t||t.secret||t.message||t.value)&&!\/[^a-zA-Z0-9]\/.test(t.secret)){for(var s,r,n,a=l.querySelectorAll('iframe[data-secret=\"'+t.secret+'\"]'),o=l.querySelectorAll('blockquote[data-secret=\"'+t.secret+'\"]'),c=new RegExp(\"^https?:$\",\"i\"),i=0;i<o.length;i++)o[i].style.display=\"none\";for(i=0;i<a.length;i++)s=a[i],e.source===s.contentWindow&&(s.removeAttribute(\"style\"),\"height\"===t.message?(1e3<(r=parseInt(t.value,10))?r=1e3:~~r<200&&(r=200),s.height=r):\"link\"===t.message&&(r=new URL(s.getAttribute(\"src\")),n=new URL(t.value),c.test(n.protocol))&&n.host===r.host&&l.activeElement===s&&(d.top.location.href=t.value))}},d.addEventListener(\"message\",d.wp.receiveEmbedMessage,!1),l.addEventListener(\"DOMContentLoaded\",function(){for(var e,t,s=l.querySelectorAll(\"iframe.wp-embedded-content\"),r=0;r<s.length;r++)(t=(e=s[r]).getAttribute(\"data-secret\"))||(t=Math.random().toString(36).substring(2,12),e.src+=\"#?secret=\"+t,e.setAttribute(\"data-secret\",t)),e.contentWindow.postMessage({message:\"ready\",secret:t},\"*\")},!1)))}(window,document);\n\/* ]]> *\/\n<\/script>\n","description":"BR\u00dcKSEL&#8211; D\u00fcnyan\u0131n en kar\u0131\u015f\u0131k y\u00f6netim yap\u0131lar\u0131ndan birine sahip Bosna Hersek, sava\u015f\u0131n ard\u0131ndan yar\u0131n 6. kez sand\u0131k ba\u015f\u0131na gidecek. Kanl\u0131 sava\u015f\u0131n ard\u0131ndan ge\u00e7en 15 y\u0131lda siyasi istikrar bir t\u00fcrl\u00fc tesis edilemedi. Bosna Hersek&#8217;te ger\u00e7ekle\u015ftirilecek se\u00e7imler istikrar\u0131n ve refah\u0131n gittik\u00e7e yayg\u0131nla\u015ft\u0131\u011f\u0131 Balkanlar i\u00e7in de b\u00fcy\u00fck \u00f6nem ta\u015f\u0131yor. Buna kar\u015f\u0131n Avrupa Parlamentosu&#8217;ndan Bo\u015fnaklara sand\u0131\u011fa gitme \u00e7a\u011fr\u0131s\u0131nda bulundu. Avrupa [&hellip;]","thumbnail_url":"http:\/\/www.epochtimestr.com\/wp-content\/uploads\/2010\/agustos\/1516356_p-150x150.jpg"}

D.Alkın

"Boşnaklar İkinci Defa Ülkelerinden Kovulma Tehlikesi Altında" - The Epoch Times TR

<blockquote class="wp-embedded-content" data-secret="BvXklYtqT4"><a href="https://epochtimestr.com/index.php/bosnaklar-ikinci-defa-ulkelerinden-kovulma-tehlikesi-altinda">&#8220;Boşnaklar İkinci Defa Ülkelerinden Kovulma Tehlikesi Altında&#8221;</a></blockquote><iframe sandbox="allow-scripts" security="restricted" src="https://epochtimestr.com/index.php/bosnaklar-ikinci-defa-ulkelerinden-kovulma-tehlikesi-altinda/embed#?secret=BvXklYtqT4" width="600" height="338" title="&#8220;&#8220;Boşnaklar İkinci Defa Ülkelerinden Kovulma Tehlikesi Altında&#8221;&#8221; &#8212; The Epoch Times TR" data-secret="BvXklYtqT4" frameborder="0" marginwidth="0" marginheight="0" scrolling="no" class="wp-embedded-content"></iframe><script type="text/javascript">
/* <![CDATA[ */
/*! This file is auto-generated */
!function(d,l){"use strict";l.querySelector&&d.addEventListener&&"undefined"!=typeof URL&&(d.wp=d.wp||{},d.wp.receiveEmbedMessage||(d.wp.receiveEmbedMessage=function(e){var t=e.data;if((t||t.secret||t.message||t.value)&&!/[^a-zA-Z0-9]/.test(t.secret)){for(var s,r,n,a=l.querySelectorAll('iframe[data-secret="'+t.secret+'"]'),o=l.querySelectorAll('blockquote[data-secret="'+t.secret+'"]'),c=new RegExp("^https?:$","i"),i=0;i<o.length;i++)o[i].style.display="none";for(i=0;i<a.length;i++)s=a[i],e.source===s.contentWindow&&(s.removeAttribute("style"),"height"===t.message?(1e3<(r=parseInt(t.value,10))?r=1e3:~~r<200&&(r=200),s.height=r):"link"===t.message&&(r=new URL(s.getAttribute("src")),n=new URL(t.value),c.test(n.protocol))&&n.host===r.host&&l.activeElement===s&&(d.top.location.href=t.value))}},d.addEventListener("message",d.wp.receiveEmbedMessage,!1),l.addEventListener("DOMContentLoaded",function(){for(var e,t,s=l.querySelectorAll("iframe.wp-embedded-content"),r=0;r<s.length;r++)(t=(e=s[r]).getAttribute("data-secret"))||(t=Math.random().toString(36).substring(2,12),e.src+="#?secret="+t,e.setAttribute("data-secret",t)),e.contentWindow.postMessage({message:"ready",secret:t},"*")},!1)))}(window,document);
/* ]]> */
</script>

BRÜKSEL&#8211; Dünyanın en karışık yönetim yapılarından birine sahip Bosna Hersek, savaşın ardından yarın 6. kez sandık başına gidecek. Kanlı savaşın ardından geçen 15 yılda siyasi istikrar bir türlü tesis edilemedi. Bosna Hersek&#8217;te gerçekleştirilecek seçimler istikrarın ve refahın gittikçe yaygınlaştığı Balkanlar için de büyük önem taşıyor. Buna karşın Avrupa Parlamentosu&#8217;ndan Boşnaklara sandığa gitme çağrısında bulundu. Avrupa [&hellip;]
