{"version":"1.0","provider_name":"The Epoch Times TR","provider_url":"https:\/\/epochtimestr.com","author_name":"D.Alk\u0131n","author_url":"https:\/\/epochtimestr.com\/index.php\/author\/derya","title":"Bu illerin emeklisi \u00e7ok, \u00e7al\u0131\u015fan\u0131 yok  - The Epoch Times TR","type":"rich","width":600,"height":338,"html":"<blockquote class=\"wp-embedded-content\" data-secret=\"mLyGKi0Sy2\"><a href=\"https:\/\/epochtimestr.com\/index.php\/bu-illerin-emeklisi-cok-calisani-yok\">Bu illerin emeklisi \u00e7ok, \u00e7al\u0131\u015fan\u0131 yok<\/a><\/blockquote><iframe sandbox=\"allow-scripts\" security=\"restricted\" src=\"https:\/\/epochtimestr.com\/index.php\/bu-illerin-emeklisi-cok-calisani-yok\/embed#?secret=mLyGKi0Sy2\" width=\"600\" height=\"338\" title=\"&#8220;Bu illerin emeklisi \u00e7ok, \u00e7al\u0131\u015fan\u0131 yok&#8221; &#8212; The Epoch Times TR\" data-secret=\"mLyGKi0Sy2\" frameborder=\"0\" marginwidth=\"0\" marginheight=\"0\" scrolling=\"no\" class=\"wp-embedded-content\"><\/iframe><script type=\"text\/javascript\">\n\/* <![CDATA[ *\/\n\/*! This file is auto-generated *\/\n!function(d,l){\"use strict\";l.querySelector&&d.addEventListener&&\"undefined\"!=typeof URL&&(d.wp=d.wp||{},d.wp.receiveEmbedMessage||(d.wp.receiveEmbedMessage=function(e){var t=e.data;if((t||t.secret||t.message||t.value)&&!\/[^a-zA-Z0-9]\/.test(t.secret)){for(var s,r,n,a=l.querySelectorAll('iframe[data-secret=\"'+t.secret+'\"]'),o=l.querySelectorAll('blockquote[data-secret=\"'+t.secret+'\"]'),c=new RegExp(\"^https?:$\",\"i\"),i=0;i<o.length;i++)o[i].style.display=\"none\";for(i=0;i<a.length;i++)s=a[i],e.source===s.contentWindow&&(s.removeAttribute(\"style\"),\"height\"===t.message?(1e3<(r=parseInt(t.value,10))?r=1e3:~~r<200&&(r=200),s.height=r):\"link\"===t.message&&(r=new URL(s.getAttribute(\"src\")),n=new URL(t.value),c.test(n.protocol))&&n.host===r.host&&l.activeElement===s&&(d.top.location.href=t.value))}},d.addEventListener(\"message\",d.wp.receiveEmbedMessage,!1),l.addEventListener(\"DOMContentLoaded\",function(){for(var e,t,s=l.querySelectorAll(\"iframe.wp-embedded-content\"),r=0;r<s.length;r++)(t=(e=s[r]).getAttribute(\"data-secret\"))||(t=Math.random().toString(36).substring(2,12),e.src+=\"#?secret=\"+t,e.setAttribute(\"data-secret\",t)),e.contentWindow.postMessage({message:\"ready\",secret:t},\"*\")},!1)))}(window,document);\n\/* ]]> *\/\n<\/script>\n","description":"ANKARA&#8211; Her ge\u00e7en y\u0131l katlanan sosyal g\u00fcvenlik kara deli\u011fini en iyi \u00f6zetleyen tablo ortaya \u00e7\u0131kt\u0131. T\u00fcrkiye&#8217;de \u00e7al\u0131\u015fandan \u00e7ok emekli maa\u015f\u0131 alanlar\u0131n ya\u015fad\u0131\u011f\u0131 il say\u0131s\u0131 giderek art\u0131yor. 143 bin \u00e7al\u0131\u015fan\u0131n bulundu\u011fu Zonguldak&#8217;ta 142 bin emekli bulunuyor. Bart\u0131n&#8217;da ise 41 bin emekliye kar\u015f\u0131n sadece 35 bin sigorta \u00f6deyen ya\u015f\u0131yor. Yine bir Bat\u0131 Karadeniz \u015fehri Karab\u00fck 44 bin [&hellip;]","thumbnail_url":"http:\/\/www.epochtimestr.com\/wp-content\/uploads\/2010\/mart\/1409432_p-150x150.jpg"}

D.Alkın

Bu illerin emeklisi çok, çalışanı yok  - The Epoch Times TR

<blockquote class="wp-embedded-content" data-secret="mLyGKi0Sy2"><a href="https://epochtimestr.com/index.php/bu-illerin-emeklisi-cok-calisani-yok">Bu illerin emeklisi çok, çalışanı yok</a></blockquote><iframe sandbox="allow-scripts" security="restricted" src="https://epochtimestr.com/index.php/bu-illerin-emeklisi-cok-calisani-yok/embed#?secret=mLyGKi0Sy2" width="600" height="338" title="&#8220;Bu illerin emeklisi çok, çalışanı yok&#8221; &#8212; The Epoch Times TR" data-secret="mLyGKi0Sy2" frameborder="0" marginwidth="0" marginheight="0" scrolling="no" class="wp-embedded-content"></iframe><script type="text/javascript">
/* <![CDATA[ */
/*! This file is auto-generated */
!function(d,l){"use strict";l.querySelector&&d.addEventListener&&"undefined"!=typeof URL&&(d.wp=d.wp||{},d.wp.receiveEmbedMessage||(d.wp.receiveEmbedMessage=function(e){var t=e.data;if((t||t.secret||t.message||t.value)&&!/[^a-zA-Z0-9]/.test(t.secret)){for(var s,r,n,a=l.querySelectorAll('iframe[data-secret="'+t.secret+'"]'),o=l.querySelectorAll('blockquote[data-secret="'+t.secret+'"]'),c=new RegExp("^https?:$","i"),i=0;i<o.length;i++)o[i].style.display="none";for(i=0;i<a.length;i++)s=a[i],e.source===s.contentWindow&&(s.removeAttribute("style"),"height"===t.message?(1e3<(r=parseInt(t.value,10))?r=1e3:~~r<200&&(r=200),s.height=r):"link"===t.message&&(r=new URL(s.getAttribute("src")),n=new URL(t.value),c.test(n.protocol))&&n.host===r.host&&l.activeElement===s&&(d.top.location.href=t.value))}},d.addEventListener("message",d.wp.receiveEmbedMessage,!1),l.addEventListener("DOMContentLoaded",function(){for(var e,t,s=l.querySelectorAll("iframe.wp-embedded-content"),r=0;r<s.length;r++)(t=(e=s[r]).getAttribute("data-secret"))||(t=Math.random().toString(36).substring(2,12),e.src+="#?secret="+t,e.setAttribute("data-secret",t)),e.contentWindow.postMessage({message:"ready",secret:t},"*")},!1)))}(window,document);
/* ]]> */
</script>

ANKARA&#8211; Her geçen yıl katlanan sosyal güvenlik kara deliğini en iyi özetleyen tablo ortaya çıktı. Türkiye&#8217;de çalışandan çok emekli maaşı alanların yaşadığı il sayısı giderek artıyor. 143 bin çalışanın bulunduğu Zonguldak&#8217;ta 142 bin emekli bulunuyor. Bartın&#8217;da ise 41 bin emekliye karşın sadece 35 bin sigorta ödeyen yaşıyor. Yine bir Batı Karadeniz şehri Karabük 44 bin [&hellip;]
