{"version":"1.0","provider_name":"The Epoch Times TR","provider_url":"https:\/\/epochtimestr.com","author_name":"\u00c7.Akdeniz","author_url":"https:\/\/epochtimestr.com\/index.php\/author\/cigdem","title":"\u00c7ad\u0131r Kentlerde Her T\u00fcrl\u00fc \u0130htiyaca Cevap Verilebiliyor - The Epoch Times TR","type":"rich","width":600,"height":338,"html":"<blockquote class=\"wp-embedded-content\" data-secret=\"47iql4m3sf\"><a href=\"https:\/\/epochtimestr.com\/index.php\/cadirkentlerde-her-turlu-ihtiyaca-cevap-verilebiliyor\">\u00c7ad\u0131r Kentlerde Her T\u00fcrl\u00fc \u0130htiyaca Cevap Verilebiliyor<\/a><\/blockquote><iframe sandbox=\"allow-scripts\" security=\"restricted\" src=\"https:\/\/epochtimestr.com\/index.php\/cadirkentlerde-her-turlu-ihtiyaca-cevap-verilebiliyor\/embed#?secret=47iql4m3sf\" width=\"600\" height=\"338\" title=\"&#8220;\u00c7ad\u0131r Kentlerde Her T\u00fcrl\u00fc \u0130htiyaca Cevap Verilebiliyor&#8221; &#8212; The Epoch Times TR\" data-secret=\"47iql4m3sf\" frameborder=\"0\" marginwidth=\"0\" marginheight=\"0\" scrolling=\"no\" class=\"wp-embedded-content\"><\/iframe><script type=\"text\/javascript\">\n\/* <![CDATA[ *\/\n\/*! This file is auto-generated *\/\n!function(d,l){\"use strict\";l.querySelector&&d.addEventListener&&\"undefined\"!=typeof URL&&(d.wp=d.wp||{},d.wp.receiveEmbedMessage||(d.wp.receiveEmbedMessage=function(e){var t=e.data;if((t||t.secret||t.message||t.value)&&!\/[^a-zA-Z0-9]\/.test(t.secret)){for(var s,r,n,a=l.querySelectorAll('iframe[data-secret=\"'+t.secret+'\"]'),o=l.querySelectorAll('blockquote[data-secret=\"'+t.secret+'\"]'),c=new RegExp(\"^https?:$\",\"i\"),i=0;i<o.length;i++)o[i].style.display=\"none\";for(i=0;i<a.length;i++)s=a[i],e.source===s.contentWindow&&(s.removeAttribute(\"style\"),\"height\"===t.message?(1e3<(r=parseInt(t.value,10))?r=1e3:~~r<200&&(r=200),s.height=r):\"link\"===t.message&&(r=new URL(s.getAttribute(\"src\")),n=new URL(t.value),c.test(n.protocol))&&n.host===r.host&&l.activeElement===s&&(d.top.location.href=t.value))}},d.addEventListener(\"message\",d.wp.receiveEmbedMessage,!1),l.addEventListener(\"DOMContentLoaded\",function(){for(var e,t,s=l.querySelectorAll(\"iframe.wp-embedded-content\"),r=0;r<s.length;r++)(t=(e=s[r]).getAttribute(\"data-secret\"))||(t=Math.random().toString(36).substring(2,12),e.src+=\"#?secret=\"+t,e.setAttribute(\"data-secret\",t)),e.contentWindow.postMessage({message:\"ready\",secret:t},\"*\")},!1)))}(window,document);\n\/* ]]> *\/\n<\/script>\n","description":"Suriye\u2019den T\u00fcrkiye\u2019ye g\u00f6\u00e7 edenlerden 7.209 ki\u015fi Suriye&#8217;deki olaylar nedeniyle \u00fclkelerine geri d\u00f6nd\u00fc. T\u00fcrkiye\u2019de, Suriye\u2019den gelen Suriye vatanda\u015flar\u0131 i\u00e7in her t\u00fcrl\u00fc ihtiyaca g\u00f6re \u00e7e\u015fitli hizmetler veriliyor. Suriyelilerin bar\u0131nmalar\u0131 i\u00e7in Yaylada\u011f\u0131&#8217;nda 2, Alt\u0131n\u00f6z\u00fc&#8217;nde 2, Reyhanl\u0131 il\u00e7esinde 1, Merkez il\u00e7eye ba\u011fl\u0131 Apayd\u0131n k\u00f6y\u00fcnde 1 ve Karbeyaz Kuyuba\u015f\u0131&#8217;nda 1 olmak \u00fczere toplam 7 \u00e7ad\u0131rkent kuruldu. Bu \u00e7ad\u0131rkentler de her [&hellip;]","thumbnail_url":"http:\/\/epochtimestr.com\/wp-content\/uploads\/2011y\/Suriye-%C3%87ad%C4%B1rkent.jpg"}

Ç.Akdeniz

Çadır Kentlerde Her Türlü İhtiyaca Cevap Verilebiliyor - The Epoch Times TR

<blockquote class="wp-embedded-content" data-secret="47iql4m3sf"><a href="https://epochtimestr.com/index.php/cadirkentlerde-her-turlu-ihtiyaca-cevap-verilebiliyor">Çadır Kentlerde Her Türlü İhtiyaca Cevap Verilebiliyor</a></blockquote><iframe sandbox="allow-scripts" security="restricted" src="https://epochtimestr.com/index.php/cadirkentlerde-her-turlu-ihtiyaca-cevap-verilebiliyor/embed#?secret=47iql4m3sf" width="600" height="338" title="&#8220;Çadır Kentlerde Her Türlü İhtiyaca Cevap Verilebiliyor&#8221; &#8212; The Epoch Times TR" data-secret="47iql4m3sf" frameborder="0" marginwidth="0" marginheight="0" scrolling="no" class="wp-embedded-content"></iframe><script type="text/javascript">
/* <![CDATA[ */
/*! This file is auto-generated */
!function(d,l){"use strict";l.querySelector&&d.addEventListener&&"undefined"!=typeof URL&&(d.wp=d.wp||{},d.wp.receiveEmbedMessage||(d.wp.receiveEmbedMessage=function(e){var t=e.data;if((t||t.secret||t.message||t.value)&&!/[^a-zA-Z0-9]/.test(t.secret)){for(var s,r,n,a=l.querySelectorAll('iframe[data-secret="'+t.secret+'"]'),o=l.querySelectorAll('blockquote[data-secret="'+t.secret+'"]'),c=new RegExp("^https?:$","i"),i=0;i<o.length;i++)o[i].style.display="none";for(i=0;i<a.length;i++)s=a[i],e.source===s.contentWindow&&(s.removeAttribute("style"),"height"===t.message?(1e3<(r=parseInt(t.value,10))?r=1e3:~~r<200&&(r=200),s.height=r):"link"===t.message&&(r=new URL(s.getAttribute("src")),n=new URL(t.value),c.test(n.protocol))&&n.host===r.host&&l.activeElement===s&&(d.top.location.href=t.value))}},d.addEventListener("message",d.wp.receiveEmbedMessage,!1),l.addEventListener("DOMContentLoaded",function(){for(var e,t,s=l.querySelectorAll("iframe.wp-embedded-content"),r=0;r<s.length;r++)(t=(e=s[r]).getAttribute("data-secret"))||(t=Math.random().toString(36).substring(2,12),e.src+="#?secret="+t,e.setAttribute("data-secret",t)),e.contentWindow.postMessage({message:"ready",secret:t},"*")},!1)))}(window,document);
/* ]]> */
</script>

Suriye’den Türkiye’ye göç edenlerden 7.209 kişi Suriye&#8217;deki olaylar nedeniyle ülkelerine geri döndü. Türkiye’de, Suriye’den gelen Suriye vatandaşları için her türlü ihtiyaca göre çeşitli hizmetler veriliyor. Suriyelilerin barınmaları için Yayladağı&#8217;nda 2, Altınözü&#8217;nde 2, Reyhanlı ilçesinde 1, Merkez ilçeye bağlı Apaydın köyünde 1 ve Karbeyaz Kuyubaşı&#8217;nda 1 olmak üzere toplam 7 çadırkent kuruldu. Bu çadırkentler de her [&hellip;]
