{"version":"1.0","provider_name":"The Epoch Times TR","provider_url":"https:\/\/epochtimestr.com","author_name":"G.Hakan Ko\u00e7man","author_url":"https:\/\/epochtimestr.com\/index.php\/author\/hakan","title":"Se\u00e7imlerden \u00f6nce CHP ve THD yak\u0131nla\u015fmas\u0131  - The Epoch Times TR","type":"rich","width":600,"height":338,"html":"<blockquote class=\"wp-embedded-content\" data-secret=\"yCinpdQaPc\"><a href=\"https:\/\/epochtimestr.com\/index.php\/chp-ve-thd-yakinklasmasi\">Se\u00e7imlerden \u00f6nce CHP ve THD yak\u0131nla\u015fmas\u0131<\/a><\/blockquote><iframe sandbox=\"allow-scripts\" security=\"restricted\" src=\"https:\/\/epochtimestr.com\/index.php\/chp-ve-thd-yakinklasmasi\/embed#?secret=yCinpdQaPc\" width=\"600\" height=\"338\" title=\"&#8220;Se\u00e7imlerden \u00f6nce CHP ve THD yak\u0131nla\u015fmas\u0131&#8221; &#8212; The Epoch Times TR\" data-secret=\"yCinpdQaPc\" frameborder=\"0\" marginwidth=\"0\" marginheight=\"0\" scrolling=\"no\" class=\"wp-embedded-content\"><\/iframe><script type=\"text\/javascript\">\n\/* <![CDATA[ *\/\n\/*! This file is auto-generated *\/\n!function(d,l){\"use strict\";l.querySelector&&d.addEventListener&&\"undefined\"!=typeof URL&&(d.wp=d.wp||{},d.wp.receiveEmbedMessage||(d.wp.receiveEmbedMessage=function(e){var t=e.data;if((t||t.secret||t.message||t.value)&&!\/[^a-zA-Z0-9]\/.test(t.secret)){for(var s,r,n,a=l.querySelectorAll('iframe[data-secret=\"'+t.secret+'\"]'),o=l.querySelectorAll('blockquote[data-secret=\"'+t.secret+'\"]'),c=new RegExp(\"^https?:$\",\"i\"),i=0;i<o.length;i++)o[i].style.display=\"none\";for(i=0;i<a.length;i++)s=a[i],e.source===s.contentWindow&&(s.removeAttribute(\"style\"),\"height\"===t.message?(1e3<(r=parseInt(t.value,10))?r=1e3:~~r<200&&(r=200),s.height=r):\"link\"===t.message&&(r=new URL(s.getAttribute(\"src\")),n=new URL(t.value),c.test(n.protocol))&&n.host===r.host&&l.activeElement===s&&(d.top.location.href=t.value))}},d.addEventListener(\"message\",d.wp.receiveEmbedMessage,!1),l.addEventListener(\"DOMContentLoaded\",function(){for(var e,t,s=l.querySelectorAll(\"iframe.wp-embedded-content\"),r=0;r<s.length;r++)(t=(e=s[r]).getAttribute(\"data-secret\"))||(t=Math.random().toString(36).substring(2,12),e.src+=\"#?secret=\"+t,e.setAttribute(\"data-secret\",t)),e.contentWindow.postMessage({message:\"ready\",secret:t},\"*\")},!1)))}(window,document);\n\/* ]]> *\/\n<\/script>\n","thumbnail_url":"https:\/\/epochtimestr.com\/wp-content\/uploads\/2011y\/chp-kemal-kilicdaroglu1.jpg","thumbnail_width":392,"thumbnail_height":250,"description":"CHP Genel Ba\u015fkan\u0131 Kemal K\u0131l\u0131\u00e7daro\u011flu, davet edildi\u011fi Kad\u0131n Giri\u015fimciler Derne\u011fi\u2019nde yapt\u0131\u011f\u0131 konu\u015fmada Mustafa Sar\u0131g\u00fcl\u2019\u00fcn liderli\u011findeki T\u00fcrkiye De\u011fi\u015fim Hareketi\u2019ni (TDH) CHP\u2019ye kat\u0131lmaya devam etti.\u00a0 Sarug\u00fcl\u2019e hitaben yapt\u0131\u011f\u0131 konu\u015fmada; \u00a0\u201cBiz ayn\u0131 zamanda b\u00f6l\u00fcnme l\u00fcks\u00fc olmayan siyasal anlay\u0131\u015f\u0131 temsil ediyoruz. E\u011fer \u00e7a\u011fda\u015f uygarl\u0131\u011f\u0131 istiyorsak A partisi, B partisi, B hareketi&#8230; Bunlar\u0131n d\u0131\u015f\u0131na \u00e7\u0131kmak zorunday\u0131z. T\u00fcrkiye De\u011fi\u015fim Hareketi var. [&hellip;]"}

G.Hakan Koçman

Seçimlerden önce CHP ve THD yakınlaşması  - The Epoch Times TR

<blockquote class="wp-embedded-content" data-secret="yCinpdQaPc"><a href="https://epochtimestr.com/index.php/chp-ve-thd-yakinklasmasi">Seçimlerden önce CHP ve THD yakınlaşması</a></blockquote><iframe sandbox="allow-scripts" security="restricted" src="https://epochtimestr.com/index.php/chp-ve-thd-yakinklasmasi/embed#?secret=yCinpdQaPc" width="600" height="338" title="&#8220;Seçimlerden önce CHP ve THD yakınlaşması&#8221; &#8212; The Epoch Times TR" data-secret="yCinpdQaPc" frameborder="0" marginwidth="0" marginheight="0" scrolling="no" class="wp-embedded-content"></iframe><script type="text/javascript">
/* <![CDATA[ */
/*! This file is auto-generated */
!function(d,l){"use strict";l.querySelector&&d.addEventListener&&"undefined"!=typeof URL&&(d.wp=d.wp||{},d.wp.receiveEmbedMessage||(d.wp.receiveEmbedMessage=function(e){var t=e.data;if((t||t.secret||t.message||t.value)&&!/[^a-zA-Z0-9]/.test(t.secret)){for(var s,r,n,a=l.querySelectorAll('iframe[data-secret="'+t.secret+'"]'),o=l.querySelectorAll('blockquote[data-secret="'+t.secret+'"]'),c=new RegExp("^https?:$","i"),i=0;i<o.length;i++)o[i].style.display="none";for(i=0;i<a.length;i++)s=a[i],e.source===s.contentWindow&&(s.removeAttribute("style"),"height"===t.message?(1e3<(r=parseInt(t.value,10))?r=1e3:~~r<200&&(r=200),s.height=r):"link"===t.message&&(r=new URL(s.getAttribute("src")),n=new URL(t.value),c.test(n.protocol))&&n.host===r.host&&l.activeElement===s&&(d.top.location.href=t.value))}},d.addEventListener("message",d.wp.receiveEmbedMessage,!1),l.addEventListener("DOMContentLoaded",function(){for(var e,t,s=l.querySelectorAll("iframe.wp-embedded-content"),r=0;r<s.length;r++)(t=(e=s[r]).getAttribute("data-secret"))||(t=Math.random().toString(36).substring(2,12),e.src+="#?secret="+t,e.setAttribute("data-secret",t)),e.contentWindow.postMessage({message:"ready",secret:t},"*")},!1)))}(window,document);
/* ]]> */
</script>

CHP Genel Başkanı Kemal Kılıçdaroğlu, davet edildiği Kadın Girişimciler Derneği’nde yaptığı konuşmada Mustafa Sarıgül’ün liderliğindeki Türkiye Değişim Hareketi’ni (TDH) CHP’ye katılmaya devam etti.  Sarugül’e hitaben yaptığı konuşmada;  “Biz aynı zamanda bölünme lüksü olmayan siyasal anlayışı temsil ediyoruz. Eğer çağdaş uygarlığı istiyorsak A partisi, B partisi, B hareketi&#8230; Bunların dışına çıkmak zorundayız. Türkiye Değişim Hareketi var. [&hellip;]
