{"version":"1.0","provider_name":"The Epoch Times TR","provider_url":"https:\/\/epochtimestr.com","author_name":"Emel AKAN","author_url":"https:\/\/epochtimestr.com\/index.php\/author\/emel","title":"\u00c7in Deyimleri: At \u0130le Var\u0131\u015fta Elde Edilen Anl\u0131k Zafer - The Epoch Times TR","type":"rich","width":600,"height":338,"html":"<blockquote class=\"wp-embedded-content\" data-secret=\"HWJaWBkb0e\"><a href=\"https:\/\/epochtimestr.com\/index.php\/cin-deyimleri-ile-varista-elde-edilen-anlik-zafer\">\u00c7in Deyimleri: At \u0130le Var\u0131\u015fta Elde Edilen Anl\u0131k Zafer<\/a><\/blockquote><iframe sandbox=\"allow-scripts\" security=\"restricted\" src=\"https:\/\/epochtimestr.com\/index.php\/cin-deyimleri-ile-varista-elde-edilen-anlik-zafer\/embed#?secret=HWJaWBkb0e\" width=\"600\" height=\"338\" title=\"&#8220;\u00c7in Deyimleri: At \u0130le Var\u0131\u015fta Elde Edilen Anl\u0131k Zafer&#8221; &#8212; The Epoch Times TR\" data-secret=\"HWJaWBkb0e\" frameborder=\"0\" marginwidth=\"0\" marginheight=\"0\" scrolling=\"no\" class=\"wp-embedded-content\"><\/iframe><script type=\"text\/javascript\">\n\/* <![CDATA[ *\/\n\/*! This file is auto-generated *\/\n!function(d,l){\"use strict\";l.querySelector&&d.addEventListener&&\"undefined\"!=typeof URL&&(d.wp=d.wp||{},d.wp.receiveEmbedMessage||(d.wp.receiveEmbedMessage=function(e){var t=e.data;if((t||t.secret||t.message||t.value)&&!\/[^a-zA-Z0-9]\/.test(t.secret)){for(var s,r,n,a=l.querySelectorAll('iframe[data-secret=\"'+t.secret+'\"]'),o=l.querySelectorAll('blockquote[data-secret=\"'+t.secret+'\"]'),c=new RegExp(\"^https?:$\",\"i\"),i=0;i<o.length;i++)o[i].style.display=\"none\";for(i=0;i<a.length;i++)s=a[i],e.source===s.contentWindow&&(s.removeAttribute(\"style\"),\"height\"===t.message?(1e3<(r=parseInt(t.value,10))?r=1e3:~~r<200&&(r=200),s.height=r):\"link\"===t.message&&(r=new URL(s.getAttribute(\"src\")),n=new URL(t.value),c.test(n.protocol))&&n.host===r.host&&l.activeElement===s&&(d.top.location.href=t.value))}},d.addEventListener(\"message\",d.wp.receiveEmbedMessage,!1),l.addEventListener(\"DOMContentLoaded\",function(){for(var e,t,s=l.querySelectorAll(\"iframe.wp-embedded-content\"),r=0;r<s.length;r++)(t=(e=s[r]).getAttribute(\"data-secret\"))||(t=Math.random().toString(36).substring(2,12),e.src+=\"#?secret=\"+t,e.setAttribute(\"data-secret\",t)),e.contentWindow.postMessage({message:\"ready\",secret:t},\"*\")},!1)))}(window,document);\n\/* ]]> *\/\n<\/script>\n","thumbnail_url":"https:\/\/epochtimestr.com\/wp-content\/uploads\/2011y\/HorseArrive1_SMYang_ET-676x450.jpg","thumbnail_width":448,"thumbnail_height":298,"description":"Yazar: Lily Choo, Epoch Times At ile var\u0131\u015fta elde edilen anl\u0131k zafer\u201d anlam\u0131na gelen \u00c7ince \u99ac\u5230\u6210\u529f (m\u01ce d\u00e0o ch\u00e9ng g\u014dng) deyimine, Yuan Hanedanl\u0131\u011f\u0131ndaki (M.S.1279-1368) baz\u0131 edebi eserler i\u00e7inde rastlanabilir. Fakat deyimin kayna\u011f\u0131 olan hik\u00e2ye Qin Hanedanl\u0131\u011f\u0131na (M.\u00d6.221-206) kadar dayanmaktad\u0131r. Qin Shihuang\u00b9, \u00c7in\u2019deki t\u00fcm sava\u015fan devletleri fethetmeyi tamamlayan ve M.\u00d6.221 y\u0131l\u0131nda Qin Hanedanl\u0131\u011f\u0131n\u0131 kuran ilk imparatordur. [&hellip;]"}

Çin Deyimleri: At İle Varışta Elde Edilen Anlık Zafer - The Epoch Times TR

<blockquote class="wp-embedded-content" data-secret="HWJaWBkb0e"><a href="https://epochtimestr.com/index.php/cin-deyimleri-ile-varista-elde-edilen-anlik-zafer">Çin Deyimleri: At İle Varışta Elde Edilen Anlık Zafer</a></blockquote><iframe sandbox="allow-scripts" security="restricted" src="https://epochtimestr.com/index.php/cin-deyimleri-ile-varista-elde-edilen-anlik-zafer/embed#?secret=HWJaWBkb0e" width="600" height="338" title="&#8220;Çin Deyimleri: At İle Varışta Elde Edilen Anlık Zafer&#8221; &#8212; The Epoch Times TR" data-secret="HWJaWBkb0e" frameborder="0" marginwidth="0" marginheight="0" scrolling="no" class="wp-embedded-content"></iframe><script type="text/javascript">
/* <![CDATA[ */
/*! This file is auto-generated */
!function(d,l){"use strict";l.querySelector&&d.addEventListener&&"undefined"!=typeof URL&&(d.wp=d.wp||{},d.wp.receiveEmbedMessage||(d.wp.receiveEmbedMessage=function(e){var t=e.data;if((t||t.secret||t.message||t.value)&&!/[^a-zA-Z0-9]/.test(t.secret)){for(var s,r,n,a=l.querySelectorAll('iframe[data-secret="'+t.secret+'"]'),o=l.querySelectorAll('blockquote[data-secret="'+t.secret+'"]'),c=new RegExp("^https?:$","i"),i=0;i<o.length;i++)o[i].style.display="none";for(i=0;i<a.length;i++)s=a[i],e.source===s.contentWindow&&(s.removeAttribute("style"),"height"===t.message?(1e3<(r=parseInt(t.value,10))?r=1e3:~~r<200&&(r=200),s.height=r):"link"===t.message&&(r=new URL(s.getAttribute("src")),n=new URL(t.value),c.test(n.protocol))&&n.host===r.host&&l.activeElement===s&&(d.top.location.href=t.value))}},d.addEventListener("message",d.wp.receiveEmbedMessage,!1),l.addEventListener("DOMContentLoaded",function(){for(var e,t,s=l.querySelectorAll("iframe.wp-embedded-content"),r=0;r<s.length;r++)(t=(e=s[r]).getAttribute("data-secret"))||(t=Math.random().toString(36).substring(2,12),e.src+="#?secret="+t,e.setAttribute("data-secret",t)),e.contentWindow.postMessage({message:"ready",secret:t},"*")},!1)))}(window,document);
/* ]]> */
</script>

Yazar: Lily Choo, Epoch Times At ile varışta elde edilen anlık zafer” anlamına gelen Çince 馬到成功 (mǎ dào chéng gōng) deyimine, Yuan Hanedanlığındaki (M.S.1279-1368) bazı edebi eserler içinde rastlanabilir. Fakat deyimin kaynağı olan hikâye Qin Hanedanlığına (M.Ö.221-206) kadar dayanmaktadır. Qin Shihuang¹, Çin’deki tüm savaşan devletleri fethetmeyi tamamlayan ve M.Ö.221 yılında Qin Hanedanlığını kuran ilk imparatordur. [&hellip;]
