{"version":"1.0","provider_name":"The Epoch Times TR","provider_url":"https:\/\/epochtimestr.com","author_name":"G.Hakan Ko\u00e7man","author_url":"https:\/\/epochtimestr.com\/index.php\/author\/hakan","title":"\u00c7in T\u0131bb\u0131nda Hastal\u0131klar\u0131n Sebebi Olan Yedi Duygu - The Epoch Times TR","type":"rich","width":600,"height":338,"html":"<blockquote class=\"wp-embedded-content\" data-secret=\"6LgYpdt8kU\"><a href=\"https:\/\/epochtimestr.com\/index.php\/cin-tibbinda-hastaliklarin-sebebi-olan-yedi-duygusal-faktor\">\u00c7in T\u0131bb\u0131nda Hastal\u0131klar\u0131n Sebebi Olan Yedi Duygu<\/a><\/blockquote><iframe sandbox=\"allow-scripts\" security=\"restricted\" src=\"https:\/\/epochtimestr.com\/index.php\/cin-tibbinda-hastaliklarin-sebebi-olan-yedi-duygusal-faktor\/embed#?secret=6LgYpdt8kU\" width=\"600\" height=\"338\" title=\"&#8220;\u00c7in T\u0131bb\u0131nda Hastal\u0131klar\u0131n Sebebi Olan Yedi Duygu&#8221; &#8212; The Epoch Times TR\" data-secret=\"6LgYpdt8kU\" frameborder=\"0\" marginwidth=\"0\" marginheight=\"0\" scrolling=\"no\" class=\"wp-embedded-content\"><\/iframe><script type=\"text\/javascript\">\n\/* <![CDATA[ *\/\n\/*! This file is auto-generated *\/\n!function(d,l){\"use strict\";l.querySelector&&d.addEventListener&&\"undefined\"!=typeof URL&&(d.wp=d.wp||{},d.wp.receiveEmbedMessage||(d.wp.receiveEmbedMessage=function(e){var t=e.data;if((t||t.secret||t.message||t.value)&&!\/[^a-zA-Z0-9]\/.test(t.secret)){for(var s,r,n,a=l.querySelectorAll('iframe[data-secret=\"'+t.secret+'\"]'),o=l.querySelectorAll('blockquote[data-secret=\"'+t.secret+'\"]'),c=new RegExp(\"^https?:$\",\"i\"),i=0;i<o.length;i++)o[i].style.display=\"none\";for(i=0;i<a.length;i++)s=a[i],e.source===s.contentWindow&&(s.removeAttribute(\"style\"),\"height\"===t.message?(1e3<(r=parseInt(t.value,10))?r=1e3:~~r<200&&(r=200),s.height=r):\"link\"===t.message&&(r=new URL(s.getAttribute(\"src\")),n=new URL(t.value),c.test(n.protocol))&&n.host===r.host&&l.activeElement===s&&(d.top.location.href=t.value))}},d.addEventListener(\"message\",d.wp.receiveEmbedMessage,!1),l.addEventListener(\"DOMContentLoaded\",function(){for(var e,t,s=l.querySelectorAll(\"iframe.wp-embedded-content\"),r=0;r<s.length;r++)(t=(e=s[r]).getAttribute(\"data-secret\"))||(t=Math.random().toString(36).substring(2,12),e.src+=\"#?secret=\"+t,e.setAttribute(\"data-secret\",t)),e.contentWindow.postMessage({message:\"ready\",secret:t},\"*\")},!1)))}(window,document);\n\/* ]]> *\/\n<\/script>\n","thumbnail_url":"https:\/\/epochtimestr.com\/wp-content\/uploads\/2011y\/shutterstock_162830552WEB-ONLY-676x450.jpg","thumbnail_width":676,"thumbnail_height":450,"description":"Hastal\u0131klar\u0131n i\u00e7sel sebebi\u00a0olarak adland\u0131r\u0131lan \u201cYedi Duygu\u201d nedir?\u00a0Bunlar \u00f6fke, korku, \u015fok, keder, sevin\u00e7, dalg\u0131nl\u0131k ve endi\u015fedir. Bu duygular Geleneksel \u00c7in T\u0131bb\u0131\u2019nda hastal\u0131klar\u0131n ba\u015fl\u0131ca i\u00e7sel sebepleri olarak g\u00f6r\u00fcl\u00fcr. A\u015f\u0131k oldu\u011funuzda nas\u0131l hissetti\u011finizi bir d\u00fc\u015f\u00fcn\u00fcn? Yanl\u0131\u015f yapt\u0131\u011f\u0131n\u0131z iddias\u0131 ile\u00a0haks\u0131z yere su\u00e7land\u0131\u011f\u0131n\u0131zda nas\u0131l hissetiniz? Sa\u00e7masapan biri sizin park yerinizi kap\u0131p ard\u0131ndan araban\u0131n penceresinden size s\u0131r\u0131tt\u0131\u011f\u0131nda peki? Evet mi? O [&hellip;]"}

G.Hakan Koçman

Çin Tıbbında Hastalıkların Sebebi Olan Yedi Duygu - The Epoch Times TR

<blockquote class="wp-embedded-content" data-secret="6LgYpdt8kU"><a href="https://epochtimestr.com/index.php/cin-tibbinda-hastaliklarin-sebebi-olan-yedi-duygusal-faktor">Çin Tıbbında Hastalıkların Sebebi Olan Yedi Duygu</a></blockquote><iframe sandbox="allow-scripts" security="restricted" src="https://epochtimestr.com/index.php/cin-tibbinda-hastaliklarin-sebebi-olan-yedi-duygusal-faktor/embed#?secret=6LgYpdt8kU" width="600" height="338" title="&#8220;Çin Tıbbında Hastalıkların Sebebi Olan Yedi Duygu&#8221; &#8212; The Epoch Times TR" data-secret="6LgYpdt8kU" frameborder="0" marginwidth="0" marginheight="0" scrolling="no" class="wp-embedded-content"></iframe><script type="text/javascript">
/* <![CDATA[ */
/*! This file is auto-generated */
!function(d,l){"use strict";l.querySelector&&d.addEventListener&&"undefined"!=typeof URL&&(d.wp=d.wp||{},d.wp.receiveEmbedMessage||(d.wp.receiveEmbedMessage=function(e){var t=e.data;if((t||t.secret||t.message||t.value)&&!/[^a-zA-Z0-9]/.test(t.secret)){for(var s,r,n,a=l.querySelectorAll('iframe[data-secret="'+t.secret+'"]'),o=l.querySelectorAll('blockquote[data-secret="'+t.secret+'"]'),c=new RegExp("^https?:$","i"),i=0;i<o.length;i++)o[i].style.display="none";for(i=0;i<a.length;i++)s=a[i],e.source===s.contentWindow&&(s.removeAttribute("style"),"height"===t.message?(1e3<(r=parseInt(t.value,10))?r=1e3:~~r<200&&(r=200),s.height=r):"link"===t.message&&(r=new URL(s.getAttribute("src")),n=new URL(t.value),c.test(n.protocol))&&n.host===r.host&&l.activeElement===s&&(d.top.location.href=t.value))}},d.addEventListener("message",d.wp.receiveEmbedMessage,!1),l.addEventListener("DOMContentLoaded",function(){for(var e,t,s=l.querySelectorAll("iframe.wp-embedded-content"),r=0;r<s.length;r++)(t=(e=s[r]).getAttribute("data-secret"))||(t=Math.random().toString(36).substring(2,12),e.src+="#?secret="+t,e.setAttribute("data-secret",t)),e.contentWindow.postMessage({message:"ready",secret:t},"*")},!1)))}(window,document);
/* ]]> */
</script>

Hastalıkların içsel sebebi olarak adlandırılan “Yedi Duygu” nedir? Bunlar öfke, korku, şok, keder, sevinç, dalgınlık ve endişedir. Bu duygular Geleneksel Çin Tıbbı’nda hastalıkların başlıca içsel sebepleri olarak görülür. Aşık olduğunuzda nasıl hissettiğinizi bir düşünün? Yanlış yaptığınız iddiası ile haksız yere suçlandığınızda nasıl hissetiniz? Saçmasapan biri sizin park yerinizi kapıp ardından arabanın penceresinden size sırıttığında peki? Evet mi? O [&hellip;]
