{"version":"1.0","provider_name":"The Epoch Times TR","provider_url":"https:\/\/epochtimestr.com","author_name":"Haber Merkezi","author_url":"https:\/\/epochtimestr.com\/index.php\/author\/sendag","title":"\u00c7in'deki Selde 33 Ki\u015fi Ya\u015fam\u0131n\u0131 Yitirdi - The Epoch Times TR","type":"rich","width":600,"height":338,"html":"<blockquote class=\"wp-embedded-content\" data-secret=\"t3hjlCuv3s\"><a href=\"https:\/\/epochtimestr.com\/index.php\/cindeki-selde-33-kisi-yasamini-yitirdi\">\u00c7in&#8217;deki Selde 33 Ki\u015fi Ya\u015fam\u0131n\u0131 Yitirdi<\/a><\/blockquote><iframe sandbox=\"allow-scripts\" security=\"restricted\" src=\"https:\/\/epochtimestr.com\/index.php\/cindeki-selde-33-kisi-yasamini-yitirdi\/embed#?secret=t3hjlCuv3s\" width=\"600\" height=\"338\" title=\"&#8220;\u00c7in&#8217;deki Selde 33 Ki\u015fi Ya\u015fam\u0131n\u0131 Yitirdi&#8221; &#8212; The Epoch Times TR\" data-secret=\"t3hjlCuv3s\" frameborder=\"0\" marginwidth=\"0\" marginheight=\"0\" scrolling=\"no\" class=\"wp-embedded-content\"><\/iframe><script type=\"text\/javascript\">\n\/* <![CDATA[ *\/\n\/*! This file is auto-generated *\/\n!function(d,l){\"use strict\";l.querySelector&&d.addEventListener&&\"undefined\"!=typeof URL&&(d.wp=d.wp||{},d.wp.receiveEmbedMessage||(d.wp.receiveEmbedMessage=function(e){var t=e.data;if((t||t.secret||t.message||t.value)&&!\/[^a-zA-Z0-9]\/.test(t.secret)){for(var s,r,n,a=l.querySelectorAll('iframe[data-secret=\"'+t.secret+'\"]'),o=l.querySelectorAll('blockquote[data-secret=\"'+t.secret+'\"]'),c=new RegExp(\"^https?:$\",\"i\"),i=0;i<o.length;i++)o[i].style.display=\"none\";for(i=0;i<a.length;i++)s=a[i],e.source===s.contentWindow&&(s.removeAttribute(\"style\"),\"height\"===t.message?(1e3<(r=parseInt(t.value,10))?r=1e3:~~r<200&&(r=200),s.height=r):\"link\"===t.message&&(r=new URL(s.getAttribute(\"src\")),n=new URL(t.value),c.test(n.protocol))&&n.host===r.host&&l.activeElement===s&&(d.top.location.href=t.value))}},d.addEventListener(\"message\",d.wp.receiveEmbedMessage,!1),l.addEventListener(\"DOMContentLoaded\",function(){for(var e,t,s=l.querySelectorAll(\"iframe.wp-embedded-content\"),r=0;r<s.length;r++)(t=(e=s[r]).getAttribute(\"data-secret\"))||(t=Math.random().toString(36).substring(2,12),e.src+=\"#?secret=\"+t,e.setAttribute(\"data-secret\",t)),e.contentWindow.postMessage({message:\"ready\",secret:t},\"*\")},!1)))}(window,document);\n\/* ]]> *\/\n<\/script>\n","thumbnail_url":"https:\/\/epochtimestr.com\/wp-content\/uploads\/2011y\/Cin-sel.png","thumbnail_width":1354,"thumbnail_height":431,"description":"\u00c7in&#8217;in Hunan eyaletinde etkili olan ya\u011f\u0131\u015flar\u0131n olu\u015fturdu\u011fu sel ve su ta\u015fk\u0131nlar\u0131nda 33 ki\u015fi hayat\u0131n\u0131 kaybetti.\u00a0 \u00c7in&#8217;in H\u0131nan eyaletinde \u015fiddetli ya\u011f\u0131\u015flar\u0131n yol a\u00e7t\u0131\u011f\u0131 sel nedeniyle 33 ki\u015fi hayat\u0131n\u0131 kaybetti, yetkililerin mahsur kalanlar\u0131 kurtarma \u00e7al\u0131\u015fmalar\u0131 s\u00fcr\u00fcyor. Hunan eyaletinde 17 Temmuz&#8217;dan bu yana belirli aral\u0131klarla etkili olan sa\u011fanak 20 Temmuz&#8217;da sele yol a\u00e7m\u0131\u015ft\u0131. Sular alt\u0131nda kalan eyaletin ba\u015fkenti [&hellip;]"}

Çin'deki Selde 33 Kişi Yaşamını Yitirdi - The Epoch Times TR

<blockquote class="wp-embedded-content" data-secret="t3hjlCuv3s"><a href="https://epochtimestr.com/index.php/cindeki-selde-33-kisi-yasamini-yitirdi">Çin&#8217;deki Selde 33 Kişi Yaşamını Yitirdi</a></blockquote><iframe sandbox="allow-scripts" security="restricted" src="https://epochtimestr.com/index.php/cindeki-selde-33-kisi-yasamini-yitirdi/embed#?secret=t3hjlCuv3s" width="600" height="338" title="&#8220;Çin&#8217;deki Selde 33 Kişi Yaşamını Yitirdi&#8221; &#8212; The Epoch Times TR" data-secret="t3hjlCuv3s" frameborder="0" marginwidth="0" marginheight="0" scrolling="no" class="wp-embedded-content"></iframe><script type="text/javascript">
/* <![CDATA[ */
/*! This file is auto-generated */
!function(d,l){"use strict";l.querySelector&&d.addEventListener&&"undefined"!=typeof URL&&(d.wp=d.wp||{},d.wp.receiveEmbedMessage||(d.wp.receiveEmbedMessage=function(e){var t=e.data;if((t||t.secret||t.message||t.value)&&!/[^a-zA-Z0-9]/.test(t.secret)){for(var s,r,n,a=l.querySelectorAll('iframe[data-secret="'+t.secret+'"]'),o=l.querySelectorAll('blockquote[data-secret="'+t.secret+'"]'),c=new RegExp("^https?:$","i"),i=0;i<o.length;i++)o[i].style.display="none";for(i=0;i<a.length;i++)s=a[i],e.source===s.contentWindow&&(s.removeAttribute("style"),"height"===t.message?(1e3<(r=parseInt(t.value,10))?r=1e3:~~r<200&&(r=200),s.height=r):"link"===t.message&&(r=new URL(s.getAttribute("src")),n=new URL(t.value),c.test(n.protocol))&&n.host===r.host&&l.activeElement===s&&(d.top.location.href=t.value))}},d.addEventListener("message",d.wp.receiveEmbedMessage,!1),l.addEventListener("DOMContentLoaded",function(){for(var e,t,s=l.querySelectorAll("iframe.wp-embedded-content"),r=0;r<s.length;r++)(t=(e=s[r]).getAttribute("data-secret"))||(t=Math.random().toString(36).substring(2,12),e.src+="#?secret="+t,e.setAttribute("data-secret",t)),e.contentWindow.postMessage({message:"ready",secret:t},"*")},!1)))}(window,document);
/* ]]> */
</script>

Çin&#8217;in Hunan eyaletinde etkili olan yağışların oluşturduğu sel ve su taşkınlarında 33 kişi hayatını kaybetti.  Çin&#8217;in Hınan eyaletinde şiddetli yağışların yol açtığı sel nedeniyle 33 kişi hayatını kaybetti, yetkililerin mahsur kalanları kurtarma çalışmaları sürüyor. Hunan eyaletinde 17 Temmuz&#8217;dan bu yana belirli aralıklarla etkili olan sağanak 20 Temmuz&#8217;da sele yol açmıştı. Sular altında kalan eyaletin başkenti [&hellip;]
