{"version":"1.0","provider_name":"The Epoch Times TR","provider_url":"https:\/\/epochtimestr.com","author_name":"D.Alk\u0131n","author_url":"https:\/\/epochtimestr.com\/index.php\/author\/derya","title":"\u00c7ipli pasaportlar, 1 Haziran'dan kullan\u0131ma girecek - The Epoch Times TR","type":"rich","width":600,"height":338,"html":"<blockquote class=\"wp-embedded-content\" data-secret=\"x7uR3mK9uV\"><a href=\"https:\/\/epochtimestr.com\/index.php\/cipli-pasaportlar-1-hazirandan-kullanima-girecek\">\u00c7ipli pasaportlar, 1 Haziran&#8217;dan kullan\u0131ma girecek<\/a><\/blockquote><iframe sandbox=\"allow-scripts\" security=\"restricted\" src=\"https:\/\/epochtimestr.com\/index.php\/cipli-pasaportlar-1-hazirandan-kullanima-girecek\/embed#?secret=x7uR3mK9uV\" width=\"600\" height=\"338\" title=\"&#8220;\u00c7ipli pasaportlar, 1 Haziran&#8217;dan kullan\u0131ma girecek&#8221; &#8212; The Epoch Times TR\" data-secret=\"x7uR3mK9uV\" frameborder=\"0\" marginwidth=\"0\" marginheight=\"0\" scrolling=\"no\" class=\"wp-embedded-content\"><\/iframe><script type=\"text\/javascript\">\n\/* <![CDATA[ *\/\n\/*! This file is auto-generated *\/\n!function(d,l){\"use strict\";l.querySelector&&d.addEventListener&&\"undefined\"!=typeof URL&&(d.wp=d.wp||{},d.wp.receiveEmbedMessage||(d.wp.receiveEmbedMessage=function(e){var t=e.data;if((t||t.secret||t.message||t.value)&&!\/[^a-zA-Z0-9]\/.test(t.secret)){for(var s,r,n,a=l.querySelectorAll('iframe[data-secret=\"'+t.secret+'\"]'),o=l.querySelectorAll('blockquote[data-secret=\"'+t.secret+'\"]'),c=new RegExp(\"^https?:$\",\"i\"),i=0;i<o.length;i++)o[i].style.display=\"none\";for(i=0;i<a.length;i++)s=a[i],e.source===s.contentWindow&&(s.removeAttribute(\"style\"),\"height\"===t.message?(1e3<(r=parseInt(t.value,10))?r=1e3:~~r<200&&(r=200),s.height=r):\"link\"===t.message&&(r=new URL(s.getAttribute(\"src\")),n=new URL(t.value),c.test(n.protocol))&&n.host===r.host&&l.activeElement===s&&(d.top.location.href=t.value))}},d.addEventListener(\"message\",d.wp.receiveEmbedMessage,!1),l.addEventListener(\"DOMContentLoaded\",function(){for(var e,t,s=l.querySelectorAll(\"iframe.wp-embedded-content\"),r=0;r<s.length;r++)(t=(e=s[r]).getAttribute(\"data-secret\"))||(t=Math.random().toString(36).substring(2,12),e.src+=\"#?secret=\"+t,e.setAttribute(\"data-secret\",t)),e.contentWindow.postMessage({message:\"ready\",secret:t},\"*\")},!1)))}(window,document);\n\/* ]]> *\/\n<\/script>\n","description":"LE\u0130DEN-Avrupa Birli\u011fi&#8217;ne uygun \u00e7ipli pasaportlar 1 Haziran 2010 tarihi itibariyle kullan\u0131lmaya ba\u015flanacak. Yeni pasaporta m\u00fcracaat ise 23 May\u0131s 2010 tarihi itibariyle ba\u015flam\u0131\u015ft\u0131. Hollanda&#8217;n\u0131n Leiden kenti ve \u00e7evresindeki T\u00fcrk sivil toplum kurulu\u015flar\u0131 temsilcileri ve b\u00f6lgede oturan vatanda\u015flar\u0131m\u0131z i\u00e7in organize edilen toplant\u0131da konsolosluk i\u015flemleri ve e-pasaport hakk\u0131nda bilgiler verildi. Leiden Mimar Sinan Camii organizasyonuyla ger\u00e7ekle\u015fen bilgilendirme toplant\u0131s\u0131na [&hellip;]","thumbnail_url":"http:\/\/www.epochtimestr.com\/wp-content\/uploads\/2010\/mart\/1444393_p-150x150.jpg"}

D.Alkın

Çipli pasaportlar, 1 Haziran'dan kullanıma girecek - The Epoch Times TR

<blockquote class="wp-embedded-content" data-secret="x7uR3mK9uV"><a href="https://epochtimestr.com/index.php/cipli-pasaportlar-1-hazirandan-kullanima-girecek">Çipli pasaportlar, 1 Haziran&#8217;dan kullanıma girecek</a></blockquote><iframe sandbox="allow-scripts" security="restricted" src="https://epochtimestr.com/index.php/cipli-pasaportlar-1-hazirandan-kullanima-girecek/embed#?secret=x7uR3mK9uV" width="600" height="338" title="&#8220;Çipli pasaportlar, 1 Haziran&#8217;dan kullanıma girecek&#8221; &#8212; The Epoch Times TR" data-secret="x7uR3mK9uV" frameborder="0" marginwidth="0" marginheight="0" scrolling="no" class="wp-embedded-content"></iframe><script type="text/javascript">
/* <![CDATA[ */
/*! This file is auto-generated */
!function(d,l){"use strict";l.querySelector&&d.addEventListener&&"undefined"!=typeof URL&&(d.wp=d.wp||{},d.wp.receiveEmbedMessage||(d.wp.receiveEmbedMessage=function(e){var t=e.data;if((t||t.secret||t.message||t.value)&&!/[^a-zA-Z0-9]/.test(t.secret)){for(var s,r,n,a=l.querySelectorAll('iframe[data-secret="'+t.secret+'"]'),o=l.querySelectorAll('blockquote[data-secret="'+t.secret+'"]'),c=new RegExp("^https?:$","i"),i=0;i<o.length;i++)o[i].style.display="none";for(i=0;i<a.length;i++)s=a[i],e.source===s.contentWindow&&(s.removeAttribute("style"),"height"===t.message?(1e3<(r=parseInt(t.value,10))?r=1e3:~~r<200&&(r=200),s.height=r):"link"===t.message&&(r=new URL(s.getAttribute("src")),n=new URL(t.value),c.test(n.protocol))&&n.host===r.host&&l.activeElement===s&&(d.top.location.href=t.value))}},d.addEventListener("message",d.wp.receiveEmbedMessage,!1),l.addEventListener("DOMContentLoaded",function(){for(var e,t,s=l.querySelectorAll("iframe.wp-embedded-content"),r=0;r<s.length;r++)(t=(e=s[r]).getAttribute("data-secret"))||(t=Math.random().toString(36).substring(2,12),e.src+="#?secret="+t,e.setAttribute("data-secret",t)),e.contentWindow.postMessage({message:"ready",secret:t},"*")},!1)))}(window,document);
/* ]]> */
</script>

LEİDEN-Avrupa Birliği&#8217;ne uygun çipli pasaportlar 1 Haziran 2010 tarihi itibariyle kullanılmaya başlanacak. Yeni pasaporta müracaat ise 23 Mayıs 2010 tarihi itibariyle başlamıştı. Hollanda&#8217;nın Leiden kenti ve çevresindeki Türk sivil toplum kuruluşları temsilcileri ve bölgede oturan vatandaşlarımız için organize edilen toplantıda konsolosluk işlemleri ve e-pasaport hakkında bilgiler verildi. Leiden Mimar Sinan Camii organizasyonuyla gerçekleşen bilgilendirme toplantısına [&hellip;]
