{"version":"1.0","provider_name":"The Epoch Times TR","provider_url":"https:\/\/epochtimestr.com","author_name":"Demet G.","author_url":"https:\/\/epochtimestr.com\/index.php\/author\/d-gokoglu","title":"Diyarbak\u0131r'da Abdulah \u00d6calan'\u0131n Afi\u015fleri As\u0131ld\u0131 - The Epoch Times TR","type":"rich","width":600,"height":338,"html":"<blockquote class=\"wp-embedded-content\" data-secret=\"EZPApfqoBF\"><a href=\"https:\/\/epochtimestr.com\/index.php\/diyarbakirda-abdulah-ocalanin-afisleri-asildi\">Diyarbak\u0131r&#8217;da Abdulah \u00d6calan&#8217;\u0131n Afi\u015fleri As\u0131ld\u0131<\/a><\/blockquote><iframe sandbox=\"allow-scripts\" security=\"restricted\" src=\"https:\/\/epochtimestr.com\/index.php\/diyarbakirda-abdulah-ocalanin-afisleri-asildi\/embed#?secret=EZPApfqoBF\" width=\"600\" height=\"338\" title=\"&#8220;Diyarbak\u0131r&#8217;da Abdulah \u00d6calan&#8217;\u0131n Afi\u015fleri As\u0131ld\u0131&#8221; &#8212; The Epoch Times TR\" data-secret=\"EZPApfqoBF\" frameborder=\"0\" marginwidth=\"0\" marginheight=\"0\" scrolling=\"no\" class=\"wp-embedded-content\"><\/iframe><script type=\"text\/javascript\">\n\/* <![CDATA[ *\/\n\/*! This file is auto-generated *\/\n!function(d,l){\"use strict\";l.querySelector&&d.addEventListener&&\"undefined\"!=typeof URL&&(d.wp=d.wp||{},d.wp.receiveEmbedMessage||(d.wp.receiveEmbedMessage=function(e){var t=e.data;if((t||t.secret||t.message||t.value)&&!\/[^a-zA-Z0-9]\/.test(t.secret)){for(var s,r,n,a=l.querySelectorAll('iframe[data-secret=\"'+t.secret+'\"]'),o=l.querySelectorAll('blockquote[data-secret=\"'+t.secret+'\"]'),c=new RegExp(\"^https?:$\",\"i\"),i=0;i<o.length;i++)o[i].style.display=\"none\";for(i=0;i<a.length;i++)s=a[i],e.source===s.contentWindow&&(s.removeAttribute(\"style\"),\"height\"===t.message?(1e3<(r=parseInt(t.value,10))?r=1e3:~~r<200&&(r=200),s.height=r):\"link\"===t.message&&(r=new URL(s.getAttribute(\"src\")),n=new URL(t.value),c.test(n.protocol))&&n.host===r.host&&l.activeElement===s&&(d.top.location.href=t.value))}},d.addEventListener(\"message\",d.wp.receiveEmbedMessage,!1),l.addEventListener(\"DOMContentLoaded\",function(){for(var e,t,s=l.querySelectorAll(\"iframe.wp-embedded-content\"),r=0;r<s.length;r++)(t=(e=s[r]).getAttribute(\"data-secret\"))||(t=Math.random().toString(36).substring(2,12),e.src+=\"#?secret=\"+t,e.setAttribute(\"data-secret\",t)),e.contentWindow.postMessage({message:\"ready\",secret:t},\"*\")},!1)))}(window,document);\n\/* ]]> *\/\n<\/script>\n","thumbnail_url":"https:\/\/epochtimestr.com\/wp-content\/uploads\/2011y\/bdpkurum-ziyaretlerine-basladi.png","thumbnail_width":487,"thumbnail_height":350,"description":"BDP, Abdullah \u00d6calan&#8217;\u0131n Suriye&#8217;den \u00e7\u0131kar\u0131ld\u0131ktan sonra T\u00fcrkiye&#8217;ye getirili\u015finin 15. y\u0131l d\u00f6n\u00fcm\u00fc yakla\u015f\u0131rken foto\u011fraf\u0131n\u0131n bulundu\u011fu afi\u015fleri Diyarbak\u0131r&#8217;da billboardlara ast\u0131. PKK&#8217;n\u0131n eleba\u015f\u0131 Abdullah \u00d6calan&#8217;\u0131n Suriye&#8217;den \u00e7\u0131kar\u0131ld\u0131ktan sonra T\u00fcrkiye&#8217;ye getirili\u015finin 15&#8217;inci y\u0131ld\u00f6n\u00fcm\u00fc yakla\u015f\u0131rken Diyarbak\u0131r&#8217;\u0131n Ba\u011flar semtindeki Sento Caddesi \u00fczerindeki bilboardlara d\u00fcn ak\u015fam saatlerinde BDP imzal\u0131 ve \u00fczerinde Abdullah \u00d6calan&#8217;\u0131n foto\u011fraflar\u0131 bulunan K\u00fcrt\u00e7e ve T\u00fcrk\u00e7e yaz\u0131l\u0131 &#8216;\u00d6zg\u00fcr \u00f6nderlikle \u00f6zg\u00fcr [&hellip;]"}

Diyarbakır'da Abdulah Öcalan'ın Afişleri Asıldı - The Epoch Times TR

<blockquote class="wp-embedded-content" data-secret="EZPApfqoBF"><a href="https://epochtimestr.com/index.php/diyarbakirda-abdulah-ocalanin-afisleri-asildi">Diyarbakır&#8217;da Abdulah Öcalan&#8217;ın Afişleri Asıldı</a></blockquote><iframe sandbox="allow-scripts" security="restricted" src="https://epochtimestr.com/index.php/diyarbakirda-abdulah-ocalanin-afisleri-asildi/embed#?secret=EZPApfqoBF" width="600" height="338" title="&#8220;Diyarbakır&#8217;da Abdulah Öcalan&#8217;ın Afişleri Asıldı&#8221; &#8212; The Epoch Times TR" data-secret="EZPApfqoBF" frameborder="0" marginwidth="0" marginheight="0" scrolling="no" class="wp-embedded-content"></iframe><script type="text/javascript">
/* <![CDATA[ */
/*! This file is auto-generated */
!function(d,l){"use strict";l.querySelector&&d.addEventListener&&"undefined"!=typeof URL&&(d.wp=d.wp||{},d.wp.receiveEmbedMessage||(d.wp.receiveEmbedMessage=function(e){var t=e.data;if((t||t.secret||t.message||t.value)&&!/[^a-zA-Z0-9]/.test(t.secret)){for(var s,r,n,a=l.querySelectorAll('iframe[data-secret="'+t.secret+'"]'),o=l.querySelectorAll('blockquote[data-secret="'+t.secret+'"]'),c=new RegExp("^https?:$","i"),i=0;i<o.length;i++)o[i].style.display="none";for(i=0;i<a.length;i++)s=a[i],e.source===s.contentWindow&&(s.removeAttribute("style"),"height"===t.message?(1e3<(r=parseInt(t.value,10))?r=1e3:~~r<200&&(r=200),s.height=r):"link"===t.message&&(r=new URL(s.getAttribute("src")),n=new URL(t.value),c.test(n.protocol))&&n.host===r.host&&l.activeElement===s&&(d.top.location.href=t.value))}},d.addEventListener("message",d.wp.receiveEmbedMessage,!1),l.addEventListener("DOMContentLoaded",function(){for(var e,t,s=l.querySelectorAll("iframe.wp-embedded-content"),r=0;r<s.length;r++)(t=(e=s[r]).getAttribute("data-secret"))||(t=Math.random().toString(36).substring(2,12),e.src+="#?secret="+t,e.setAttribute("data-secret",t)),e.contentWindow.postMessage({message:"ready",secret:t},"*")},!1)))}(window,document);
/* ]]> */
</script>

BDP, Abdullah Öcalan&#8217;ın Suriye&#8217;den çıkarıldıktan sonra Türkiye&#8217;ye getirilişinin 15. yıl dönümü yaklaşırken fotoğrafının bulunduğu afişleri Diyarbakır&#8217;da billboardlara astı. PKK&#8217;nın elebaşı Abdullah Öcalan&#8217;ın Suriye&#8217;den çıkarıldıktan sonra Türkiye&#8217;ye getirilişinin 15&#8217;inci yıldönümü yaklaşırken Diyarbakır&#8217;ın Bağlar semtindeki Sento Caddesi üzerindeki bilboardlara dün akşam saatlerinde BDP imzalı ve üzerinde Abdullah Öcalan&#8217;ın fotoğrafları bulunan Kürtçe ve Türkçe yazılı &#8216;Özgür önderlikle özgür [&hellip;]
