{"version":"1.0","provider_name":"The Epoch Times TR","provider_url":"https:\/\/epochtimestr.com","author_name":"S. \u00d6zcan","author_url":"https:\/\/epochtimestr.com\/index.php\/author\/n-kaya","title":"Emeklilerin 2015 Zam Oranlar\u0131 Belli Oldu - The Epoch Times TR","type":"rich","width":600,"height":338,"html":"<blockquote class=\"wp-embedded-content\" data-secret=\"egeveg9f8Z\"><a href=\"https:\/\/epochtimestr.com\/index.php\/emeklilerin-2015-zam-oranlari-belli-oldu\">Emeklilerin 2015 Zam Oranlar\u0131 Belli Oldu<\/a><\/blockquote><iframe sandbox=\"allow-scripts\" security=\"restricted\" src=\"https:\/\/epochtimestr.com\/index.php\/emeklilerin-2015-zam-oranlari-belli-oldu\/embed#?secret=egeveg9f8Z\" width=\"600\" height=\"338\" title=\"&#8220;Emeklilerin 2015 Zam Oranlar\u0131 Belli Oldu&#8221; &#8212; The Epoch Times TR\" data-secret=\"egeveg9f8Z\" frameborder=\"0\" marginwidth=\"0\" marginheight=\"0\" scrolling=\"no\" class=\"wp-embedded-content\"><\/iframe><script type=\"text\/javascript\">\n\/* <![CDATA[ *\/\n\/*! This file is auto-generated *\/\n!function(d,l){\"use strict\";l.querySelector&&d.addEventListener&&\"undefined\"!=typeof URL&&(d.wp=d.wp||{},d.wp.receiveEmbedMessage||(d.wp.receiveEmbedMessage=function(e){var t=e.data;if((t||t.secret||t.message||t.value)&&!\/[^a-zA-Z0-9]\/.test(t.secret)){for(var s,r,n,a=l.querySelectorAll('iframe[data-secret=\"'+t.secret+'\"]'),o=l.querySelectorAll('blockquote[data-secret=\"'+t.secret+'\"]'),c=new RegExp(\"^https?:$\",\"i\"),i=0;i<o.length;i++)o[i].style.display=\"none\";for(i=0;i<a.length;i++)s=a[i],e.source===s.contentWindow&&(s.removeAttribute(\"style\"),\"height\"===t.message?(1e3<(r=parseInt(t.value,10))?r=1e3:~~r<200&&(r=200),s.height=r):\"link\"===t.message&&(r=new URL(s.getAttribute(\"src\")),n=new URL(t.value),c.test(n.protocol))&&n.host===r.host&&l.activeElement===s&&(d.top.location.href=t.value))}},d.addEventListener(\"message\",d.wp.receiveEmbedMessage,!1),l.addEventListener(\"DOMContentLoaded\",function(){for(var e,t,s=l.querySelectorAll(\"iframe.wp-embedded-content\"),r=0;r<s.length;r++)(t=(e=s[r]).getAttribute(\"data-secret\"))||(t=Math.random().toString(36).substring(2,12),e.src+=\"#?secret=\"+t,e.setAttribute(\"data-secret\",t)),e.contentWindow.postMessage({message:\"ready\",secret:t},\"*\")},!1)))}(window,document);\n\/* ]]> *\/\n<\/script>\n","thumbnail_url":"https:\/\/epochtimestr.com\/wp-content\/uploads\/2011y\/ssk-ve-bagkur-emeklisinin-zam-orani-belli-oldu-584655-664x354.jpg","thumbnail_width":500,"thumbnail_height":266,"description":"T\u00fcrkiye\u2019de say\u0131lar\u0131 yakla\u015f\u0131k 9 milyonu bulan SSK ve Ba\u011fkur emeklisinin 2015 y\u0131l\u0131 ba\u015f\u0131nda alacaklar\u0131 zam oran\u0131 belli oldu. A\u00e7\u0131klanan Aral\u0131k ay\u0131 t\u00fcketici fiyatlar\u0131na g\u00f6re emeklilerin y\u00fczde 2,32 oran\u0131nda zam almas\u0131 gerekiyor. H\u00fckumetin beklentinin alt\u0131nda a\u00e7\u0131klanan bu orana m\u00fcdahale edip zam oran\u0131n\u0131 artt\u0131r\u0131p art\u0131rmayaca\u011f\u0131 merak edilen bir konu. Aral\u0131k d\u00f6neminde t\u00fcketici fiyatlar\u0131 endeksi eksi 0,44 olarak [&hellip;]"}

S. Özcan

Emeklilerin 2015 Zam Oranları Belli Oldu - The Epoch Times TR

<blockquote class="wp-embedded-content" data-secret="egeveg9f8Z"><a href="https://epochtimestr.com/index.php/emeklilerin-2015-zam-oranlari-belli-oldu">Emeklilerin 2015 Zam Oranları Belli Oldu</a></blockquote><iframe sandbox="allow-scripts" security="restricted" src="https://epochtimestr.com/index.php/emeklilerin-2015-zam-oranlari-belli-oldu/embed#?secret=egeveg9f8Z" width="600" height="338" title="&#8220;Emeklilerin 2015 Zam Oranları Belli Oldu&#8221; &#8212; The Epoch Times TR" data-secret="egeveg9f8Z" frameborder="0" marginwidth="0" marginheight="0" scrolling="no" class="wp-embedded-content"></iframe><script type="text/javascript">
/* <![CDATA[ */
/*! This file is auto-generated */
!function(d,l){"use strict";l.querySelector&&d.addEventListener&&"undefined"!=typeof URL&&(d.wp=d.wp||{},d.wp.receiveEmbedMessage||(d.wp.receiveEmbedMessage=function(e){var t=e.data;if((t||t.secret||t.message||t.value)&&!/[^a-zA-Z0-9]/.test(t.secret)){for(var s,r,n,a=l.querySelectorAll('iframe[data-secret="'+t.secret+'"]'),o=l.querySelectorAll('blockquote[data-secret="'+t.secret+'"]'),c=new RegExp("^https?:$","i"),i=0;i<o.length;i++)o[i].style.display="none";for(i=0;i<a.length;i++)s=a[i],e.source===s.contentWindow&&(s.removeAttribute("style"),"height"===t.message?(1e3<(r=parseInt(t.value,10))?r=1e3:~~r<200&&(r=200),s.height=r):"link"===t.message&&(r=new URL(s.getAttribute("src")),n=new URL(t.value),c.test(n.protocol))&&n.host===r.host&&l.activeElement===s&&(d.top.location.href=t.value))}},d.addEventListener("message",d.wp.receiveEmbedMessage,!1),l.addEventListener("DOMContentLoaded",function(){for(var e,t,s=l.querySelectorAll("iframe.wp-embedded-content"),r=0;r<s.length;r++)(t=(e=s[r]).getAttribute("data-secret"))||(t=Math.random().toString(36).substring(2,12),e.src+="#?secret="+t,e.setAttribute("data-secret",t)),e.contentWindow.postMessage({message:"ready",secret:t},"*")},!1)))}(window,document);
/* ]]> */
</script>

Türkiye’de sayıları yaklaşık 9 milyonu bulan SSK ve Bağkur emeklisinin 2015 yılı başında alacakları zam oranı belli oldu. Açıklanan Aralık ayı tüketici fiyatlarına göre emeklilerin yüzde 2,32 oranında zam alması gerekiyor. Hükumetin beklentinin altında açıklanan bu orana müdahale edip zam oranını arttırıp artırmayacağı merak edilen bir konu. Aralık döneminde tüketici fiyatları endeksi eksi 0,44 olarak [&hellip;]
