{"version":"1.0","provider_name":"The Epoch Times TR","provider_url":"https:\/\/epochtimestr.com","author_name":"Haber Merkezi","author_url":"https:\/\/epochtimestr.com\/index.php\/author\/sendag","title":"Ermeni As\u0131ll\u0131 Sanat\u00e7\u0131dan \u201915 Temmuz\u2019 Mar\u015f\u0131 - The Epoch Times TR","type":"rich","width":600,"height":338,"html":"<blockquote class=\"wp-embedded-content\" data-secret=\"yTrQvVolVA\"><a href=\"https:\/\/epochtimestr.com\/index.php\/ermeni-asilli-sanatcidan-15-temmuz-marsi\">Ermeni As\u0131ll\u0131 Sanat\u00e7\u0131dan \u201915 Temmuz\u2019 Mar\u015f\u0131<\/a><\/blockquote><iframe sandbox=\"allow-scripts\" security=\"restricted\" src=\"https:\/\/epochtimestr.com\/index.php\/ermeni-asilli-sanatcidan-15-temmuz-marsi\/embed#?secret=yTrQvVolVA\" width=\"600\" height=\"338\" title=\"&#8220;Ermeni As\u0131ll\u0131 Sanat\u00e7\u0131dan \u201915 Temmuz\u2019 Mar\u015f\u0131&#8221; &#8212; The Epoch Times TR\" data-secret=\"yTrQvVolVA\" frameborder=\"0\" marginwidth=\"0\" marginheight=\"0\" scrolling=\"no\" class=\"wp-embedded-content\"><\/iframe><script type=\"text\/javascript\">\n\/* <![CDATA[ *\/\n\/*! This file is auto-generated *\/\n!function(d,l){\"use strict\";l.querySelector&&d.addEventListener&&\"undefined\"!=typeof URL&&(d.wp=d.wp||{},d.wp.receiveEmbedMessage||(d.wp.receiveEmbedMessage=function(e){var t=e.data;if((t||t.secret||t.message||t.value)&&!\/[^a-zA-Z0-9]\/.test(t.secret)){for(var s,r,n,a=l.querySelectorAll('iframe[data-secret=\"'+t.secret+'\"]'),o=l.querySelectorAll('blockquote[data-secret=\"'+t.secret+'\"]'),c=new RegExp(\"^https?:$\",\"i\"),i=0;i<o.length;i++)o[i].style.display=\"none\";for(i=0;i<a.length;i++)s=a[i],e.source===s.contentWindow&&(s.removeAttribute(\"style\"),\"height\"===t.message?(1e3<(r=parseInt(t.value,10))?r=1e3:~~r<200&&(r=200),s.height=r):\"link\"===t.message&&(r=new URL(s.getAttribute(\"src\")),n=new URL(t.value),c.test(n.protocol))&&n.host===r.host&&l.activeElement===s&&(d.top.location.href=t.value))}},d.addEventListener(\"message\",d.wp.receiveEmbedMessage,!1),l.addEventListener(\"DOMContentLoaded\",function(){for(var e,t,s=l.querySelectorAll(\"iframe.wp-embedded-content\"),r=0;r<s.length;r++)(t=(e=s[r]).getAttribute(\"data-secret\"))||(t=Math.random().toString(36).substring(2,12),e.src+=\"#?secret=\"+t,e.setAttribute(\"data-secret\",t)),e.contentWindow.postMessage({message:\"ready\",secret:t},\"*\")},!1)))}(window,document);\n\/* ]]> *\/\n<\/script>\n","thumbnail_url":"https:\/\/epochtimestr.com\/wp-content\/uploads\/2011y\/jerry.jpg","thumbnail_width":664,"thumbnail_height":354,"description":"Ermeni as\u0131ll\u0131 T\u00fcrk vatanda\u015f\u0131 Jerry Hirimyan, 15 Temmuz darbe giri\u015fimine kar\u015f\u0131 T\u00fcrk halk\u0131n\u0131n verdi\u011fi demokrasi m\u00fccadelesini anlatan \u201cT\u00fcrkiye\u201d adl\u0131 bir mar\u015f yazd\u0131. Hirimyan, &#8220;Benim duygular\u0131m\u0131 en \u00fcst seviyeye ta\u015f\u0131yan Cumhurba\u015fkan\u0131m\u0131z\u0131n iradeli duru\u015fu oldu&#8221; dedi. Fetullah\u00e7\u0131 Ter\u00f6r \u00d6rg\u00fct\u00fc\u2019n\u00fcn (FET\u00d6) 15 Temmuz darbe giri\u015fiminden sonra T\u00fcrk halk\u0131n\u0131n demokrasi m\u00fccadelesini Ermeni as\u0131ll\u0131 T\u00fcrk vatanda\u015f\u0131 Jerry Hirimyan, yazd\u0131\u011f\u0131 mar\u015fta [&hellip;]"}

Ermeni Asıllı Sanatçıdan ’15 Temmuz’ Marşı - The Epoch Times TR

<blockquote class="wp-embedded-content" data-secret="yTrQvVolVA"><a href="https://epochtimestr.com/index.php/ermeni-asilli-sanatcidan-15-temmuz-marsi">Ermeni Asıllı Sanatçıdan ’15 Temmuz’ Marşı</a></blockquote><iframe sandbox="allow-scripts" security="restricted" src="https://epochtimestr.com/index.php/ermeni-asilli-sanatcidan-15-temmuz-marsi/embed#?secret=yTrQvVolVA" width="600" height="338" title="&#8220;Ermeni Asıllı Sanatçıdan ’15 Temmuz’ Marşı&#8221; &#8212; The Epoch Times TR" data-secret="yTrQvVolVA" frameborder="0" marginwidth="0" marginheight="0" scrolling="no" class="wp-embedded-content"></iframe><script type="text/javascript">
/* <![CDATA[ */
/*! This file is auto-generated */
!function(d,l){"use strict";l.querySelector&&d.addEventListener&&"undefined"!=typeof URL&&(d.wp=d.wp||{},d.wp.receiveEmbedMessage||(d.wp.receiveEmbedMessage=function(e){var t=e.data;if((t||t.secret||t.message||t.value)&&!/[^a-zA-Z0-9]/.test(t.secret)){for(var s,r,n,a=l.querySelectorAll('iframe[data-secret="'+t.secret+'"]'),o=l.querySelectorAll('blockquote[data-secret="'+t.secret+'"]'),c=new RegExp("^https?:$","i"),i=0;i<o.length;i++)o[i].style.display="none";for(i=0;i<a.length;i++)s=a[i],e.source===s.contentWindow&&(s.removeAttribute("style"),"height"===t.message?(1e3<(r=parseInt(t.value,10))?r=1e3:~~r<200&&(r=200),s.height=r):"link"===t.message&&(r=new URL(s.getAttribute("src")),n=new URL(t.value),c.test(n.protocol))&&n.host===r.host&&l.activeElement===s&&(d.top.location.href=t.value))}},d.addEventListener("message",d.wp.receiveEmbedMessage,!1),l.addEventListener("DOMContentLoaded",function(){for(var e,t,s=l.querySelectorAll("iframe.wp-embedded-content"),r=0;r<s.length;r++)(t=(e=s[r]).getAttribute("data-secret"))||(t=Math.random().toString(36).substring(2,12),e.src+="#?secret="+t,e.setAttribute("data-secret",t)),e.contentWindow.postMessage({message:"ready",secret:t},"*")},!1)))}(window,document);
/* ]]> */
</script>

Ermeni asıllı Türk vatandaşı Jerry Hirimyan, 15 Temmuz darbe girişimine karşı Türk halkının verdiği demokrasi mücadelesini anlatan “Türkiye” adlı bir marş yazdı. Hirimyan, &#8220;Benim duygularımı en üst seviyeye taşıyan Cumhurbaşkanımızın iradeli duruşu oldu&#8221; dedi. Fetullahçı Terör Örgütü’nün (FETÖ) 15 Temmuz darbe girişiminden sonra Türk halkının demokrasi mücadelesini Ermeni asıllı Türk vatandaşı Jerry Hirimyan, yazdığı marşta [&hellip;]
