{"version":"1.0","provider_name":"The Epoch Times TR","provider_url":"https:\/\/epochtimestr.com","author_name":"Haber Merkezi","author_url":"https:\/\/epochtimestr.com\/index.php\/author\/sendag","title":"Facebook Kurucusu Zuckerberg A\u00e7\u0131klamada Bulundu - The Epoch Times TR","type":"rich","width":600,"height":338,"html":"<blockquote class=\"wp-embedded-content\" data-secret=\"fcsa8G83Zu\"><a href=\"https:\/\/epochtimestr.com\/index.php\/facebook-kurucusu-zuckerberg-aciklamada-bulundu\">Facebook Kurucusu Zuckerberg A\u00e7\u0131klamada Bulundu<\/a><\/blockquote><iframe sandbox=\"allow-scripts\" security=\"restricted\" src=\"https:\/\/epochtimestr.com\/index.php\/facebook-kurucusu-zuckerberg-aciklamada-bulundu\/embed#?secret=fcsa8G83Zu\" width=\"600\" height=\"338\" title=\"&#8220;Facebook Kurucusu Zuckerberg A\u00e7\u0131klamada Bulundu&#8221; &#8212; The Epoch Times TR\" data-secret=\"fcsa8G83Zu\" frameborder=\"0\" marginwidth=\"0\" marginheight=\"0\" scrolling=\"no\" class=\"wp-embedded-content\"><\/iframe><script type=\"text\/javascript\">\n\/* <![CDATA[ *\/\n\/*! This file is auto-generated *\/\n!function(d,l){\"use strict\";l.querySelector&&d.addEventListener&&\"undefined\"!=typeof URL&&(d.wp=d.wp||{},d.wp.receiveEmbedMessage||(d.wp.receiveEmbedMessage=function(e){var t=e.data;if((t||t.secret||t.message||t.value)&&!\/[^a-zA-Z0-9]\/.test(t.secret)){for(var s,r,n,a=l.querySelectorAll('iframe[data-secret=\"'+t.secret+'\"]'),o=l.querySelectorAll('blockquote[data-secret=\"'+t.secret+'\"]'),c=new RegExp(\"^https?:$\",\"i\"),i=0;i<o.length;i++)o[i].style.display=\"none\";for(i=0;i<a.length;i++)s=a[i],e.source===s.contentWindow&&(s.removeAttribute(\"style\"),\"height\"===t.message?(1e3<(r=parseInt(t.value,10))?r=1e3:~~r<200&&(r=200),s.height=r):\"link\"===t.message&&(r=new URL(s.getAttribute(\"src\")),n=new URL(t.value),c.test(n.protocol))&&n.host===r.host&&l.activeElement===s&&(d.top.location.href=t.value))}},d.addEventListener(\"message\",d.wp.receiveEmbedMessage,!1),l.addEventListener(\"DOMContentLoaded\",function(){for(var e,t,s=l.querySelectorAll(\"iframe.wp-embedded-content\"),r=0;r<s.length;r++)(t=(e=s[r]).getAttribute(\"data-secret\"))||(t=Math.random().toString(36).substring(2,12),e.src+=\"#?secret=\"+t,e.setAttribute(\"data-secret\",t)),e.contentWindow.postMessage({message:\"ready\",secret:t},\"*\")},!1)))}(window,document);\n\/* ]]> *\/\n<\/script>\n","thumbnail_url":"https:\/\/epochtimestr.com\/wp-content\/uploads\/2011y\/Mark-Zuckerberg_facebook.jpg","thumbnail_width":634,"thumbnail_height":441,"description":"Facebook kurucusu ve \u00dcst Y\u00f6neticisi Mark Zuckerberg, \u015firketin 50 milyon kullan\u0131c\u0131s\u0131na ait ki\u015fisel bilgilerin d\u0131\u015far\u0131 s\u0131zmas\u0131yla ilgili resmi a\u00e7\u0131klama yapt\u0131. 1.5 milyardan fazla \u00fcyesiyle d\u00fcnyan\u0131n en b\u00fcy\u00fck sosyal payla\u015f\u0131m sitesi Facebook&#8217;un kurucusu, 33 ya\u015f\u0131ndaki giri\u015fimci Mark Zuckerberg, 50 milyon kullan\u0131c\u0131 profiline ait verilerin Cambridge Analytica veri \u015firketi taraf\u0131ndan usuls\u00fcz kullan\u0131ld\u0131\u011f\u0131n\u0131n ortaya \u00e7\u0131kmas\u0131 \u00fczerine hata yapt\u0131\u011f\u0131n\u0131 [&hellip;]"}

Facebook Kurucusu Zuckerberg Açıklamada Bulundu - The Epoch Times TR

<blockquote class="wp-embedded-content" data-secret="fcsa8G83Zu"><a href="https://epochtimestr.com/index.php/facebook-kurucusu-zuckerberg-aciklamada-bulundu">Facebook Kurucusu Zuckerberg Açıklamada Bulundu</a></blockquote><iframe sandbox="allow-scripts" security="restricted" src="https://epochtimestr.com/index.php/facebook-kurucusu-zuckerberg-aciklamada-bulundu/embed#?secret=fcsa8G83Zu" width="600" height="338" title="&#8220;Facebook Kurucusu Zuckerberg Açıklamada Bulundu&#8221; &#8212; The Epoch Times TR" data-secret="fcsa8G83Zu" frameborder="0" marginwidth="0" marginheight="0" scrolling="no" class="wp-embedded-content"></iframe><script type="text/javascript">
/* <![CDATA[ */
/*! This file is auto-generated */
!function(d,l){"use strict";l.querySelector&&d.addEventListener&&"undefined"!=typeof URL&&(d.wp=d.wp||{},d.wp.receiveEmbedMessage||(d.wp.receiveEmbedMessage=function(e){var t=e.data;if((t||t.secret||t.message||t.value)&&!/[^a-zA-Z0-9]/.test(t.secret)){for(var s,r,n,a=l.querySelectorAll('iframe[data-secret="'+t.secret+'"]'),o=l.querySelectorAll('blockquote[data-secret="'+t.secret+'"]'),c=new RegExp("^https?:$","i"),i=0;i<o.length;i++)o[i].style.display="none";for(i=0;i<a.length;i++)s=a[i],e.source===s.contentWindow&&(s.removeAttribute("style"),"height"===t.message?(1e3<(r=parseInt(t.value,10))?r=1e3:~~r<200&&(r=200),s.height=r):"link"===t.message&&(r=new URL(s.getAttribute("src")),n=new URL(t.value),c.test(n.protocol))&&n.host===r.host&&l.activeElement===s&&(d.top.location.href=t.value))}},d.addEventListener("message",d.wp.receiveEmbedMessage,!1),l.addEventListener("DOMContentLoaded",function(){for(var e,t,s=l.querySelectorAll("iframe.wp-embedded-content"),r=0;r<s.length;r++)(t=(e=s[r]).getAttribute("data-secret"))||(t=Math.random().toString(36).substring(2,12),e.src+="#?secret="+t,e.setAttribute("data-secret",t)),e.contentWindow.postMessage({message:"ready",secret:t},"*")},!1)))}(window,document);
/* ]]> */
</script>

Facebook kurucusu ve Üst Yöneticisi Mark Zuckerberg, şirketin 50 milyon kullanıcısına ait kişisel bilgilerin dışarı sızmasıyla ilgili resmi açıklama yaptı. 1.5 milyardan fazla üyesiyle dünyanın en büyük sosyal paylaşım sitesi Facebook&#8217;un kurucusu, 33 yaşındaki girişimci Mark Zuckerberg, 50 milyon kullanıcı profiline ait verilerin Cambridge Analytica veri şirketi tarafından usulsüz kullanıldığının ortaya çıkması üzerine hata yaptığını [&hellip;]
