{"version":"1.0","provider_name":"The Epoch Times TR","provider_url":"https:\/\/epochtimestr.com","author_name":"Haber Merkezi","author_url":"https:\/\/epochtimestr.com\/index.php\/author\/sendag","title":"Fatma Girik Son Yolculu\u011funa U\u011furlan\u0131yor - The Epoch Times TR","type":"rich","width":600,"height":338,"html":"<blockquote class=\"wp-embedded-content\" data-secret=\"V3pBRPoxQk\"><a href=\"https:\/\/epochtimestr.com\/index.php\/fatma-girik-son-yolculuguna-ugurlaniyor\">Fatma Girik Son Yolculu\u011funa U\u011furlan\u0131yor<\/a><\/blockquote><iframe sandbox=\"allow-scripts\" security=\"restricted\" src=\"https:\/\/epochtimestr.com\/index.php\/fatma-girik-son-yolculuguna-ugurlaniyor\/embed#?secret=V3pBRPoxQk\" width=\"600\" height=\"338\" title=\"&#8220;Fatma Girik Son Yolculu\u011funa U\u011furlan\u0131yor&#8221; &#8212; The Epoch Times TR\" data-secret=\"V3pBRPoxQk\" frameborder=\"0\" marginwidth=\"0\" marginheight=\"0\" scrolling=\"no\" class=\"wp-embedded-content\"><\/iframe><script type=\"text\/javascript\">\n\/* <![CDATA[ *\/\n\/*! This file is auto-generated *\/\n!function(d,l){\"use strict\";l.querySelector&&d.addEventListener&&\"undefined\"!=typeof URL&&(d.wp=d.wp||{},d.wp.receiveEmbedMessage||(d.wp.receiveEmbedMessage=function(e){var t=e.data;if((t||t.secret||t.message||t.value)&&!\/[^a-zA-Z0-9]\/.test(t.secret)){for(var s,r,n,a=l.querySelectorAll('iframe[data-secret=\"'+t.secret+'\"]'),o=l.querySelectorAll('blockquote[data-secret=\"'+t.secret+'\"]'),c=new RegExp(\"^https?:$\",\"i\"),i=0;i<o.length;i++)o[i].style.display=\"none\";for(i=0;i<a.length;i++)s=a[i],e.source===s.contentWindow&&(s.removeAttribute(\"style\"),\"height\"===t.message?(1e3<(r=parseInt(t.value,10))?r=1e3:~~r<200&&(r=200),s.height=r):\"link\"===t.message&&(r=new URL(s.getAttribute(\"src\")),n=new URL(t.value),c.test(n.protocol))&&n.host===r.host&&l.activeElement===s&&(d.top.location.href=t.value))}},d.addEventListener(\"message\",d.wp.receiveEmbedMessage,!1),l.addEventListener(\"DOMContentLoaded\",function(){for(var e,t,s=l.querySelectorAll(\"iframe.wp-embedded-content\"),r=0;r<s.length;r++)(t=(e=s[r]).getAttribute(\"data-secret\"))||(t=Math.random().toString(36).substring(2,12),e.src+=\"#?secret=\"+t,e.setAttribute(\"data-secret\",t)),e.contentWindow.postMessage({message:\"ready\",secret:t},\"*\")},!1)))}(window,document);\n\/* ]]> *\/\n<\/script>\n","thumbnail_url":"https:\/\/epochtimestr.com\/wp-content\/uploads\/2011y\/Fatma-Girik-screenshotyoutube.png","thumbnail_width":807,"thumbnail_height":559,"description":"Covid-19\u2019a ba\u011fl\u0131 \u00e7oklu organ yetmezli\u011fi sonucu ya\u015fam\u0131n\u0131 yitiren Fatma Girik&#8217;in cenaze t\u00f6reni d\u00fczenlendi. Aile yak\u0131n\u0131 Ahmet Hamdi G\u00fcrb\u00fcz, Fatma Girik i\u00e7in yap\u0131lacak cenaze t\u00f6reni ile ilgili bas\u0131n mensuplar\u0131na bilgi verdi. 27 Ocak Per\u015fembe g\u00fcn\u00fc saat 10.00\u2019da \u015ei\u015fli Belediyesi\u2019nde yap\u0131lan vedala\u015fman\u0131n ard\u0131ndan 11.00\u2019da Cemal Re\u015fit Rey Salonu\u2019nda anma t\u00f6reni yap\u0131lacak. \u00d6\u011fle namaz\u0131n\u0131n ard\u0131ndan Te\u015fvikiye Camii\u2019nde cenaze [&hellip;]"}

Fatma Girik Son Yolculuğuna Uğurlanıyor - The Epoch Times TR

<blockquote class="wp-embedded-content" data-secret="V3pBRPoxQk"><a href="https://epochtimestr.com/index.php/fatma-girik-son-yolculuguna-ugurlaniyor">Fatma Girik Son Yolculuğuna Uğurlanıyor</a></blockquote><iframe sandbox="allow-scripts" security="restricted" src="https://epochtimestr.com/index.php/fatma-girik-son-yolculuguna-ugurlaniyor/embed#?secret=V3pBRPoxQk" width="600" height="338" title="&#8220;Fatma Girik Son Yolculuğuna Uğurlanıyor&#8221; &#8212; The Epoch Times TR" data-secret="V3pBRPoxQk" frameborder="0" marginwidth="0" marginheight="0" scrolling="no" class="wp-embedded-content"></iframe><script type="text/javascript">
/* <![CDATA[ */
/*! This file is auto-generated */
!function(d,l){"use strict";l.querySelector&&d.addEventListener&&"undefined"!=typeof URL&&(d.wp=d.wp||{},d.wp.receiveEmbedMessage||(d.wp.receiveEmbedMessage=function(e){var t=e.data;if((t||t.secret||t.message||t.value)&&!/[^a-zA-Z0-9]/.test(t.secret)){for(var s,r,n,a=l.querySelectorAll('iframe[data-secret="'+t.secret+'"]'),o=l.querySelectorAll('blockquote[data-secret="'+t.secret+'"]'),c=new RegExp("^https?:$","i"),i=0;i<o.length;i++)o[i].style.display="none";for(i=0;i<a.length;i++)s=a[i],e.source===s.contentWindow&&(s.removeAttribute("style"),"height"===t.message?(1e3<(r=parseInt(t.value,10))?r=1e3:~~r<200&&(r=200),s.height=r):"link"===t.message&&(r=new URL(s.getAttribute("src")),n=new URL(t.value),c.test(n.protocol))&&n.host===r.host&&l.activeElement===s&&(d.top.location.href=t.value))}},d.addEventListener("message",d.wp.receiveEmbedMessage,!1),l.addEventListener("DOMContentLoaded",function(){for(var e,t,s=l.querySelectorAll("iframe.wp-embedded-content"),r=0;r<s.length;r++)(t=(e=s[r]).getAttribute("data-secret"))||(t=Math.random().toString(36).substring(2,12),e.src+="#?secret="+t,e.setAttribute("data-secret",t)),e.contentWindow.postMessage({message:"ready",secret:t},"*")},!1)))}(window,document);
/* ]]> */
</script>

Covid-19’a bağlı çoklu organ yetmezliği sonucu yaşamını yitiren Fatma Girik&#8217;in cenaze töreni düzenlendi. Aile yakını Ahmet Hamdi Gürbüz, Fatma Girik için yapılacak cenaze töreni ile ilgili basın mensuplarına bilgi verdi. 27 Ocak Perşembe günü saat 10.00’da Şişli Belediyesi’nde yapılan vedalaşmanın ardından 11.00’da Cemal Reşit Rey Salonu’nda anma töreni yapılacak. Öğle namazının ardından Teşvikiye Camii’nde cenaze [&hellip;]
