{"version":"1.0","provider_name":"The Epoch Times TR","provider_url":"https:\/\/epochtimestr.com","author_name":"D.Alk\u0131n","author_url":"https:\/\/epochtimestr.com\/index.php\/author\/derya","title":"Faturalar\u0131m\u0131zdaki Ka\u00e7ak Elektrik Bedelini Nerelere \u00d6d\u00fcyoruz? - The Epoch Times TR","type":"rich","width":600,"height":338,"html":"<blockquote class=\"wp-embedded-content\" data-secret=\"megncjHzeZ\"><a href=\"https:\/\/epochtimestr.com\/index.php\/faturalarimizdaki-kacak-elektrik-bedelini-nerelere-oduyoruz\">Faturalar\u0131m\u0131zdaki Ka\u00e7ak Elektrik Bedelini Nerelere \u00d6d\u00fcyoruz?<\/a><\/blockquote><iframe sandbox=\"allow-scripts\" security=\"restricted\" src=\"https:\/\/epochtimestr.com\/index.php\/faturalarimizdaki-kacak-elektrik-bedelini-nerelere-oduyoruz\/embed#?secret=megncjHzeZ\" width=\"600\" height=\"338\" title=\"&#8220;Faturalar\u0131m\u0131zdaki Ka\u00e7ak Elektrik Bedelini Nerelere \u00d6d\u00fcyoruz?&#8221; &#8212; The Epoch Times TR\" data-secret=\"megncjHzeZ\" frameborder=\"0\" marginwidth=\"0\" marginheight=\"0\" scrolling=\"no\" class=\"wp-embedded-content\"><\/iframe><script type=\"text\/javascript\">\n\/* <![CDATA[ *\/\n\/*! This file is auto-generated *\/\n!function(d,l){\"use strict\";l.querySelector&&d.addEventListener&&\"undefined\"!=typeof URL&&(d.wp=d.wp||{},d.wp.receiveEmbedMessage||(d.wp.receiveEmbedMessage=function(e){var t=e.data;if((t||t.secret||t.message||t.value)&&!\/[^a-zA-Z0-9]\/.test(t.secret)){for(var s,r,n,a=l.querySelectorAll('iframe[data-secret=\"'+t.secret+'\"]'),o=l.querySelectorAll('blockquote[data-secret=\"'+t.secret+'\"]'),c=new RegExp(\"^https?:$\",\"i\"),i=0;i<o.length;i++)o[i].style.display=\"none\";for(i=0;i<a.length;i++)s=a[i],e.source===s.contentWindow&&(s.removeAttribute(\"style\"),\"height\"===t.message?(1e3<(r=parseInt(t.value,10))?r=1e3:~~r<200&&(r=200),s.height=r):\"link\"===t.message&&(r=new URL(s.getAttribute(\"src\")),n=new URL(t.value),c.test(n.protocol))&&n.host===r.host&&l.activeElement===s&&(d.top.location.href=t.value))}},d.addEventListener(\"message\",d.wp.receiveEmbedMessage,!1),l.addEventListener(\"DOMContentLoaded\",function(){for(var e,t,s=l.querySelectorAll(\"iframe.wp-embedded-content\"),r=0;r<s.length;r++)(t=(e=s[r]).getAttribute(\"data-secret\"))||(t=Math.random().toString(36).substring(2,12),e.src+=\"#?secret=\"+t,e.setAttribute(\"data-secret\",t)),e.contentWindow.postMessage({message:\"ready\",secret:t},\"*\")},!1)))}(window,document);\n\/* ]]> *\/\n<\/script>\n","thumbnail_url":"https:\/\/epochtimestr.com\/wp-content\/uploads\/2011y\/el.jpg","thumbnail_width":400,"thumbnail_height":293,"description":"KAYIP KA\u00c7AK BEDEL\u0130N\u0130 NERELERE \u00d6D\u00dcYORUZ? Kamuoyunda son g\u00fcnlerde elektrik faturalar\u0131nda yer alan kalemlerle t\u00fcketicilerden al\u0131nan kay\u0131p ka\u00e7ak bedeli tart\u0131\u015f\u0131l\u0131yor. TEDA\u015e faturalar\u0131nda yer alan \u2018\u2018Saya\u00e7 okuma bedeli, kay\u0131p- ka\u00e7ak fark\u0131, TRT pay\u0131\u2019\u2019 gibi kalemlerin faturalarda yer almas\u0131, kulland\u0131\u011f\u0131 elektri\u011fi \u00f6deyen abonelerden itirazlar gelmeye ba\u015fland\u0131. \u00d6zellikle EPDK\u2019n\u0131n ocak 2011\u2019de ald\u0131\u011f\u0131 kararla abonelerden al\u0131nmaya ba\u015flanan Kay\u0131p-Ka\u00e7ak bedeli kamuoyu [&hellip;]"}

D.Alkın

Faturalarımızdaki Kaçak Elektrik Bedelini Nerelere Ödüyoruz? - The Epoch Times TR

<blockquote class="wp-embedded-content" data-secret="megncjHzeZ"><a href="https://epochtimestr.com/index.php/faturalarimizdaki-kacak-elektrik-bedelini-nerelere-oduyoruz">Faturalarımızdaki Kaçak Elektrik Bedelini Nerelere Ödüyoruz?</a></blockquote><iframe sandbox="allow-scripts" security="restricted" src="https://epochtimestr.com/index.php/faturalarimizdaki-kacak-elektrik-bedelini-nerelere-oduyoruz/embed#?secret=megncjHzeZ" width="600" height="338" title="&#8220;Faturalarımızdaki Kaçak Elektrik Bedelini Nerelere Ödüyoruz?&#8221; &#8212; The Epoch Times TR" data-secret="megncjHzeZ" frameborder="0" marginwidth="0" marginheight="0" scrolling="no" class="wp-embedded-content"></iframe><script type="text/javascript">
/* <![CDATA[ */
/*! This file is auto-generated */
!function(d,l){"use strict";l.querySelector&&d.addEventListener&&"undefined"!=typeof URL&&(d.wp=d.wp||{},d.wp.receiveEmbedMessage||(d.wp.receiveEmbedMessage=function(e){var t=e.data;if((t||t.secret||t.message||t.value)&&!/[^a-zA-Z0-9]/.test(t.secret)){for(var s,r,n,a=l.querySelectorAll('iframe[data-secret="'+t.secret+'"]'),o=l.querySelectorAll('blockquote[data-secret="'+t.secret+'"]'),c=new RegExp("^https?:$","i"),i=0;i<o.length;i++)o[i].style.display="none";for(i=0;i<a.length;i++)s=a[i],e.source===s.contentWindow&&(s.removeAttribute("style"),"height"===t.message?(1e3<(r=parseInt(t.value,10))?r=1e3:~~r<200&&(r=200),s.height=r):"link"===t.message&&(r=new URL(s.getAttribute("src")),n=new URL(t.value),c.test(n.protocol))&&n.host===r.host&&l.activeElement===s&&(d.top.location.href=t.value))}},d.addEventListener("message",d.wp.receiveEmbedMessage,!1),l.addEventListener("DOMContentLoaded",function(){for(var e,t,s=l.querySelectorAll("iframe.wp-embedded-content"),r=0;r<s.length;r++)(t=(e=s[r]).getAttribute("data-secret"))||(t=Math.random().toString(36).substring(2,12),e.src+="#?secret="+t,e.setAttribute("data-secret",t)),e.contentWindow.postMessage({message:"ready",secret:t},"*")},!1)))}(window,document);
/* ]]> */
</script>

KAYIP KAÇAK BEDELİNİ NERELERE ÖDÜYORUZ? Kamuoyunda son günlerde elektrik faturalarında yer alan kalemlerle tüketicilerden alınan kayıp kaçak bedeli tartışılıyor. TEDAŞ faturalarında yer alan ‘‘Sayaç okuma bedeli, kayıp- kaçak farkı, TRT payı’’ gibi kalemlerin faturalarda yer alması, kullandığı elektriği ödeyen abonelerden itirazlar gelmeye başlandı. Özellikle EPDK’nın ocak 2011’de aldığı kararla abonelerden alınmaya başlanan Kayıp-Kaçak bedeli kamuoyu [&hellip;]
