{"version":"1.0","provider_name":"The Epoch Times TR","provider_url":"https:\/\/epochtimestr.com","author_name":"Bora Akdeniz","author_url":"https:\/\/epochtimestr.com\/index.php\/author\/bora","title":"Fenerbah\u00e7e: Su\u00e7lamalara inanm\u0131yoruz! - The Epoch Times TR","type":"rich","width":600,"height":338,"html":"<blockquote class=\"wp-embedded-content\" data-secret=\"uxzm5oCQSx\"><a href=\"https:\/\/epochtimestr.com\/index.php\/fenerbahce-suclamalara-inanmiyoruz\">Fenerbah\u00e7e: Su\u00e7lamalara inanm\u0131yoruz!<\/a><\/blockquote><iframe sandbox=\"allow-scripts\" security=\"restricted\" src=\"https:\/\/epochtimestr.com\/index.php\/fenerbahce-suclamalara-inanmiyoruz\/embed#?secret=uxzm5oCQSx\" width=\"600\" height=\"338\" title=\"&#8220;Fenerbah\u00e7e: Su\u00e7lamalara inanm\u0131yoruz!&#8221; &#8212; The Epoch Times TR\" data-secret=\"uxzm5oCQSx\" frameborder=\"0\" marginwidth=\"0\" marginheight=\"0\" scrolling=\"no\" class=\"wp-embedded-content\"><\/iframe><script type=\"text\/javascript\">\n\/* <![CDATA[ *\/\n\/*! This file is auto-generated *\/\n!function(d,l){\"use strict\";l.querySelector&&d.addEventListener&&\"undefined\"!=typeof URL&&(d.wp=d.wp||{},d.wp.receiveEmbedMessage||(d.wp.receiveEmbedMessage=function(e){var t=e.data;if((t||t.secret||t.message||t.value)&&!\/[^a-zA-Z0-9]\/.test(t.secret)){for(var s,r,n,a=l.querySelectorAll('iframe[data-secret=\"'+t.secret+'\"]'),o=l.querySelectorAll('blockquote[data-secret=\"'+t.secret+'\"]'),c=new RegExp(\"^https?:$\",\"i\"),i=0;i<o.length;i++)o[i].style.display=\"none\";for(i=0;i<a.length;i++)s=a[i],e.source===s.contentWindow&&(s.removeAttribute(\"style\"),\"height\"===t.message?(1e3<(r=parseInt(t.value,10))?r=1e3:~~r<200&&(r=200),s.height=r):\"link\"===t.message&&(r=new URL(s.getAttribute(\"src\")),n=new URL(t.value),c.test(n.protocol))&&n.host===r.host&&l.activeElement===s&&(d.top.location.href=t.value))}},d.addEventListener(\"message\",d.wp.receiveEmbedMessage,!1),l.addEventListener(\"DOMContentLoaded\",function(){for(var e,t,s=l.querySelectorAll(\"iframe.wp-embedded-content\"),r=0;r<s.length;r++)(t=(e=s[r]).getAttribute(\"data-secret\"))||(t=Math.random().toString(36).substring(2,12),e.src+=\"#?secret=\"+t,e.setAttribute(\"data-secret\",t)),e.contentWindow.postMessage({message:\"ready\",secret:t},\"*\")},!1)))}(window,document);\n\/* ]]> *\/\n<\/script>\n","description":"Ya\u015fanan \u015fike olaylar\u0131ndan sonra Fenerbah\u00e7e Ba\u015fkan Vekili Nihat \u00d6zdemir\u2019in, Fenerbah\u00e7e \u015e\u00fckr\u00fc Saraco\u011flu Stad\u0131 1907 Trib\u00fcn\u00fc\u2019nde bas\u0131n a\u00e7\u0131klamas\u0131 yapt\u0131. Fenerbah\u00e7e resmi web sitesinden al\u0131nan\u00a0a\u00e7\u0131klaman\u0131n\u00a0ayr\u0131nt\u0131lar\u0131 \u015fu \u015fekilde : Ba\u015fkanvekilimiz Nihat \u00d6zdemir, t\u00fcm Y\u00f6neticilerimizin de haz\u0131r bulundu\u011fu bas\u0131n toplant\u0131s\u0131nda, &#8220;Ba\u015fkan\u0131m\u0131z ve Y\u00f6neticilerimize isnat edilmeye \u00e7al\u0131\u015f\u0131lan su\u00e7lamalara inanm\u0131yoruz&#8221; dedi. Ba\u015fkanvekilimiz Nihat \u00d6zdemir\u2019in, Fenerbah\u00e7e \u015e\u00fckr\u00fc Saraco\u011flu Stad\u0131 1907 Trib\u00fcn\u00fc\u2019nde d\u00fczenledi\u011fi [&hellip;]","thumbnail_url":"http:\/\/www.epochtimestr.com\/wp-content\/uploads\/2011y\/fb.jpg"}

Fenerbahçe: Suçlamalara inanmıyoruz! - The Epoch Times TR

<blockquote class="wp-embedded-content" data-secret="uxzm5oCQSx"><a href="https://epochtimestr.com/index.php/fenerbahce-suclamalara-inanmiyoruz">Fenerbahçe: Suçlamalara inanmıyoruz!</a></blockquote><iframe sandbox="allow-scripts" security="restricted" src="https://epochtimestr.com/index.php/fenerbahce-suclamalara-inanmiyoruz/embed#?secret=uxzm5oCQSx" width="600" height="338" title="&#8220;Fenerbahçe: Suçlamalara inanmıyoruz!&#8221; &#8212; The Epoch Times TR" data-secret="uxzm5oCQSx" frameborder="0" marginwidth="0" marginheight="0" scrolling="no" class="wp-embedded-content"></iframe><script type="text/javascript">
/* <![CDATA[ */
/*! This file is auto-generated */
!function(d,l){"use strict";l.querySelector&&d.addEventListener&&"undefined"!=typeof URL&&(d.wp=d.wp||{},d.wp.receiveEmbedMessage||(d.wp.receiveEmbedMessage=function(e){var t=e.data;if((t||t.secret||t.message||t.value)&&!/[^a-zA-Z0-9]/.test(t.secret)){for(var s,r,n,a=l.querySelectorAll('iframe[data-secret="'+t.secret+'"]'),o=l.querySelectorAll('blockquote[data-secret="'+t.secret+'"]'),c=new RegExp("^https?:$","i"),i=0;i<o.length;i++)o[i].style.display="none";for(i=0;i<a.length;i++)s=a[i],e.source===s.contentWindow&&(s.removeAttribute("style"),"height"===t.message?(1e3<(r=parseInt(t.value,10))?r=1e3:~~r<200&&(r=200),s.height=r):"link"===t.message&&(r=new URL(s.getAttribute("src")),n=new URL(t.value),c.test(n.protocol))&&n.host===r.host&&l.activeElement===s&&(d.top.location.href=t.value))}},d.addEventListener("message",d.wp.receiveEmbedMessage,!1),l.addEventListener("DOMContentLoaded",function(){for(var e,t,s=l.querySelectorAll("iframe.wp-embedded-content"),r=0;r<s.length;r++)(t=(e=s[r]).getAttribute("data-secret"))||(t=Math.random().toString(36).substring(2,12),e.src+="#?secret="+t,e.setAttribute("data-secret",t)),e.contentWindow.postMessage({message:"ready",secret:t},"*")},!1)))}(window,document);
/* ]]> */
</script>

Yaşanan şike olaylarından sonra Fenerbahçe Başkan Vekili Nihat Özdemir’in, Fenerbahçe Şükrü Saracoğlu Stadı 1907 Tribünü’nde basın açıklaması yaptı. Fenerbahçe resmi web sitesinden alınan açıklamanın ayrıntıları şu şekilde : Başkanvekilimiz Nihat Özdemir, tüm Yöneticilerimizin de hazır bulunduğu basın toplantısında, &#8220;Başkanımız ve Yöneticilerimize isnat edilmeye çalışılan suçlamalara inanmıyoruz&#8221; dedi. Başkanvekilimiz Nihat Özdemir’in, Fenerbahçe Şükrü Saracoğlu Stadı 1907 Tribünü’nde düzenlediği [&hellip;]
