{"version":"1.0","provider_name":"The Epoch Times TR","provider_url":"https:\/\/epochtimestr.com","author_name":"Haber Merkezi","author_url":"https:\/\/epochtimestr.com\/index.php\/author\/sendag","title":"Floyd Davas\u0131nda Eski Polis Memuru Su\u00e7lu Bulundu - The Epoch Times TR","type":"rich","width":600,"height":338,"html":"<blockquote class=\"wp-embedded-content\" data-secret=\"cdFbkTISny\"><a href=\"https:\/\/epochtimestr.com\/index.php\/floyd-davasinda-eski-polis-memuru-suclu-bulundu\">Floyd Davas\u0131nda Eski Polis Memuru Su\u00e7lu Bulundu<\/a><\/blockquote><iframe sandbox=\"allow-scripts\" security=\"restricted\" src=\"https:\/\/epochtimestr.com\/index.php\/floyd-davasinda-eski-polis-memuru-suclu-bulundu\/embed#?secret=cdFbkTISny\" width=\"600\" height=\"338\" title=\"&#8220;Floyd Davas\u0131nda Eski Polis Memuru Su\u00e7lu Bulundu&#8221; &#8212; The Epoch Times TR\" data-secret=\"cdFbkTISny\" frameborder=\"0\" marginwidth=\"0\" marginheight=\"0\" scrolling=\"no\" class=\"wp-embedded-content\"><\/iframe><script type=\"text\/javascript\">\n\/* <![CDATA[ *\/\n\/*! This file is auto-generated *\/\n!function(d,l){\"use strict\";l.querySelector&&d.addEventListener&&\"undefined\"!=typeof URL&&(d.wp=d.wp||{},d.wp.receiveEmbedMessage||(d.wp.receiveEmbedMessage=function(e){var t=e.data;if((t||t.secret||t.message||t.value)&&!\/[^a-zA-Z0-9]\/.test(t.secret)){for(var s,r,n,a=l.querySelectorAll('iframe[data-secret=\"'+t.secret+'\"]'),o=l.querySelectorAll('blockquote[data-secret=\"'+t.secret+'\"]'),c=new RegExp(\"^https?:$\",\"i\"),i=0;i<o.length;i++)o[i].style.display=\"none\";for(i=0;i<a.length;i++)s=a[i],e.source===s.contentWindow&&(s.removeAttribute(\"style\"),\"height\"===t.message?(1e3<(r=parseInt(t.value,10))?r=1e3:~~r<200&&(r=200),s.height=r):\"link\"===t.message&&(r=new URL(s.getAttribute(\"src\")),n=new URL(t.value),c.test(n.protocol))&&n.host===r.host&&l.activeElement===s&&(d.top.location.href=t.value))}},d.addEventListener(\"message\",d.wp.receiveEmbedMessage,!1),l.addEventListener(\"DOMContentLoaded\",function(){for(var e,t,s=l.querySelectorAll(\"iframe.wp-embedded-content\"),r=0;r<s.length;r++)(t=(e=s[r]).getAttribute(\"data-secret\"))||(t=Math.random().toString(36).substring(2,12),e.src+=\"#?secret=\"+t,e.setAttribute(\"data-secret\",t)),e.contentWindow.postMessage({message:\"ready\",secret:t},\"*\")},!1)))}(window,document);\n\/* ]]> *\/\n<\/script>\n","thumbnail_url":"https:\/\/epochtimestr.com\/wp-content\/uploads\/2011y\/abd-25.jpg","thumbnail_width":960,"thumbnail_height":672,"description":"ABD&#8217;nin Minnesota eyaletindeki davada j\u00fcri, eski polis memuru Derek Chauvin&#8217;i, siyah Amerikal\u0131 George Floyd&#8217;un g\u00f6zalt\u0131na al\u0131nmas\u0131 s\u0131ras\u0131nda dizini ensesine basarak \u00f6l\u00fcm\u00fcne neden olmaktan su\u00e7lu buldu. George Floyd cinayeti davas\u0131nda j\u00fcri, eski polis memuru Derek Chauvin&#8217;\u0131 &#8216;cinayet ve kas\u0131ts\u0131z adam \u00f6ld\u00fcrmekten&#8217; su\u00e7lu buldu. ABD&#8217;de siyah Amerikal\u0131 George Floyd&#8217;un \u00f6ld\u00fcr\u00fclmesine ili\u015fkin&nbsp;davada eski polis Derek Chauvin, hakk\u0131ndaki 3 [&hellip;]"}

Floyd Davasında Eski Polis Memuru Suçlu Bulundu - The Epoch Times TR

<blockquote class="wp-embedded-content" data-secret="cdFbkTISny"><a href="https://epochtimestr.com/index.php/floyd-davasinda-eski-polis-memuru-suclu-bulundu">Floyd Davasında Eski Polis Memuru Suçlu Bulundu</a></blockquote><iframe sandbox="allow-scripts" security="restricted" src="https://epochtimestr.com/index.php/floyd-davasinda-eski-polis-memuru-suclu-bulundu/embed#?secret=cdFbkTISny" width="600" height="338" title="&#8220;Floyd Davasında Eski Polis Memuru Suçlu Bulundu&#8221; &#8212; The Epoch Times TR" data-secret="cdFbkTISny" frameborder="0" marginwidth="0" marginheight="0" scrolling="no" class="wp-embedded-content"></iframe><script type="text/javascript">
/* <![CDATA[ */
/*! This file is auto-generated */
!function(d,l){"use strict";l.querySelector&&d.addEventListener&&"undefined"!=typeof URL&&(d.wp=d.wp||{},d.wp.receiveEmbedMessage||(d.wp.receiveEmbedMessage=function(e){var t=e.data;if((t||t.secret||t.message||t.value)&&!/[^a-zA-Z0-9]/.test(t.secret)){for(var s,r,n,a=l.querySelectorAll('iframe[data-secret="'+t.secret+'"]'),o=l.querySelectorAll('blockquote[data-secret="'+t.secret+'"]'),c=new RegExp("^https?:$","i"),i=0;i<o.length;i++)o[i].style.display="none";for(i=0;i<a.length;i++)s=a[i],e.source===s.contentWindow&&(s.removeAttribute("style"),"height"===t.message?(1e3<(r=parseInt(t.value,10))?r=1e3:~~r<200&&(r=200),s.height=r):"link"===t.message&&(r=new URL(s.getAttribute("src")),n=new URL(t.value),c.test(n.protocol))&&n.host===r.host&&l.activeElement===s&&(d.top.location.href=t.value))}},d.addEventListener("message",d.wp.receiveEmbedMessage,!1),l.addEventListener("DOMContentLoaded",function(){for(var e,t,s=l.querySelectorAll("iframe.wp-embedded-content"),r=0;r<s.length;r++)(t=(e=s[r]).getAttribute("data-secret"))||(t=Math.random().toString(36).substring(2,12),e.src+="#?secret="+t,e.setAttribute("data-secret",t)),e.contentWindow.postMessage({message:"ready",secret:t},"*")},!1)))}(window,document);
/* ]]> */
</script>

ABD&#8217;nin Minnesota eyaletindeki davada jüri, eski polis memuru Derek Chauvin&#8217;i, siyah Amerikalı George Floyd&#8217;un gözaltına alınması sırasında dizini ensesine basarak ölümüne neden olmaktan suçlu buldu. George Floyd cinayeti davasında jüri, eski polis memuru Derek Chauvin&#8217;ı &#8216;cinayet ve kasıtsız adam öldürmekten&#8217; suçlu buldu. ABD&#8217;de siyah Amerikalı George Floyd&#8217;un öldürülmesine ilişkin&nbsp;davada eski polis Derek Chauvin, hakkındaki 3 [&hellip;]
