{"version":"1.0","provider_name":"The Epoch Times TR","provider_url":"https:\/\/epochtimestr.com","author_name":"D.Alk\u0131n","author_url":"https:\/\/epochtimestr.com\/index.php\/author\/derya","title":"Hayatlar\u0131nda ilk kez kuaf\u00f6re gittiler - The Epoch Times TR","type":"rich","width":600,"height":338,"html":"<blockquote class=\"wp-embedded-content\" data-secret=\"TIUc9b2a6M\"><a href=\"https:\/\/epochtimestr.com\/index.php\/hayatlarinda-ilk-kez-kuafore-gittiler\">Hayatlar\u0131nda ilk kez kuaf\u00f6re gittiler<\/a><\/blockquote><iframe sandbox=\"allow-scripts\" security=\"restricted\" src=\"https:\/\/epochtimestr.com\/index.php\/hayatlarinda-ilk-kez-kuafore-gittiler\/embed#?secret=TIUc9b2a6M\" width=\"600\" height=\"338\" title=\"&#8220;Hayatlar\u0131nda ilk kez kuaf\u00f6re gittiler&#8221; &#8212; The Epoch Times TR\" data-secret=\"TIUc9b2a6M\" frameborder=\"0\" marginwidth=\"0\" marginheight=\"0\" scrolling=\"no\" class=\"wp-embedded-content\"><\/iframe><script type=\"text\/javascript\">\n\/* <![CDATA[ *\/\n\/*! This file is auto-generated *\/\n!function(d,l){\"use strict\";l.querySelector&&d.addEventListener&&\"undefined\"!=typeof URL&&(d.wp=d.wp||{},d.wp.receiveEmbedMessage||(d.wp.receiveEmbedMessage=function(e){var t=e.data;if((t||t.secret||t.message||t.value)&&!\/[^a-zA-Z0-9]\/.test(t.secret)){for(var s,r,n,a=l.querySelectorAll('iframe[data-secret=\"'+t.secret+'\"]'),o=l.querySelectorAll('blockquote[data-secret=\"'+t.secret+'\"]'),c=new RegExp(\"^https?:$\",\"i\"),i=0;i<o.length;i++)o[i].style.display=\"none\";for(i=0;i<a.length;i++)s=a[i],e.source===s.contentWindow&&(s.removeAttribute(\"style\"),\"height\"===t.message?(1e3<(r=parseInt(t.value,10))?r=1e3:~~r<200&&(r=200),s.height=r):\"link\"===t.message&&(r=new URL(s.getAttribute(\"src\")),n=new URL(t.value),c.test(n.protocol))&&n.host===r.host&&l.activeElement===s&&(d.top.location.href=t.value))}},d.addEventListener(\"message\",d.wp.receiveEmbedMessage,!1),l.addEventListener(\"DOMContentLoaded\",function(){for(var e,t,s=l.querySelectorAll(\"iframe.wp-embedded-content\"),r=0;r<s.length;r++)(t=(e=s[r]).getAttribute(\"data-secret\"))||(t=Math.random().toString(36).substring(2,12),e.src+=\"#?secret=\"+t,e.setAttribute(\"data-secret\",t)),e.contentWindow.postMessage({message:\"ready\",secret:t},\"*\")},!1)))}(window,document);\n\/* ]]> *\/\n<\/script>\n","description":"ADANA&#8211; Adana Valili\u011fi taraf\u0131ndan d\u00fczenlenen &#8220;Sevgiye Uzanan Eller Projesi&#8221; kapsam\u0131nda, risk b\u00f6lgelerindeki 1000 \u00e7ocuk sa\u011fl\u0131k taramas\u0131ndan ge\u00e7irildi. Ayr\u0131ca k\u0131z \u00e7ocuklar Adana Kuaf\u00f6rler ve Manik\u00fcrc\u00fcler Odas\u0131 \u00fcyeleri taraf\u0131ndan sa\u00e7 bak\u0131mlar\u0131 yap\u0131l\u0131rken erkekler ise Berberler Odas\u0131&#8217;ndan gelen berberler taraf\u0131ndan t\u0131ra\u015f edildi. Korsan g\u00f6sterilerde polise ta\u015f atan \u00e7ocuklar, Adana Valili\u011fi&#8217;nin y\u00fcr\u00fctt\u00fc\u011f\u00fc &#8220;Sevgiye Uzanan ve \u00c7i\u00e7ek Tutan Eller Projesi&#8217; [&hellip;]","thumbnail_url":"http:\/\/www.epochtimestr.com\/wp-content\/uploads\/2010\/mart\/1414233_p-150x150.jpg"}

D.Alkın

Hayatlarında ilk kez kuaföre gittiler - The Epoch Times TR

<blockquote class="wp-embedded-content" data-secret="TIUc9b2a6M"><a href="https://epochtimestr.com/index.php/hayatlarinda-ilk-kez-kuafore-gittiler">Hayatlarında ilk kez kuaföre gittiler</a></blockquote><iframe sandbox="allow-scripts" security="restricted" src="https://epochtimestr.com/index.php/hayatlarinda-ilk-kez-kuafore-gittiler/embed#?secret=TIUc9b2a6M" width="600" height="338" title="&#8220;Hayatlarında ilk kez kuaföre gittiler&#8221; &#8212; The Epoch Times TR" data-secret="TIUc9b2a6M" frameborder="0" marginwidth="0" marginheight="0" scrolling="no" class="wp-embedded-content"></iframe><script type="text/javascript">
/* <![CDATA[ */
/*! This file is auto-generated */
!function(d,l){"use strict";l.querySelector&&d.addEventListener&&"undefined"!=typeof URL&&(d.wp=d.wp||{},d.wp.receiveEmbedMessage||(d.wp.receiveEmbedMessage=function(e){var t=e.data;if((t||t.secret||t.message||t.value)&&!/[^a-zA-Z0-9]/.test(t.secret)){for(var s,r,n,a=l.querySelectorAll('iframe[data-secret="'+t.secret+'"]'),o=l.querySelectorAll('blockquote[data-secret="'+t.secret+'"]'),c=new RegExp("^https?:$","i"),i=0;i<o.length;i++)o[i].style.display="none";for(i=0;i<a.length;i++)s=a[i],e.source===s.contentWindow&&(s.removeAttribute("style"),"height"===t.message?(1e3<(r=parseInt(t.value,10))?r=1e3:~~r<200&&(r=200),s.height=r):"link"===t.message&&(r=new URL(s.getAttribute("src")),n=new URL(t.value),c.test(n.protocol))&&n.host===r.host&&l.activeElement===s&&(d.top.location.href=t.value))}},d.addEventListener("message",d.wp.receiveEmbedMessage,!1),l.addEventListener("DOMContentLoaded",function(){for(var e,t,s=l.querySelectorAll("iframe.wp-embedded-content"),r=0;r<s.length;r++)(t=(e=s[r]).getAttribute("data-secret"))||(t=Math.random().toString(36).substring(2,12),e.src+="#?secret="+t,e.setAttribute("data-secret",t)),e.contentWindow.postMessage({message:"ready",secret:t},"*")},!1)))}(window,document);
/* ]]> */
</script>

ADANA&#8211; Adana Valiliği tarafından düzenlenen &#8220;Sevgiye Uzanan Eller Projesi&#8221; kapsamında, risk bölgelerindeki 1000 çocuk sağlık taramasından geçirildi. Ayrıca kız çocuklar Adana Kuaförler ve Manikürcüler Odası üyeleri tarafından saç bakımları yapılırken erkekler ise Berberler Odası&#8217;ndan gelen berberler tarafından tıraş edildi. Korsan gösterilerde polise taş atan çocuklar, Adana Valiliği&#8217;nin yürüttüğü &#8220;Sevgiye Uzanan ve Çiçek Tutan Eller Projesi&#8217; [&hellip;]
