{"version":"1.0","provider_name":"The Epoch Times TR","provider_url":"https:\/\/epochtimestr.com","author_name":"Yasemin Erdem","author_url":"https:\/\/epochtimestr.com\/index.php\/author\/yasemin","title":"IKEA'y\u0131 Kuran Ingvar Kamprad Hayat\u0131n\u0131 Kaybetti - The Epoch Times TR","type":"rich","width":600,"height":338,"html":"<blockquote class=\"wp-embedded-content\" data-secret=\"mMhgyhT3dA\"><a href=\"https:\/\/epochtimestr.com\/index.php\/ikeayi-kuran-ingvar-kamprad-hayatini-kaybetti\">IKEA&#8217;y\u0131 Kuran Ingvar Kamprad Hayat\u0131n\u0131 Kaybetti<\/a><\/blockquote><iframe sandbox=\"allow-scripts\" security=\"restricted\" src=\"https:\/\/epochtimestr.com\/index.php\/ikeayi-kuran-ingvar-kamprad-hayatini-kaybetti\/embed#?secret=mMhgyhT3dA\" width=\"600\" height=\"338\" title=\"&#8220;IKEA&#8217;y\u0131 Kuran Ingvar Kamprad Hayat\u0131n\u0131 Kaybetti&#8221; &#8212; The Epoch Times TR\" data-secret=\"mMhgyhT3dA\" frameborder=\"0\" marginwidth=\"0\" marginheight=\"0\" scrolling=\"no\" class=\"wp-embedded-content\"><\/iframe><script type=\"text\/javascript\">\n\/* <![CDATA[ *\/\n\/*! This file is auto-generated *\/\n!function(d,l){\"use strict\";l.querySelector&&d.addEventListener&&\"undefined\"!=typeof URL&&(d.wp=d.wp||{},d.wp.receiveEmbedMessage||(d.wp.receiveEmbedMessage=function(e){var t=e.data;if((t||t.secret||t.message||t.value)&&!\/[^a-zA-Z0-9]\/.test(t.secret)){for(var s,r,n,a=l.querySelectorAll('iframe[data-secret=\"'+t.secret+'\"]'),o=l.querySelectorAll('blockquote[data-secret=\"'+t.secret+'\"]'),c=new RegExp(\"^https?:$\",\"i\"),i=0;i<o.length;i++)o[i].style.display=\"none\";for(i=0;i<a.length;i++)s=a[i],e.source===s.contentWindow&&(s.removeAttribute(\"style\"),\"height\"===t.message?(1e3<(r=parseInt(t.value,10))?r=1e3:~~r<200&&(r=200),s.height=r):\"link\"===t.message&&(r=new URL(s.getAttribute(\"src\")),n=new URL(t.value),c.test(n.protocol))&&n.host===r.host&&l.activeElement===s&&(d.top.location.href=t.value))}},d.addEventListener(\"message\",d.wp.receiveEmbedMessage,!1),l.addEventListener(\"DOMContentLoaded\",function(){for(var e,t,s=l.querySelectorAll(\"iframe.wp-embedded-content\"),r=0;r<s.length;r++)(t=(e=s[r]).getAttribute(\"data-secret\"))||(t=Math.random().toString(36).substring(2,12),e.src+=\"#?secret=\"+t,e.setAttribute(\"data-secret\",t)),e.contentWindow.postMessage({message:\"ready\",secret:t},\"*\")},!1)))}(window,document);\n\/* ]]> *\/\n<\/script>\n","thumbnail_url":"https:\/\/epochtimestr.com\/wp-content\/uploads\/2011y\/ikea.jpg","thumbnail_width":1060,"thumbnail_height":859,"description":"B\u00fcy\u00fck mobilya devi IKEA&#8217;n\u0131n \u0130sve\u00e7 do\u011fumlu\u00a0kurucusu Ingvar Kamprad, 91 ya\u015f\u0131nda hayat\u0131n\u0131 kaybetti. \u015eirketin Twitter hesab\u0131nda; Kamprad&#8217;\u0131n 20. y\u00fczy\u0131l\u0131m en b\u00fcy\u00fck giri\u015fimcisi oldu\u011fu belirtilirken, 91 ya\u015f\u0131nda hayat\u0131n\u0131 kaybetti\u011fi duyruldu. Kamprad hen\u00fcz k\u00fc\u00e7\u00fck bir \u00e7ocukken kom\u015fular\u0131na kalem, s\u00fcs, kibrit gibi malzemeler satarak i\u015f hayat\u0131na ba\u015flad\u0131. 17 ya\u015f\u0131ndayken IKEA&#8217;y\u0131 kurdu. IKEA markas\u0131n\u0131n ba\u015f harflerinden ilk ikisi, isim ve [&hellip;]"}

IKEA'yı Kuran Ingvar Kamprad Hayatını Kaybetti - The Epoch Times TR

<blockquote class="wp-embedded-content" data-secret="mMhgyhT3dA"><a href="https://epochtimestr.com/index.php/ikeayi-kuran-ingvar-kamprad-hayatini-kaybetti">IKEA&#8217;yı Kuran Ingvar Kamprad Hayatını Kaybetti</a></blockquote><iframe sandbox="allow-scripts" security="restricted" src="https://epochtimestr.com/index.php/ikeayi-kuran-ingvar-kamprad-hayatini-kaybetti/embed#?secret=mMhgyhT3dA" width="600" height="338" title="&#8220;IKEA&#8217;yı Kuran Ingvar Kamprad Hayatını Kaybetti&#8221; &#8212; The Epoch Times TR" data-secret="mMhgyhT3dA" frameborder="0" marginwidth="0" marginheight="0" scrolling="no" class="wp-embedded-content"></iframe><script type="text/javascript">
/* <![CDATA[ */
/*! This file is auto-generated */
!function(d,l){"use strict";l.querySelector&&d.addEventListener&&"undefined"!=typeof URL&&(d.wp=d.wp||{},d.wp.receiveEmbedMessage||(d.wp.receiveEmbedMessage=function(e){var t=e.data;if((t||t.secret||t.message||t.value)&&!/[^a-zA-Z0-9]/.test(t.secret)){for(var s,r,n,a=l.querySelectorAll('iframe[data-secret="'+t.secret+'"]'),o=l.querySelectorAll('blockquote[data-secret="'+t.secret+'"]'),c=new RegExp("^https?:$","i"),i=0;i<o.length;i++)o[i].style.display="none";for(i=0;i<a.length;i++)s=a[i],e.source===s.contentWindow&&(s.removeAttribute("style"),"height"===t.message?(1e3<(r=parseInt(t.value,10))?r=1e3:~~r<200&&(r=200),s.height=r):"link"===t.message&&(r=new URL(s.getAttribute("src")),n=new URL(t.value),c.test(n.protocol))&&n.host===r.host&&l.activeElement===s&&(d.top.location.href=t.value))}},d.addEventListener("message",d.wp.receiveEmbedMessage,!1),l.addEventListener("DOMContentLoaded",function(){for(var e,t,s=l.querySelectorAll("iframe.wp-embedded-content"),r=0;r<s.length;r++)(t=(e=s[r]).getAttribute("data-secret"))||(t=Math.random().toString(36).substring(2,12),e.src+="#?secret="+t,e.setAttribute("data-secret",t)),e.contentWindow.postMessage({message:"ready",secret:t},"*")},!1)))}(window,document);
/* ]]> */
</script>

Büyük mobilya devi IKEA&#8217;nın İsveç doğumlu kurucusu Ingvar Kamprad, 91 yaşında hayatını kaybetti. Şirketin Twitter hesabında; Kamprad&#8217;ın 20. yüzyılım en büyük girişimcisi olduğu belirtilirken, 91 yaşında hayatını kaybettiği duyruldu. Kamprad henüz küçük bir çocukken komşularına kalem, süs, kibrit gibi malzemeler satarak iş hayatına başladı. 17 yaşındayken IKEA&#8217;yı kurdu. IKEA markasının baş harflerinden ilk ikisi, isim ve [&hellip;]
