{"version":"1.0","provider_name":"The Epoch Times TR","provider_url":"https:\/\/epochtimestr.com","author_name":"Yasemin Erdem","author_url":"https:\/\/epochtimestr.com\/index.php\/author\/yasemin","title":"Liang Hanedanl\u0131\u011f\u0131\u2019n\u0131n \u0130mparatoru Wu, Budizm\u2019in Efendisi - The Epoch Times TR","type":"rich","width":600,"height":338,"html":"<blockquote class=\"wp-embedded-content\" data-secret=\"7EIOBbG4HP\"><a href=\"https:\/\/epochtimestr.com\/index.php\/liang-hanedanliginin-imparatoru-wu-budizmin-efendisi\">Liang Hanedanl\u0131\u011f\u0131\u2019n\u0131n \u0130mparatoru Wu, Budizm\u2019in Efendisi<\/a><\/blockquote><iframe sandbox=\"allow-scripts\" security=\"restricted\" src=\"https:\/\/epochtimestr.com\/index.php\/liang-hanedanliginin-imparatoru-wu-budizmin-efendisi\/embed#?secret=7EIOBbG4HP\" width=\"600\" height=\"338\" title=\"&#8220;Liang Hanedanl\u0131\u011f\u0131\u2019n\u0131n \u0130mparatoru Wu, Budizm\u2019in Efendisi&#8221; &#8212; The Epoch Times TR\" data-secret=\"7EIOBbG4HP\" frameborder=\"0\" marginwidth=\"0\" marginheight=\"0\" scrolling=\"no\" class=\"wp-embedded-content\"><\/iframe><script type=\"text\/javascript\">\n\/* <![CDATA[ *\/\n\/*! This file is auto-generated *\/\n!function(d,l){\"use strict\";l.querySelector&&d.addEventListener&&\"undefined\"!=typeof URL&&(d.wp=d.wp||{},d.wp.receiveEmbedMessage||(d.wp.receiveEmbedMessage=function(e){var t=e.data;if((t||t.secret||t.message||t.value)&&!\/[^a-zA-Z0-9]\/.test(t.secret)){for(var s,r,n,a=l.querySelectorAll('iframe[data-secret=\"'+t.secret+'\"]'),o=l.querySelectorAll('blockquote[data-secret=\"'+t.secret+'\"]'),c=new RegExp(\"^https?:$\",\"i\"),i=0;i<o.length;i++)o[i].style.display=\"none\";for(i=0;i<a.length;i++)s=a[i],e.source===s.contentWindow&&(s.removeAttribute(\"style\"),\"height\"===t.message?(1e3<(r=parseInt(t.value,10))?r=1e3:~~r<200&&(r=200),s.height=r):\"link\"===t.message&&(r=new URL(s.getAttribute(\"src\")),n=new URL(t.value),c.test(n.protocol))&&n.host===r.host&&l.activeElement===s&&(d.top.location.href=t.value))}},d.addEventListener(\"message\",d.wp.receiveEmbedMessage,!1),l.addEventListener(\"DOMContentLoaded\",function(){for(var e,t,s=l.querySelectorAll(\"iframe.wp-embedded-content\"),r=0;r<s.length;r++)(t=(e=s[r]).getAttribute(\"data-secret\"))||(t=Math.random().toString(36).substring(2,12),e.src+=\"#?secret=\"+t,e.setAttribute(\"data-secret\",t)),e.contentWindow.postMessage({message:\"ready\",secret:t},\"*\")},!1)))}(window,document);\n\/* ]]> *\/\n<\/script>\n","thumbnail_url":"https:\/\/epochtimestr.com\/wp-content\/uploads\/2011y\/2014-06-23-xiaoyan_janeku.jpg","thumbnail_width":347,"thumbnail_height":479,"description":"David Wu, Epoch Times G\u00fcney Liang hanedanl\u0131\u011f\u0131n\u0131 kurucusu ve ilk imparatoru Xian Yan (M.\u00d6. 464-549, vefat\u0131ndan sonra ad\u0131 Wu idi), \u00c7in tarihinin en uzun ya\u015fan imparatorlar\u0131ndan biri olarak 48 y\u0131l h\u00fck\u00fcm s\u00fcrd\u00fc. 85 ya\u015f\u0131nda vefat etmesiyle Qing Handedanl\u0131\u011f\u0131\u2019ndaki Qianlong \u0130mparatorunun hemen ard\u0131ndan geliyordu. (1711-1799) Han Hanedanl\u0131\u011f\u0131n\u0131n ilk ba\u015fbakan\u0131 Xiao He\u2019nin soyundan geldi\u011fine inan\u0131lan Xiao Yan, [&hellip;]"}

Liang Hanedanlığı’nın İmparatoru Wu, Budizm’in Efendisi - The Epoch Times TR

<blockquote class="wp-embedded-content" data-secret="7EIOBbG4HP"><a href="https://epochtimestr.com/index.php/liang-hanedanliginin-imparatoru-wu-budizmin-efendisi">Liang Hanedanlığı’nın İmparatoru Wu, Budizm’in Efendisi</a></blockquote><iframe sandbox="allow-scripts" security="restricted" src="https://epochtimestr.com/index.php/liang-hanedanliginin-imparatoru-wu-budizmin-efendisi/embed#?secret=7EIOBbG4HP" width="600" height="338" title="&#8220;Liang Hanedanlığı’nın İmparatoru Wu, Budizm’in Efendisi&#8221; &#8212; The Epoch Times TR" data-secret="7EIOBbG4HP" frameborder="0" marginwidth="0" marginheight="0" scrolling="no" class="wp-embedded-content"></iframe><script type="text/javascript">
/* <![CDATA[ */
/*! This file is auto-generated */
!function(d,l){"use strict";l.querySelector&&d.addEventListener&&"undefined"!=typeof URL&&(d.wp=d.wp||{},d.wp.receiveEmbedMessage||(d.wp.receiveEmbedMessage=function(e){var t=e.data;if((t||t.secret||t.message||t.value)&&!/[^a-zA-Z0-9]/.test(t.secret)){for(var s,r,n,a=l.querySelectorAll('iframe[data-secret="'+t.secret+'"]'),o=l.querySelectorAll('blockquote[data-secret="'+t.secret+'"]'),c=new RegExp("^https?:$","i"),i=0;i<o.length;i++)o[i].style.display="none";for(i=0;i<a.length;i++)s=a[i],e.source===s.contentWindow&&(s.removeAttribute("style"),"height"===t.message?(1e3<(r=parseInt(t.value,10))?r=1e3:~~r<200&&(r=200),s.height=r):"link"===t.message&&(r=new URL(s.getAttribute("src")),n=new URL(t.value),c.test(n.protocol))&&n.host===r.host&&l.activeElement===s&&(d.top.location.href=t.value))}},d.addEventListener("message",d.wp.receiveEmbedMessage,!1),l.addEventListener("DOMContentLoaded",function(){for(var e,t,s=l.querySelectorAll("iframe.wp-embedded-content"),r=0;r<s.length;r++)(t=(e=s[r]).getAttribute("data-secret"))||(t=Math.random().toString(36).substring(2,12),e.src+="#?secret="+t,e.setAttribute("data-secret",t)),e.contentWindow.postMessage({message:"ready",secret:t},"*")},!1)))}(window,document);
/* ]]> */
</script>

David Wu, Epoch Times Güney Liang hanedanlığını kurucusu ve ilk imparatoru Xian Yan (M.Ö. 464-549, vefatından sonra adı Wu idi), Çin tarihinin en uzun yaşan imparatorlarından biri olarak 48 yıl hüküm sürdü. 85 yaşında vefat etmesiyle Qing Handedanlığı’ndaki Qianlong İmparatorunun hemen ardından geliyordu. (1711-1799) Han Hanedanlığının ilk başbakanı Xiao He’nin soyundan geldiğine inanılan Xiao Yan, [&hellip;]
