{"version":"1.0","provider_name":"The Epoch Times TR","provider_url":"https:\/\/epochtimestr.com","author_name":"G.Hakan Ko\u00e7man","author_url":"https:\/\/epochtimestr.com\/index.php\/author\/hakan","title":"Mersinli Bisiklet Sporcusu Yurteri Yar\u0131\u015flara D\u00f6nme Sinyali Verdi - The Epoch Times TR","type":"rich","width":600,"height":338,"html":"<blockquote class=\"wp-embedded-content\" data-secret=\"rxbRXlyExo\"><a href=\"https:\/\/epochtimestr.com\/index.php\/mersinli-bisiklet-sporcusu-yurteri-yarislara-donme-sinyali-verdi\">Mersinli Bisiklet Sporcusu Yurteri Yar\u0131\u015flara D\u00f6nme Sinyali Verdi<\/a><\/blockquote><iframe sandbox=\"allow-scripts\" security=\"restricted\" src=\"https:\/\/epochtimestr.com\/index.php\/mersinli-bisiklet-sporcusu-yurteri-yarislara-donme-sinyali-verdi\/embed#?secret=rxbRXlyExo\" width=\"600\" height=\"338\" title=\"&#8220;Mersinli Bisiklet Sporcusu Yurteri Yar\u0131\u015flara D\u00f6nme Sinyali Verdi&#8221; &#8212; The Epoch Times TR\" data-secret=\"rxbRXlyExo\" frameborder=\"0\" marginwidth=\"0\" marginheight=\"0\" scrolling=\"no\" class=\"wp-embedded-content\"><\/iframe><script type=\"text\/javascript\">\n\/* <![CDATA[ *\/\n\/*! This file is auto-generated *\/\n!function(d,l){\"use strict\";l.querySelector&&d.addEventListener&&\"undefined\"!=typeof URL&&(d.wp=d.wp||{},d.wp.receiveEmbedMessage||(d.wp.receiveEmbedMessage=function(e){var t=e.data;if((t||t.secret||t.message||t.value)&&!\/[^a-zA-Z0-9]\/.test(t.secret)){for(var s,r,n,a=l.querySelectorAll('iframe[data-secret=\"'+t.secret+'\"]'),o=l.querySelectorAll('blockquote[data-secret=\"'+t.secret+'\"]'),c=new RegExp(\"^https?:$\",\"i\"),i=0;i<o.length;i++)o[i].style.display=\"none\";for(i=0;i<a.length;i++)s=a[i],e.source===s.contentWindow&&(s.removeAttribute(\"style\"),\"height\"===t.message?(1e3<(r=parseInt(t.value,10))?r=1e3:~~r<200&&(r=200),s.height=r):\"link\"===t.message&&(r=new URL(s.getAttribute(\"src\")),n=new URL(t.value),c.test(n.protocol))&&n.host===r.host&&l.activeElement===s&&(d.top.location.href=t.value))}},d.addEventListener(\"message\",d.wp.receiveEmbedMessage,!1),l.addEventListener(\"DOMContentLoaded\",function(){for(var e,t,s=l.querySelectorAll(\"iframe.wp-embedded-content\"),r=0;r<s.length;r++)(t=(e=s[r]).getAttribute(\"data-secret\"))||(t=Math.random().toString(36).substring(2,12),e.src+=\"#?secret=\"+t,e.setAttribute(\"data-secret\",t)),e.contentWindow.postMessage({message:\"ready\",secret:t},\"*\")},!1)))}(window,document);\n\/* ]]> *\/\n<\/script>\n","thumbnail_url":"https:\/\/epochtimestr.com\/wp-content\/uploads\/2011y\/BYKZKRT@EgemenDagistanli00673.jpeg-scaled.jpg","thumbnail_width":2560,"thumbnail_height":1764,"description":"Ge\u00e7irdi\u011fi talihsiz iki kazan\u0131n ard\u0131ndan bisiklet yar\u0131\u015flar\u0131na ara veren Mersinli bisiklet sporcusu Alperen Ahmet Yurteri uzun zamandan sonra kat\u0131ld\u0131\u011f\u0131 ilk yar\u0131\u015f\u0131 yedinci s\u0131rada bitirerek parkurlarda hala iddial\u0131 oldu\u011funu g\u00f6sterdi. &nbsp; 2006 y\u0131l\u0131nda lisans\u0131n\u0131 alarak bisiklet sporuna amat\u00f6r olarak ba\u015flad\u0131ktan sonra y\u00fckselen bir grafikle 2010 y\u0131l\u0131nda milli tak\u0131ma girme \u015fans\u0131 yakalayan fakat daha sonra ge\u00e7irdi\u011fi talihsiz [&hellip;]"}

G.Hakan Koçman

Mersinli Bisiklet Sporcusu Yurteri Yarışlara Dönme Sinyali Verdi - The Epoch Times TR

<blockquote class="wp-embedded-content" data-secret="rxbRXlyExo"><a href="https://epochtimestr.com/index.php/mersinli-bisiklet-sporcusu-yurteri-yarislara-donme-sinyali-verdi">Mersinli Bisiklet Sporcusu Yurteri Yarışlara Dönme Sinyali Verdi</a></blockquote><iframe sandbox="allow-scripts" security="restricted" src="https://epochtimestr.com/index.php/mersinli-bisiklet-sporcusu-yurteri-yarislara-donme-sinyali-verdi/embed#?secret=rxbRXlyExo" width="600" height="338" title="&#8220;Mersinli Bisiklet Sporcusu Yurteri Yarışlara Dönme Sinyali Verdi&#8221; &#8212; The Epoch Times TR" data-secret="rxbRXlyExo" frameborder="0" marginwidth="0" marginheight="0" scrolling="no" class="wp-embedded-content"></iframe><script type="text/javascript">
/* <![CDATA[ */
/*! This file is auto-generated */
!function(d,l){"use strict";l.querySelector&&d.addEventListener&&"undefined"!=typeof URL&&(d.wp=d.wp||{},d.wp.receiveEmbedMessage||(d.wp.receiveEmbedMessage=function(e){var t=e.data;if((t||t.secret||t.message||t.value)&&!/[^a-zA-Z0-9]/.test(t.secret)){for(var s,r,n,a=l.querySelectorAll('iframe[data-secret="'+t.secret+'"]'),o=l.querySelectorAll('blockquote[data-secret="'+t.secret+'"]'),c=new RegExp("^https?:$","i"),i=0;i<o.length;i++)o[i].style.display="none";for(i=0;i<a.length;i++)s=a[i],e.source===s.contentWindow&&(s.removeAttribute("style"),"height"===t.message?(1e3<(r=parseInt(t.value,10))?r=1e3:~~r<200&&(r=200),s.height=r):"link"===t.message&&(r=new URL(s.getAttribute("src")),n=new URL(t.value),c.test(n.protocol))&&n.host===r.host&&l.activeElement===s&&(d.top.location.href=t.value))}},d.addEventListener("message",d.wp.receiveEmbedMessage,!1),l.addEventListener("DOMContentLoaded",function(){for(var e,t,s=l.querySelectorAll("iframe.wp-embedded-content"),r=0;r<s.length;r++)(t=(e=s[r]).getAttribute("data-secret"))||(t=Math.random().toString(36).substring(2,12),e.src+="#?secret="+t,e.setAttribute("data-secret",t)),e.contentWindow.postMessage({message:"ready",secret:t},"*")},!1)))}(window,document);
/* ]]> */
</script>

Geçirdiği talihsiz iki kazanın ardından bisiklet yarışlarına ara veren Mersinli bisiklet sporcusu Alperen Ahmet Yurteri uzun zamandan sonra katıldığı ilk yarışı yedinci sırada bitirerek parkurlarda hala iddialı olduğunu gösterdi. &nbsp; 2006 yılında lisansını alarak bisiklet sporuna amatör olarak başladıktan sonra yükselen bir grafikle 2010 yılında milli takıma girme şansı yakalayan fakat daha sonra geçirdiği talihsiz [&hellip;]
