{"version":"1.0","provider_name":"The Epoch Times TR","provider_url":"https:\/\/epochtimestr.com","author_name":"\u00c7.Akdeniz","author_url":"https:\/\/epochtimestr.com\/index.php\/author\/cigdem","title":"M\u0131s\u0131r'da \u0130ktidar Partisi Sandalyelerin Y\u00fczde 97'sini Ele Ge\u00e7irecek    - The Epoch Times TR","type":"rich","width":600,"height":338,"html":"<blockquote class=\"wp-embedded-content\" data-secret=\"eVEnDkW9WN\"><a href=\"https:\/\/epochtimestr.com\/index.php\/misirda-iktidar-partisi-sandalyelerin-yuzde-97sini-ele-gecirecek\">M\u0131s\u0131r&#8217;da \u0130ktidar Partisi Sandalyelerin Y\u00fczde 97&#8217;sini Ele Ge\u00e7irecek<\/a><\/blockquote><iframe sandbox=\"allow-scripts\" security=\"restricted\" src=\"https:\/\/epochtimestr.com\/index.php\/misirda-iktidar-partisi-sandalyelerin-yuzde-97sini-ele-gecirecek\/embed#?secret=eVEnDkW9WN\" width=\"600\" height=\"338\" title=\"&#8220;M\u0131s\u0131r&#8217;da \u0130ktidar Partisi Sandalyelerin Y\u00fczde 97&#8217;sini Ele Ge\u00e7irecek&#8221; &#8212; The Epoch Times TR\" data-secret=\"eVEnDkW9WN\" frameborder=\"0\" marginwidth=\"0\" marginheight=\"0\" scrolling=\"no\" class=\"wp-embedded-content\"><\/iframe><script type=\"text\/javascript\">\n\/* <![CDATA[ *\/\n\/*! This file is auto-generated *\/\n!function(d,l){\"use strict\";l.querySelector&&d.addEventListener&&\"undefined\"!=typeof URL&&(d.wp=d.wp||{},d.wp.receiveEmbedMessage||(d.wp.receiveEmbedMessage=function(e){var t=e.data;if((t||t.secret||t.message||t.value)&&!\/[^a-zA-Z0-9]\/.test(t.secret)){for(var s,r,n,a=l.querySelectorAll('iframe[data-secret=\"'+t.secret+'\"]'),o=l.querySelectorAll('blockquote[data-secret=\"'+t.secret+'\"]'),c=new RegExp(\"^https?:$\",\"i\"),i=0;i<o.length;i++)o[i].style.display=\"none\";for(i=0;i<a.length;i++)s=a[i],e.source===s.contentWindow&&(s.removeAttribute(\"style\"),\"height\"===t.message?(1e3<(r=parseInt(t.value,10))?r=1e3:~~r<200&&(r=200),s.height=r):\"link\"===t.message&&(r=new URL(s.getAttribute(\"src\")),n=new URL(t.value),c.test(n.protocol))&&n.host===r.host&&l.activeElement===s&&(d.top.location.href=t.value))}},d.addEventListener(\"message\",d.wp.receiveEmbedMessage,!1),l.addEventListener(\"DOMContentLoaded\",function(){for(var e,t,s=l.querySelectorAll(\"iframe.wp-embedded-content\"),r=0;r<s.length;r++)(t=(e=s[r]).getAttribute(\"data-secret\"))||(t=Math.random().toString(36).substring(2,12),e.src+=\"#?secret=\"+t,e.setAttribute(\"data-secret\",t)),e.contentWindow.postMessage({message:\"ready\",secret:t},\"*\")},!1)))}(window,document);\n\/* ]]> *\/\n<\/script>\n","description":"KAH\u0130RE&#8211; M\u0131s\u0131r&#8217;da bug\u00fcn ikinci turu yap\u0131lan Halk Meclisi se\u00e7imlerinde iktidardaki Ulusal Demokratik Parti&#8217;nin (UDP) 518 (10&#8217;u Cumhurba\u015fkan\u0131 H\u00fcsn\u00fc M\u00fcbarek taraf\u0131ndan atan\u0131yor) sandalyenin y\u00fczde 97&#8217;sini ele ge\u00e7irece\u011fi tahmin ediliyor. M\u0131s\u0131r&#8217;daki en b\u00fcy\u00fck gazete Ahram&#8217;\u0131n man\u015fetine ta\u015f\u0131d\u0131\u011f\u0131 se\u00e7im haberine g\u00f6re UDP yetkilileri elde ettikleri b\u00fcy\u00fck ba\u015far\u0131y\u0131, yo\u011fun ve etkin \u00e7al\u0131\u015fmalar\u0131na ba\u011fl\u0131yor. Ge\u00e7ti\u011fimiz hafta yap\u0131lan se\u00e7imlerin ilk turunda [&hellip;]","thumbnail_url":"http:\/\/www.epochtimestr.com\/wp-content\/uploads\/2010\/aralik\/1071785101.jpg"}

Ç.Akdeniz

Mısır'da İktidar Partisi Sandalyelerin Yüzde 97'sini Ele Geçirecek    - The Epoch Times TR

<blockquote class="wp-embedded-content" data-secret="eVEnDkW9WN"><a href="https://epochtimestr.com/index.php/misirda-iktidar-partisi-sandalyelerin-yuzde-97sini-ele-gecirecek">Mısır&#8217;da İktidar Partisi Sandalyelerin Yüzde 97&#8217;sini Ele Geçirecek</a></blockquote><iframe sandbox="allow-scripts" security="restricted" src="https://epochtimestr.com/index.php/misirda-iktidar-partisi-sandalyelerin-yuzde-97sini-ele-gecirecek/embed#?secret=eVEnDkW9WN" width="600" height="338" title="&#8220;Mısır&#8217;da İktidar Partisi Sandalyelerin Yüzde 97&#8217;sini Ele Geçirecek&#8221; &#8212; The Epoch Times TR" data-secret="eVEnDkW9WN" frameborder="0" marginwidth="0" marginheight="0" scrolling="no" class="wp-embedded-content"></iframe><script type="text/javascript">
/* <![CDATA[ */
/*! This file is auto-generated */
!function(d,l){"use strict";l.querySelector&&d.addEventListener&&"undefined"!=typeof URL&&(d.wp=d.wp||{},d.wp.receiveEmbedMessage||(d.wp.receiveEmbedMessage=function(e){var t=e.data;if((t||t.secret||t.message||t.value)&&!/[^a-zA-Z0-9]/.test(t.secret)){for(var s,r,n,a=l.querySelectorAll('iframe[data-secret="'+t.secret+'"]'),o=l.querySelectorAll('blockquote[data-secret="'+t.secret+'"]'),c=new RegExp("^https?:$","i"),i=0;i<o.length;i++)o[i].style.display="none";for(i=0;i<a.length;i++)s=a[i],e.source===s.contentWindow&&(s.removeAttribute("style"),"height"===t.message?(1e3<(r=parseInt(t.value,10))?r=1e3:~~r<200&&(r=200),s.height=r):"link"===t.message&&(r=new URL(s.getAttribute("src")),n=new URL(t.value),c.test(n.protocol))&&n.host===r.host&&l.activeElement===s&&(d.top.location.href=t.value))}},d.addEventListener("message",d.wp.receiveEmbedMessage,!1),l.addEventListener("DOMContentLoaded",function(){for(var e,t,s=l.querySelectorAll("iframe.wp-embedded-content"),r=0;r<s.length;r++)(t=(e=s[r]).getAttribute("data-secret"))||(t=Math.random().toString(36).substring(2,12),e.src+="#?secret="+t,e.setAttribute("data-secret",t)),e.contentWindow.postMessage({message:"ready",secret:t},"*")},!1)))}(window,document);
/* ]]> */
</script>

KAHİRE&#8211; Mısır&#8217;da bugün ikinci turu yapılan Halk Meclisi seçimlerinde iktidardaki Ulusal Demokratik Parti&#8217;nin (UDP) 518 (10&#8217;u Cumhurbaşkanı Hüsnü Mübarek tarafından atanıyor) sandalyenin yüzde 97&#8217;sini ele geçireceği tahmin ediliyor. Mısır&#8217;daki en büyük gazete Ahram&#8217;ın manşetine taşıdığı seçim haberine göre UDP yetkilileri elde ettikleri büyük başarıyı, yoğun ve etkin çalışmalarına bağlıyor. Geçtiğimiz hafta yapılan seçimlerin ilk turunda [&hellip;]
