{"version":"1.0","provider_name":"The Epoch Times TR","provider_url":"https:\/\/epochtimestr.com","author_name":"Haber Merkezi","author_url":"https:\/\/epochtimestr.com\/index.php\/author\/sendag","title":"Moda Duayeni Karl Lagerfeld Hayat\u0131n\u0131 Kaybetti - The Epoch Times TR","type":"rich","width":600,"height":338,"html":"<blockquote class=\"wp-embedded-content\" data-secret=\"r2r6QZzKxM\"><a href=\"https:\/\/epochtimestr.com\/index.php\/moda-duayeni-karl-lagerfeld-hayatini-kaybetti\">Moda Duayeni Karl Lagerfeld Hayat\u0131n\u0131 Kaybetti<\/a><\/blockquote><iframe sandbox=\"allow-scripts\" security=\"restricted\" src=\"https:\/\/epochtimestr.com\/index.php\/moda-duayeni-karl-lagerfeld-hayatini-kaybetti\/embed#?secret=r2r6QZzKxM\" width=\"600\" height=\"338\" title=\"&#8220;Moda Duayeni Karl Lagerfeld Hayat\u0131n\u0131 Kaybetti&#8221; &#8212; The Epoch Times TR\" data-secret=\"r2r6QZzKxM\" frameborder=\"0\" marginwidth=\"0\" marginheight=\"0\" scrolling=\"no\" class=\"wp-embedded-content\"><\/iframe><script type=\"text\/javascript\">\n\/* <![CDATA[ *\/\n\/*! This file is auto-generated *\/\n!function(d,l){\"use strict\";l.querySelector&&d.addEventListener&&\"undefined\"!=typeof URL&&(d.wp=d.wp||{},d.wp.receiveEmbedMessage||(d.wp.receiveEmbedMessage=function(e){var t=e.data;if((t||t.secret||t.message||t.value)&&!\/[^a-zA-Z0-9]\/.test(t.secret)){for(var s,r,n,a=l.querySelectorAll('iframe[data-secret=\"'+t.secret+'\"]'),o=l.querySelectorAll('blockquote[data-secret=\"'+t.secret+'\"]'),c=new RegExp(\"^https?:$\",\"i\"),i=0;i<o.length;i++)o[i].style.display=\"none\";for(i=0;i<a.length;i++)s=a[i],e.source===s.contentWindow&&(s.removeAttribute(\"style\"),\"height\"===t.message?(1e3<(r=parseInt(t.value,10))?r=1e3:~~r<200&&(r=200),s.height=r):\"link\"===t.message&&(r=new URL(s.getAttribute(\"src\")),n=new URL(t.value),c.test(n.protocol))&&n.host===r.host&&l.activeElement===s&&(d.top.location.href=t.value))}},d.addEventListener(\"message\",d.wp.receiveEmbedMessage,!1),l.addEventListener(\"DOMContentLoaded\",function(){for(var e,t,s=l.querySelectorAll(\"iframe.wp-embedded-content\"),r=0;r<s.length;r++)(t=(e=s[r]).getAttribute(\"data-secret\"))||(t=Math.random().toString(36).substring(2,12),e.src+=\"#?secret=\"+t,e.setAttribute(\"data-secret\",t)),e.contentWindow.postMessage({message:\"ready\",secret:t},\"*\")},!1)))}(window,document);\n\/* ]]> *\/\n<\/script>\n","thumbnail_url":"https:\/\/epochtimestr.com\/wp-content\/uploads\/2011y\/Karl_Lagerfeld_.jpg","thumbnail_width":1024,"thumbnail_height":686,"description":"20. y\u00fczy\u0131l\u0131n en \u00f6nemli moda tasar\u0131mc\u0131lar\u0131ndan kabul edilen Karl Otto Lagerfeldt, 85 ya\u015f\u0131nda hayata g\u00f6zlerini yumdu. Frans\u0131z moda evi Chanel&#8217;in yarat\u0131c\u0131 y\u00f6netmeni, kreatif direkt\u00f6r\u00fc, olan modac\u0131 Karl Lagerfeld, Chanel&#8217;in 22 Ocak&#8217;taki defilesini ka\u00e7\u0131rm\u0131\u015f, firmadan &#8216;yorgun hissetti\u011fi&#8217; a\u00e7\u0131klamas\u0131 yap\u0131lm\u0131\u015ft\u0131. Karl Lagerfeld kimdir? 10 Eyl\u00fcl 1933 y\u0131l\u0131nda Almanya&#8217;n\u0131n Hamburg \u015fehrinde do\u011fan Lagerfeld, 19880&#8217;lerin ba\u015f\u0131nda kendine ait parf\u00fcm [&hellip;]"}

Moda Duayeni Karl Lagerfeld Hayatını Kaybetti - The Epoch Times TR

<blockquote class="wp-embedded-content" data-secret="r2r6QZzKxM"><a href="https://epochtimestr.com/index.php/moda-duayeni-karl-lagerfeld-hayatini-kaybetti">Moda Duayeni Karl Lagerfeld Hayatını Kaybetti</a></blockquote><iframe sandbox="allow-scripts" security="restricted" src="https://epochtimestr.com/index.php/moda-duayeni-karl-lagerfeld-hayatini-kaybetti/embed#?secret=r2r6QZzKxM" width="600" height="338" title="&#8220;Moda Duayeni Karl Lagerfeld Hayatını Kaybetti&#8221; &#8212; The Epoch Times TR" data-secret="r2r6QZzKxM" frameborder="0" marginwidth="0" marginheight="0" scrolling="no" class="wp-embedded-content"></iframe><script type="text/javascript">
/* <![CDATA[ */
/*! This file is auto-generated */
!function(d,l){"use strict";l.querySelector&&d.addEventListener&&"undefined"!=typeof URL&&(d.wp=d.wp||{},d.wp.receiveEmbedMessage||(d.wp.receiveEmbedMessage=function(e){var t=e.data;if((t||t.secret||t.message||t.value)&&!/[^a-zA-Z0-9]/.test(t.secret)){for(var s,r,n,a=l.querySelectorAll('iframe[data-secret="'+t.secret+'"]'),o=l.querySelectorAll('blockquote[data-secret="'+t.secret+'"]'),c=new RegExp("^https?:$","i"),i=0;i<o.length;i++)o[i].style.display="none";for(i=0;i<a.length;i++)s=a[i],e.source===s.contentWindow&&(s.removeAttribute("style"),"height"===t.message?(1e3<(r=parseInt(t.value,10))?r=1e3:~~r<200&&(r=200),s.height=r):"link"===t.message&&(r=new URL(s.getAttribute("src")),n=new URL(t.value),c.test(n.protocol))&&n.host===r.host&&l.activeElement===s&&(d.top.location.href=t.value))}},d.addEventListener("message",d.wp.receiveEmbedMessage,!1),l.addEventListener("DOMContentLoaded",function(){for(var e,t,s=l.querySelectorAll("iframe.wp-embedded-content"),r=0;r<s.length;r++)(t=(e=s[r]).getAttribute("data-secret"))||(t=Math.random().toString(36).substring(2,12),e.src+="#?secret="+t,e.setAttribute("data-secret",t)),e.contentWindow.postMessage({message:"ready",secret:t},"*")},!1)))}(window,document);
/* ]]> */
</script>

20. yüzyılın en önemli moda tasarımcılarından kabul edilen Karl Otto Lagerfeldt, 85 yaşında hayata gözlerini yumdu. Fransız moda evi Chanel&#8217;in yaratıcı yönetmeni, kreatif direktörü, olan modacı Karl Lagerfeld, Chanel&#8217;in 22 Ocak&#8217;taki defilesini kaçırmış, firmadan &#8216;yorgun hissettiği&#8217; açıklaması yapılmıştı. Karl Lagerfeld kimdir? 10 Eylül 1933 yılında Almanya&#8217;nın Hamburg şehrinde doğan Lagerfeld, 19880&#8217;lerin başında kendine ait parfüm [&hellip;]
