{"version":"1.0","provider_name":"The Epoch Times TR","provider_url":"https:\/\/epochtimestr.com","author_name":"Haber Merkezi","author_url":"https:\/\/epochtimestr.com\/index.php\/author\/sendag","title":"Moldova Cumhurba\u015fkanl\u0131\u011f\u0131 Binas\u0131ndaki AB Bayra\u011f\u0131 \u0130ndirildi - The Epoch Times TR","type":"rich","width":600,"height":338,"html":"<blockquote class=\"wp-embedded-content\" data-secret=\"9xc3e8P9Er\"><a href=\"https:\/\/epochtimestr.com\/index.php\/moldova-cumhurbaskanligi-binasindaki-ab-bayragi-indirildi\">Moldova Cumhurba\u015fkanl\u0131\u011f\u0131 Binas\u0131ndaki AB Bayra\u011f\u0131 \u0130ndirildi<\/a><\/blockquote><iframe sandbox=\"allow-scripts\" security=\"restricted\" src=\"https:\/\/epochtimestr.com\/index.php\/moldova-cumhurbaskanligi-binasindaki-ab-bayragi-indirildi\/embed#?secret=9xc3e8P9Er\" width=\"600\" height=\"338\" title=\"&#8220;Moldova Cumhurba\u015fkanl\u0131\u011f\u0131 Binas\u0131ndaki AB Bayra\u011f\u0131 \u0130ndirildi&#8221; &#8212; The Epoch Times TR\" data-secret=\"9xc3e8P9Er\" frameborder=\"0\" marginwidth=\"0\" marginheight=\"0\" scrolling=\"no\" class=\"wp-embedded-content\"><\/iframe><script type=\"text\/javascript\">\n\/* <![CDATA[ *\/\n\/*! This file is auto-generated *\/\n!function(d,l){\"use strict\";l.querySelector&&d.addEventListener&&\"undefined\"!=typeof URL&&(d.wp=d.wp||{},d.wp.receiveEmbedMessage||(d.wp.receiveEmbedMessage=function(e){var t=e.data;if((t||t.secret||t.message||t.value)&&!\/[^a-zA-Z0-9]\/.test(t.secret)){for(var s,r,n,a=l.querySelectorAll('iframe[data-secret=\"'+t.secret+'\"]'),o=l.querySelectorAll('blockquote[data-secret=\"'+t.secret+'\"]'),c=new RegExp(\"^https?:$\",\"i\"),i=0;i<o.length;i++)o[i].style.display=\"none\";for(i=0;i<a.length;i++)s=a[i],e.source===s.contentWindow&&(s.removeAttribute(\"style\"),\"height\"===t.message?(1e3<(r=parseInt(t.value,10))?r=1e3:~~r<200&&(r=200),s.height=r):\"link\"===t.message&&(r=new URL(s.getAttribute(\"src\")),n=new URL(t.value),c.test(n.protocol))&&n.host===r.host&&l.activeElement===s&&(d.top.location.href=t.value))}},d.addEventListener(\"message\",d.wp.receiveEmbedMessage,!1),l.addEventListener(\"DOMContentLoaded\",function(){for(var e,t,s=l.querySelectorAll(\"iframe.wp-embedded-content\"),r=0;r<s.length;r++)(t=(e=s[r]).getAttribute(\"data-secret\"))||(t=Math.random().toString(36).substring(2,12),e.src+=\"#?secret=\"+t,e.setAttribute(\"data-secret\",t)),e.contentWindow.postMessage({message:\"ready\",secret:t},\"*\")},!1)))}(window,document);\n\/* ]]> *\/\n<\/script>\n","thumbnail_url":"https:\/\/epochtimestr.com\/wp-content\/uploads\/2011y\/moldova.jpg","thumbnail_width":664,"thumbnail_height":354,"description":"Moldova Cumhurba\u015fkan\u0131 Igor Dodon&#8217;un g\u00f6reve gelmesinin ard\u0131ndan Cumhurba\u015fkanl\u0131\u011f\u0131 binas\u0131nda bulunan AB bayra\u011f\u0131 indirildi. Olay, Cumhurba\u015fkan\u0131 se\u00e7ilen Dodon\u2019un ilk kez ger\u00e7ekle\u015ftirece\u011fi bas\u0131n toplant\u0131s\u0131 \u00f6ncesinde ger\u00e7ekle\u015fti. Dodon\u2019un g\u00f6reve gelmesinin ard\u0131ndan Moldova bayra\u011f\u0131n\u0131n yan\u0131nda bulunan AB bayra\u011f\u0131 kald\u0131r\u0131ld\u0131. Cumhurba\u015fkanl\u0131\u011f\u0131 S\u00f6zc\u00fcs\u00fc Ivan Ceban, Dodon\u2019un Moldova\u2019n\u0131n bayra\u011f\u0131na sayg\u0131 duydu\u011funu ifade ederek, binada yaln\u0131zca Moldova Cumhuriyetinin bayra\u011f\u0131n\u0131n bulunaca\u011f\u0131n\u0131 bildirdi."}

Moldova Cumhurbaşkanlığı Binasındaki AB Bayrağı İndirildi - The Epoch Times TR

<blockquote class="wp-embedded-content" data-secret="9xc3e8P9Er"><a href="https://epochtimestr.com/index.php/moldova-cumhurbaskanligi-binasindaki-ab-bayragi-indirildi">Moldova Cumhurbaşkanlığı Binasındaki AB Bayrağı İndirildi</a></blockquote><iframe sandbox="allow-scripts" security="restricted" src="https://epochtimestr.com/index.php/moldova-cumhurbaskanligi-binasindaki-ab-bayragi-indirildi/embed#?secret=9xc3e8P9Er" width="600" height="338" title="&#8220;Moldova Cumhurbaşkanlığı Binasındaki AB Bayrağı İndirildi&#8221; &#8212; The Epoch Times TR" data-secret="9xc3e8P9Er" frameborder="0" marginwidth="0" marginheight="0" scrolling="no" class="wp-embedded-content"></iframe><script type="text/javascript">
/* <![CDATA[ */
/*! This file is auto-generated */
!function(d,l){"use strict";l.querySelector&&d.addEventListener&&"undefined"!=typeof URL&&(d.wp=d.wp||{},d.wp.receiveEmbedMessage||(d.wp.receiveEmbedMessage=function(e){var t=e.data;if((t||t.secret||t.message||t.value)&&!/[^a-zA-Z0-9]/.test(t.secret)){for(var s,r,n,a=l.querySelectorAll('iframe[data-secret="'+t.secret+'"]'),o=l.querySelectorAll('blockquote[data-secret="'+t.secret+'"]'),c=new RegExp("^https?:$","i"),i=0;i<o.length;i++)o[i].style.display="none";for(i=0;i<a.length;i++)s=a[i],e.source===s.contentWindow&&(s.removeAttribute("style"),"height"===t.message?(1e3<(r=parseInt(t.value,10))?r=1e3:~~r<200&&(r=200),s.height=r):"link"===t.message&&(r=new URL(s.getAttribute("src")),n=new URL(t.value),c.test(n.protocol))&&n.host===r.host&&l.activeElement===s&&(d.top.location.href=t.value))}},d.addEventListener("message",d.wp.receiveEmbedMessage,!1),l.addEventListener("DOMContentLoaded",function(){for(var e,t,s=l.querySelectorAll("iframe.wp-embedded-content"),r=0;r<s.length;r++)(t=(e=s[r]).getAttribute("data-secret"))||(t=Math.random().toString(36).substring(2,12),e.src+="#?secret="+t,e.setAttribute("data-secret",t)),e.contentWindow.postMessage({message:"ready",secret:t},"*")},!1)))}(window,document);
/* ]]> */
</script>

Moldova Cumhurbaşkanı Igor Dodon&#8217;un göreve gelmesinin ardından Cumhurbaşkanlığı binasında bulunan AB bayrağı indirildi. Olay, Cumhurbaşkanı seçilen Dodon’un ilk kez gerçekleştireceği basın toplantısı öncesinde gerçekleşti. Dodon’un göreve gelmesinin ardından Moldova bayrağının yanında bulunan AB bayrağı kaldırıldı. Cumhurbaşkanlığı Sözcüsü Ivan Ceban, Dodon’un Moldova’nın bayrağına saygı duyduğunu ifade ederek, binada yalnızca Moldova Cumhuriyetinin bayrağının bulunacağını bildirdi.
