{"version":"1.0","provider_name":"The Epoch Times TR","provider_url":"https:\/\/epochtimestr.com","author_name":"D.Alk\u0131n","author_url":"https:\/\/epochtimestr.com\/index.php\/author\/derya","title":"Nedim \u015eener Yarg\u0131land\u0131\u011f\u0131 \u0130ki Davadan Beraat Etti - The Epoch Times TR","type":"rich","width":600,"height":338,"html":"<blockquote class=\"wp-embedded-content\" data-secret=\"mv6lh46XbH\"><a href=\"https:\/\/epochtimestr.com\/index.php\/nedim-sener-yargilandigi-2-davadan-beraat-etti\">Nedim \u015eener Yarg\u0131land\u0131\u011f\u0131 \u0130ki Davadan Beraat Etti<\/a><\/blockquote><iframe sandbox=\"allow-scripts\" security=\"restricted\" src=\"https:\/\/epochtimestr.com\/index.php\/nedim-sener-yargilandigi-2-davadan-beraat-etti\/embed#?secret=mv6lh46XbH\" width=\"600\" height=\"338\" title=\"&#8220;Nedim \u015eener Yarg\u0131land\u0131\u011f\u0131 \u0130ki Davadan Beraat Etti&#8221; &#8212; The Epoch Times TR\" data-secret=\"mv6lh46XbH\" frameborder=\"0\" marginwidth=\"0\" marginheight=\"0\" scrolling=\"no\" class=\"wp-embedded-content\"><\/iframe><script type=\"text\/javascript\">\n\/* <![CDATA[ *\/\n\/*! This file is auto-generated *\/\n!function(d,l){\"use strict\";l.querySelector&&d.addEventListener&&\"undefined\"!=typeof URL&&(d.wp=d.wp||{},d.wp.receiveEmbedMessage||(d.wp.receiveEmbedMessage=function(e){var t=e.data;if((t||t.secret||t.message||t.value)&&!\/[^a-zA-Z0-9]\/.test(t.secret)){for(var s,r,n,a=l.querySelectorAll('iframe[data-secret=\"'+t.secret+'\"]'),o=l.querySelectorAll('blockquote[data-secret=\"'+t.secret+'\"]'),c=new RegExp(\"^https?:$\",\"i\"),i=0;i<o.length;i++)o[i].style.display=\"none\";for(i=0;i<a.length;i++)s=a[i],e.source===s.contentWindow&&(s.removeAttribute(\"style\"),\"height\"===t.message?(1e3<(r=parseInt(t.value,10))?r=1e3:~~r<200&&(r=200),s.height=r):\"link\"===t.message&&(r=new URL(s.getAttribute(\"src\")),n=new URL(t.value),c.test(n.protocol))&&n.host===r.host&&l.activeElement===s&&(d.top.location.href=t.value))}},d.addEventListener(\"message\",d.wp.receiveEmbedMessage,!1),l.addEventListener(\"DOMContentLoaded\",function(){for(var e,t,s=l.querySelectorAll(\"iframe.wp-embedded-content\"),r=0;r<s.length;r++)(t=(e=s[r]).getAttribute(\"data-secret\"))||(t=Math.random().toString(36).substring(2,12),e.src+=\"#?secret=\"+t,e.setAttribute(\"data-secret\",t)),e.contentWindow.postMessage({message:\"ready\",secret:t},\"*\")},!1)))}(window,document);\n\/* ]]> *\/\n<\/script>\n","description":"Oda TV davas\u0131 kapsam\u0131nda uzun s\u00fcredir Silivri Cezaevi\u2019nde tutuklu bulunan gazeteci-yazar Nedim \u015eener hakaret ve gizlili\u011fi ihlalden yarg\u0131land\u0131\u011f\u0131 iki ayr\u0131 davadan beraat etti. Beraat karar\u0131n\u0131 sevin\u00e7le kar\u015f\u0131layan Nedim \u015eener\u2019in cezaevinde kilo kaybetti\u011fi g\u00f6zlemlendi. \u015eener, CNR Fuarc\u0131l\u0131k\u2019\u0131n ad\u0131n\u0131n kar\u0131\u015ft\u0131\u011f\u0131 bir r\u00fc\u015fvet operasyonuyla ilgili mektup ihbar\u0131ndan yola \u00e7\u0131karak yapt\u0131\u011f\u0131 \u2018\u2018R\u00fc\u015fvet Paralar\u0131 Cepten Ta\u015f\u0131yor\u2019\u2019 ba\u015fl\u0131kl\u0131 23 Ekim 2010 [&hellip;]","thumbnail_url":"http:\/\/epochtimestr.com\/wp-content\/uploads\/2011y\/nedim-%C5%9Fener.jpg"}

D.Alkın

Nedim Şener Yargılandığı İki Davadan Beraat Etti - The Epoch Times TR

<blockquote class="wp-embedded-content" data-secret="mv6lh46XbH"><a href="https://epochtimestr.com/index.php/nedim-sener-yargilandigi-2-davadan-beraat-etti">Nedim Şener Yargılandığı İki Davadan Beraat Etti</a></blockquote><iframe sandbox="allow-scripts" security="restricted" src="https://epochtimestr.com/index.php/nedim-sener-yargilandigi-2-davadan-beraat-etti/embed#?secret=mv6lh46XbH" width="600" height="338" title="&#8220;Nedim Şener Yargılandığı İki Davadan Beraat Etti&#8221; &#8212; The Epoch Times TR" data-secret="mv6lh46XbH" frameborder="0" marginwidth="0" marginheight="0" scrolling="no" class="wp-embedded-content"></iframe><script type="text/javascript">
/* <![CDATA[ */
/*! This file is auto-generated */
!function(d,l){"use strict";l.querySelector&&d.addEventListener&&"undefined"!=typeof URL&&(d.wp=d.wp||{},d.wp.receiveEmbedMessage||(d.wp.receiveEmbedMessage=function(e){var t=e.data;if((t||t.secret||t.message||t.value)&&!/[^a-zA-Z0-9]/.test(t.secret)){for(var s,r,n,a=l.querySelectorAll('iframe[data-secret="'+t.secret+'"]'),o=l.querySelectorAll('blockquote[data-secret="'+t.secret+'"]'),c=new RegExp("^https?:$","i"),i=0;i<o.length;i++)o[i].style.display="none";for(i=0;i<a.length;i++)s=a[i],e.source===s.contentWindow&&(s.removeAttribute("style"),"height"===t.message?(1e3<(r=parseInt(t.value,10))?r=1e3:~~r<200&&(r=200),s.height=r):"link"===t.message&&(r=new URL(s.getAttribute("src")),n=new URL(t.value),c.test(n.protocol))&&n.host===r.host&&l.activeElement===s&&(d.top.location.href=t.value))}},d.addEventListener("message",d.wp.receiveEmbedMessage,!1),l.addEventListener("DOMContentLoaded",function(){for(var e,t,s=l.querySelectorAll("iframe.wp-embedded-content"),r=0;r<s.length;r++)(t=(e=s[r]).getAttribute("data-secret"))||(t=Math.random().toString(36).substring(2,12),e.src+="#?secret="+t,e.setAttribute("data-secret",t)),e.contentWindow.postMessage({message:"ready",secret:t},"*")},!1)))}(window,document);
/* ]]> */
</script>

Oda TV davası kapsamında uzun süredir Silivri Cezaevi’nde tutuklu bulunan gazeteci-yazar Nedim Şener hakaret ve gizliliği ihlalden yargılandığı iki ayrı davadan beraat etti. Beraat kararını sevinçle karşılayan Nedim Şener’in cezaevinde kilo kaybettiği gözlemlendi. Şener, CNR Fuarcılık’ın adının karıştığı bir rüşvet operasyonuyla ilgili mektup ihbarından yola çıkarak yaptığı ‘‘Rüşvet Paraları Cepten Taşıyor’’ başlıklı 23 Ekim 2010 [&hellip;]
