{"version":"1.0","provider_name":"The Epoch Times TR","provider_url":"https:\/\/epochtimestr.com","author_name":"D.Alk\u0131n","author_url":"https:\/\/epochtimestr.com\/index.php\/author\/derya","title":"'Nemrut'ta \u015eiir Ak\u015famlar\u0131' B\u00fcy\u00fck \u0130lgi G\u00f6rd\u00fc - The Epoch Times TR","type":"rich","width":600,"height":338,"html":"<blockquote class=\"wp-embedded-content\" data-secret=\"IcDREsRmCt\"><a href=\"https:\/\/epochtimestr.com\/index.php\/nemrutta-siir-aksamlari-buyuk-ilgi-gordu\">&#8216;Nemrut&#8217;ta \u015eiir Ak\u015famlar\u0131&#8217; B\u00fcy\u00fck \u0130lgi G\u00f6rd\u00fc<\/a><\/blockquote><iframe sandbox=\"allow-scripts\" security=\"restricted\" src=\"https:\/\/epochtimestr.com\/index.php\/nemrutta-siir-aksamlari-buyuk-ilgi-gordu\/embed#?secret=IcDREsRmCt\" width=\"600\" height=\"338\" title=\"&#8220;&#8216;Nemrut&#8217;ta \u015eiir Ak\u015famlar\u0131&#8217; B\u00fcy\u00fck \u0130lgi G\u00f6rd\u00fc&#8221; &#8212; The Epoch Times TR\" data-secret=\"IcDREsRmCt\" frameborder=\"0\" marginwidth=\"0\" marginheight=\"0\" scrolling=\"no\" class=\"wp-embedded-content\"><\/iframe><script type=\"text\/javascript\">\n\/* <![CDATA[ *\/\n\/*! This file is auto-generated *\/\n!function(d,l){\"use strict\";l.querySelector&&d.addEventListener&&\"undefined\"!=typeof URL&&(d.wp=d.wp||{},d.wp.receiveEmbedMessage||(d.wp.receiveEmbedMessage=function(e){var t=e.data;if((t||t.secret||t.message||t.value)&&!\/[^a-zA-Z0-9]\/.test(t.secret)){for(var s,r,n,a=l.querySelectorAll('iframe[data-secret=\"'+t.secret+'\"]'),o=l.querySelectorAll('blockquote[data-secret=\"'+t.secret+'\"]'),c=new RegExp(\"^https?:$\",\"i\"),i=0;i<o.length;i++)o[i].style.display=\"none\";for(i=0;i<a.length;i++)s=a[i],e.source===s.contentWindow&&(s.removeAttribute(\"style\"),\"height\"===t.message?(1e3<(r=parseInt(t.value,10))?r=1e3:~~r<200&&(r=200),s.height=r):\"link\"===t.message&&(r=new URL(s.getAttribute(\"src\")),n=new URL(t.value),c.test(n.protocol))&&n.host===r.host&&l.activeElement===s&&(d.top.location.href=t.value))}},d.addEventListener(\"message\",d.wp.receiveEmbedMessage,!1),l.addEventListener(\"DOMContentLoaded\",function(){for(var e,t,s=l.querySelectorAll(\"iframe.wp-embedded-content\"),r=0;r<s.length;r++)(t=(e=s[r]).getAttribute(\"data-secret\"))||(t=Math.random().toString(36).substring(2,12),e.src+=\"#?secret=\"+t,e.setAttribute(\"data-secret\",t)),e.contentWindow.postMessage({message:\"ready\",secret:t},\"*\")},!1)))}(window,document);\n\/* ]]> *\/\n<\/script>\n","description":"ADIYAMAN&#8211; 17. Uluslararas\u0131 Kommagene Festivali etkinlikleri kapsam\u0131nda Ad\u0131yamanl\u0131lar Vakf\u0131 taraf\u0131ndan ilk kez d\u00fczenlenen &#8216;Nemrut&#8217;ta \u015eiir Ak\u015famlar\u0131&#8217; b\u00fcy\u00fck ilgi g\u00f6rd\u00fc. Nemrut Da\u011f\u0131&#8217;n\u0131n muhte\u015fem g\u00fcn bat\u0131m\u0131 manzaras\u0131nda ger\u00e7ekle\u015fen \u015eiir \u015e\u00f6leni&#8217;ne; Uluslararas\u0131 \u0130stanbul \u015eiir Festivali y\u00fcr\u00fctme kurulu \u00fcyeleri Nevzat Bayhan, Abdullah U\u00e7man, Adnan \u00d6zer, Ahmet Kot, Ali Ural, Metin Celal, \u00d6mer Erdem ve Ad\u0131yaman&#8217;\u0131n tan\u0131nm\u0131\u015f \u015fairleri kat\u0131ld\u0131. Bu [&hellip;]","thumbnail_url":"http:\/\/www.epochtimestr.com\/wp-content\/uploads\/2010\/mart\/1465775_p-150x150.jpg"}

D.Alkın

'Nemrut'ta Şiir Akşamları' Büyük İlgi Gördü - The Epoch Times TR

<blockquote class="wp-embedded-content" data-secret="IcDREsRmCt"><a href="https://epochtimestr.com/index.php/nemrutta-siir-aksamlari-buyuk-ilgi-gordu">&#8216;Nemrut&#8217;ta Şiir Akşamları&#8217; Büyük İlgi Gördü</a></blockquote><iframe sandbox="allow-scripts" security="restricted" src="https://epochtimestr.com/index.php/nemrutta-siir-aksamlari-buyuk-ilgi-gordu/embed#?secret=IcDREsRmCt" width="600" height="338" title="&#8220;&#8216;Nemrut&#8217;ta Şiir Akşamları&#8217; Büyük İlgi Gördü&#8221; &#8212; The Epoch Times TR" data-secret="IcDREsRmCt" frameborder="0" marginwidth="0" marginheight="0" scrolling="no" class="wp-embedded-content"></iframe><script type="text/javascript">
/* <![CDATA[ */
/*! This file is auto-generated */
!function(d,l){"use strict";l.querySelector&&d.addEventListener&&"undefined"!=typeof URL&&(d.wp=d.wp||{},d.wp.receiveEmbedMessage||(d.wp.receiveEmbedMessage=function(e){var t=e.data;if((t||t.secret||t.message||t.value)&&!/[^a-zA-Z0-9]/.test(t.secret)){for(var s,r,n,a=l.querySelectorAll('iframe[data-secret="'+t.secret+'"]'),o=l.querySelectorAll('blockquote[data-secret="'+t.secret+'"]'),c=new RegExp("^https?:$","i"),i=0;i<o.length;i++)o[i].style.display="none";for(i=0;i<a.length;i++)s=a[i],e.source===s.contentWindow&&(s.removeAttribute("style"),"height"===t.message?(1e3<(r=parseInt(t.value,10))?r=1e3:~~r<200&&(r=200),s.height=r):"link"===t.message&&(r=new URL(s.getAttribute("src")),n=new URL(t.value),c.test(n.protocol))&&n.host===r.host&&l.activeElement===s&&(d.top.location.href=t.value))}},d.addEventListener("message",d.wp.receiveEmbedMessage,!1),l.addEventListener("DOMContentLoaded",function(){for(var e,t,s=l.querySelectorAll("iframe.wp-embedded-content"),r=0;r<s.length;r++)(t=(e=s[r]).getAttribute("data-secret"))||(t=Math.random().toString(36).substring(2,12),e.src+="#?secret="+t,e.setAttribute("data-secret",t)),e.contentWindow.postMessage({message:"ready",secret:t},"*")},!1)))}(window,document);
/* ]]> */
</script>

ADIYAMAN&#8211; 17. Uluslararası Kommagene Festivali etkinlikleri kapsamında Adıyamanlılar Vakfı tarafından ilk kez düzenlenen &#8216;Nemrut&#8217;ta Şiir Akşamları&#8217; büyük ilgi gördü. Nemrut Dağı&#8217;nın muhteşem gün batımı manzarasında gerçekleşen Şiir Şöleni&#8217;ne; Uluslararası İstanbul Şiir Festivali yürütme kurulu üyeleri Nevzat Bayhan, Abdullah Uçman, Adnan Özer, Ahmet Kot, Ali Ural, Metin Celal, Ömer Erdem ve Adıyaman&#8217;ın tanınmış şairleri katıldı. Bu [&hellip;]
