{"version":"1.0","provider_name":"The Epoch Times TR","provider_url":"https:\/\/epochtimestr.com","author_name":"Demet G.","author_url":"https:\/\/epochtimestr.com\/index.php\/author\/d-gokoglu","title":"Netanyahu: Bu \u0130ki Y\u00fczl\u00fcl\u00fc\u011f\u00fc Kabul Etmeyece\u011fim - The Epoch Times TR","type":"rich","width":600,"height":338,"html":"<blockquote class=\"wp-embedded-content\" data-secret=\"BO99DUL4Rr\"><a href=\"https:\/\/epochtimestr.com\/index.php\/netanyahu-bu-iki-yuzlulugu-kabul-etmeyecegim\">Netanyahu: Bu \u0130ki Y\u00fczl\u00fcl\u00fc\u011f\u00fc Kabul Etmeyece\u011fim<\/a><\/blockquote><iframe sandbox=\"allow-scripts\" security=\"restricted\" src=\"https:\/\/epochtimestr.com\/index.php\/netanyahu-bu-iki-yuzlulugu-kabul-etmeyecegim\/embed#?secret=BO99DUL4Rr\" width=\"600\" height=\"338\" title=\"&#8220;Netanyahu: Bu \u0130ki Y\u00fczl\u00fcl\u00fc\u011f\u00fc Kabul Etmeyece\u011fim&#8221; &#8212; The Epoch Times TR\" data-secret=\"BO99DUL4Rr\" frameborder=\"0\" marginwidth=\"0\" marginheight=\"0\" scrolling=\"no\" class=\"wp-embedded-content\"><\/iframe><script type=\"text\/javascript\">\n\/* <![CDATA[ *\/\n\/*! This file is auto-generated *\/\n!function(d,l){\"use strict\";l.querySelector&&d.addEventListener&&\"undefined\"!=typeof URL&&(d.wp=d.wp||{},d.wp.receiveEmbedMessage||(d.wp.receiveEmbedMessage=function(e){var t=e.data;if((t||t.secret||t.message||t.value)&&!\/[^a-zA-Z0-9]\/.test(t.secret)){for(var s,r,n,a=l.querySelectorAll('iframe[data-secret=\"'+t.secret+'\"]'),o=l.querySelectorAll('blockquote[data-secret=\"'+t.secret+'\"]'),c=new RegExp(\"^https?:$\",\"i\"),i=0;i<o.length;i++)o[i].style.display=\"none\";for(i=0;i<a.length;i++)s=a[i],e.source===s.contentWindow&&(s.removeAttribute(\"style\"),\"height\"===t.message?(1e3<(r=parseInt(t.value,10))?r=1e3:~~r<200&&(r=200),s.height=r):\"link\"===t.message&&(r=new URL(s.getAttribute(\"src\")),n=new URL(t.value),c.test(n.protocol))&&n.host===r.host&&l.activeElement===s&&(d.top.location.href=t.value))}},d.addEventListener(\"message\",d.wp.receiveEmbedMessage,!1),l.addEventListener(\"DOMContentLoaded\",function(){for(var e,t,s=l.querySelectorAll(\"iframe.wp-embedded-content\"),r=0;r<s.length;r++)(t=(e=s[r]).getAttribute(\"data-secret\"))||(t=Math.random().toString(36).substring(2,12),e.src+=\"#?secret=\"+t,e.setAttribute(\"data-secret\",t)),e.contentWindow.postMessage({message:\"ready\",secret:t},\"*\")},!1)))}(window,document);\n\/* ]]> *\/\n<\/script>\n","thumbnail_url":"https:\/\/epochtimestr.com\/wp-content\/uploads\/2011y\/Netenyahu.jpg","thumbnail_width":664,"thumbnail_height":354,"description":"ABD Ba\u015fkan\u0131 Donald Trump\u2019\u0131n Kud\u00fcs karar\u0131n\u0131 k\u0131nayan Avrupa Birli\u011fi \u00fclkelerine seslenen Netanyahu, \u201cBu ikiy\u00fczl\u00fcl\u00fc\u011f\u00fc kabul etmeyece\u011fim\u201d dedi. \u0130srail Ba\u015fbakan\u0131 Binyamin Netanyahu, Paris ve Br\u00fcksel ziyaretleri i\u00e7in \u00fclkesinden ayr\u0131lmadan \u00f6nce ya\u015fananlara ili\u015fkin a\u00e7\u0131klamada bulundu. Avrupa\u2019y\u0131 ikiy\u00fczl\u00fcl\u00fckle su\u00e7layan Netanyahu, \u201cParis\u2019te Cumhurba\u015fkan\u0131 Emmanuel Macron ile g\u00f6r\u00fc\u015fece\u011fim. Ard\u0131ndan da Avrupal\u0131 D\u0131\u015fi\u015fleri Bakanlar\u0131 ile \u00f6nemli bir toplant\u0131 ger\u00e7ekle\u015ftirece\u011fim\u201d ifadelerini kulland\u0131. [&hellip;]"}

Netanyahu: Bu İki Yüzlülüğü Kabul Etmeyeceğim - The Epoch Times TR

<blockquote class="wp-embedded-content" data-secret="BO99DUL4Rr"><a href="https://epochtimestr.com/index.php/netanyahu-bu-iki-yuzlulugu-kabul-etmeyecegim">Netanyahu: Bu İki Yüzlülüğü Kabul Etmeyeceğim</a></blockquote><iframe sandbox="allow-scripts" security="restricted" src="https://epochtimestr.com/index.php/netanyahu-bu-iki-yuzlulugu-kabul-etmeyecegim/embed#?secret=BO99DUL4Rr" width="600" height="338" title="&#8220;Netanyahu: Bu İki Yüzlülüğü Kabul Etmeyeceğim&#8221; &#8212; The Epoch Times TR" data-secret="BO99DUL4Rr" frameborder="0" marginwidth="0" marginheight="0" scrolling="no" class="wp-embedded-content"></iframe><script type="text/javascript">
/* <![CDATA[ */
/*! This file is auto-generated */
!function(d,l){"use strict";l.querySelector&&d.addEventListener&&"undefined"!=typeof URL&&(d.wp=d.wp||{},d.wp.receiveEmbedMessage||(d.wp.receiveEmbedMessage=function(e){var t=e.data;if((t||t.secret||t.message||t.value)&&!/[^a-zA-Z0-9]/.test(t.secret)){for(var s,r,n,a=l.querySelectorAll('iframe[data-secret="'+t.secret+'"]'),o=l.querySelectorAll('blockquote[data-secret="'+t.secret+'"]'),c=new RegExp("^https?:$","i"),i=0;i<o.length;i++)o[i].style.display="none";for(i=0;i<a.length;i++)s=a[i],e.source===s.contentWindow&&(s.removeAttribute("style"),"height"===t.message?(1e3<(r=parseInt(t.value,10))?r=1e3:~~r<200&&(r=200),s.height=r):"link"===t.message&&(r=new URL(s.getAttribute("src")),n=new URL(t.value),c.test(n.protocol))&&n.host===r.host&&l.activeElement===s&&(d.top.location.href=t.value))}},d.addEventListener("message",d.wp.receiveEmbedMessage,!1),l.addEventListener("DOMContentLoaded",function(){for(var e,t,s=l.querySelectorAll("iframe.wp-embedded-content"),r=0;r<s.length;r++)(t=(e=s[r]).getAttribute("data-secret"))||(t=Math.random().toString(36).substring(2,12),e.src+="#?secret="+t,e.setAttribute("data-secret",t)),e.contentWindow.postMessage({message:"ready",secret:t},"*")},!1)))}(window,document);
/* ]]> */
</script>

ABD Başkanı Donald Trump’ın Kudüs kararını kınayan Avrupa Birliği ülkelerine seslenen Netanyahu, “Bu ikiyüzlülüğü kabul etmeyeceğim” dedi. İsrail Başbakanı Binyamin Netanyahu, Paris ve Brüksel ziyaretleri için ülkesinden ayrılmadan önce yaşananlara ilişkin açıklamada bulundu. Avrupa’yı ikiyüzlülükle suçlayan Netanyahu, “Paris’te Cumhurbaşkanı Emmanuel Macron ile görüşeceğim. Ardından da Avrupalı Dışişleri Bakanları ile önemli bir toplantı gerçekleştireceğim” ifadelerini kullandı. [&hellip;]
