{"version":"1.0","provider_name":"The Epoch Times TR","provider_url":"https:\/\/epochtimestr.com","author_name":"D.Alk\u0131n","author_url":"https:\/\/epochtimestr.com\/index.php\/author\/derya","title":"Orkinos Tekneleri'nde Art\u0131k Su \u00dcr\u00fcnleri M\u00fchendisleri de Olacak - The Epoch Times TR","type":"rich","width":600,"height":338,"html":"<blockquote class=\"wp-embedded-content\" data-secret=\"ltpNgPKqG6\"><a href=\"https:\/\/epochtimestr.com\/index.php\/orkinos-teknelerinde-artik-su-urunleri-muhendisleri-de-olacak\">Orkinos Tekneleri&#8217;nde Art\u0131k Su \u00dcr\u00fcnleri M\u00fchendisleri de Olacak<\/a><\/blockquote><iframe sandbox=\"allow-scripts\" security=\"restricted\" src=\"https:\/\/epochtimestr.com\/index.php\/orkinos-teknelerinde-artik-su-urunleri-muhendisleri-de-olacak\/embed#?secret=ltpNgPKqG6\" width=\"600\" height=\"338\" title=\"&#8220;Orkinos Tekneleri&#8217;nde Art\u0131k Su \u00dcr\u00fcnleri M\u00fchendisleri de Olacak&#8221; &#8212; The Epoch Times TR\" data-secret=\"ltpNgPKqG6\" frameborder=\"0\" marginwidth=\"0\" marginheight=\"0\" scrolling=\"no\" class=\"wp-embedded-content\"><\/iframe><script type=\"text\/javascript\">\n\/* <![CDATA[ *\/\n\/*! This file is auto-generated *\/\n!function(d,l){\"use strict\";l.querySelector&&d.addEventListener&&\"undefined\"!=typeof URL&&(d.wp=d.wp||{},d.wp.receiveEmbedMessage||(d.wp.receiveEmbedMessage=function(e){var t=e.data;if((t||t.secret||t.message||t.value)&&!\/[^a-zA-Z0-9]\/.test(t.secret)){for(var s,r,n,a=l.querySelectorAll('iframe[data-secret=\"'+t.secret+'\"]'),o=l.querySelectorAll('blockquote[data-secret=\"'+t.secret+'\"]'),c=new RegExp(\"^https?:$\",\"i\"),i=0;i<o.length;i++)o[i].style.display=\"none\";for(i=0;i<a.length;i++)s=a[i],e.source===s.contentWindow&&(s.removeAttribute(\"style\"),\"height\"===t.message?(1e3<(r=parseInt(t.value,10))?r=1e3:~~r<200&&(r=200),s.height=r):\"link\"===t.message&&(r=new URL(s.getAttribute(\"src\")),n=new URL(t.value),c.test(n.protocol))&&n.host===r.host&&l.activeElement===s&&(d.top.location.href=t.value))}},d.addEventListener(\"message\",d.wp.receiveEmbedMessage,!1),l.addEventListener(\"DOMContentLoaded\",function(){for(var e,t,s=l.querySelectorAll(\"iframe.wp-embedded-content\"),r=0;r<s.length;r++)(t=(e=s[r]).getAttribute(\"data-secret\"))||(t=Math.random().toString(36).substring(2,12),e.src+=\"#?secret=\"+t,e.setAttribute(\"data-secret\",t)),e.contentWindow.postMessage({message:\"ready\",secret:t},\"*\")},!1)))}(window,document);\n\/* ]]> *\/\n<\/script>\n","description":"G\u0131da Tar\u0131m ve Hayvanc\u0131l\u0131k Bakanl\u0131\u011f\u0131 ba\u015flatt\u0131\u011f\u0131 yeni bir uygulama ile Orkinos tekneleri su \u00fcr\u00fcnleri m\u00fchendislerinin denetiminde avlanabiliyor. \u00a0Eyl\u00fcl ay\u0131nda ba\u015flayan bal\u0131k av\u0131 sezonu bu y\u0131l yeni uygulamalarla a\u00e7\u0131ld\u0131. G\u0131da, Tar\u0131m ve Hayvanc\u0131l\u0131k Bakanl\u0131\u011f\u0131 nesli t\u00fckenmekte olan hayvanlar i\u00e7in bir dizi \u00f6nlemler ald\u0131. \u00a0Bu al\u0131nan \u00f6nlemlere \u00f6rnek olarak da \u2018ton bal\u0131\u011f\u0131\u2019 olarak da bilinen \u2018orkinos\u2019 avc\u0131l\u0131\u011f\u0131nda [&hellip;]","thumbnail_url":"http:\/\/www.epochtimestr.com\/wp-content\/uploads\/2011y\/800px-Vissersboot01.jpg"}

D.Alkın

Orkinos Tekneleri'nde Artık Su Ürünleri Mühendisleri de Olacak - The Epoch Times TR

<blockquote class="wp-embedded-content" data-secret="ltpNgPKqG6"><a href="https://epochtimestr.com/index.php/orkinos-teknelerinde-artik-su-urunleri-muhendisleri-de-olacak">Orkinos Tekneleri&#8217;nde Artık Su Ürünleri Mühendisleri de Olacak</a></blockquote><iframe sandbox="allow-scripts" security="restricted" src="https://epochtimestr.com/index.php/orkinos-teknelerinde-artik-su-urunleri-muhendisleri-de-olacak/embed#?secret=ltpNgPKqG6" width="600" height="338" title="&#8220;Orkinos Tekneleri&#8217;nde Artık Su Ürünleri Mühendisleri de Olacak&#8221; &#8212; The Epoch Times TR" data-secret="ltpNgPKqG6" frameborder="0" marginwidth="0" marginheight="0" scrolling="no" class="wp-embedded-content"></iframe><script type="text/javascript">
/* <![CDATA[ */
/*! This file is auto-generated */
!function(d,l){"use strict";l.querySelector&&d.addEventListener&&"undefined"!=typeof URL&&(d.wp=d.wp||{},d.wp.receiveEmbedMessage||(d.wp.receiveEmbedMessage=function(e){var t=e.data;if((t||t.secret||t.message||t.value)&&!/[^a-zA-Z0-9]/.test(t.secret)){for(var s,r,n,a=l.querySelectorAll('iframe[data-secret="'+t.secret+'"]'),o=l.querySelectorAll('blockquote[data-secret="'+t.secret+'"]'),c=new RegExp("^https?:$","i"),i=0;i<o.length;i++)o[i].style.display="none";for(i=0;i<a.length;i++)s=a[i],e.source===s.contentWindow&&(s.removeAttribute("style"),"height"===t.message?(1e3<(r=parseInt(t.value,10))?r=1e3:~~r<200&&(r=200),s.height=r):"link"===t.message&&(r=new URL(s.getAttribute("src")),n=new URL(t.value),c.test(n.protocol))&&n.host===r.host&&l.activeElement===s&&(d.top.location.href=t.value))}},d.addEventListener("message",d.wp.receiveEmbedMessage,!1),l.addEventListener("DOMContentLoaded",function(){for(var e,t,s=l.querySelectorAll("iframe.wp-embedded-content"),r=0;r<s.length;r++)(t=(e=s[r]).getAttribute("data-secret"))||(t=Math.random().toString(36).substring(2,12),e.src+="#?secret="+t,e.setAttribute("data-secret",t)),e.contentWindow.postMessage({message:"ready",secret:t},"*")},!1)))}(window,document);
/* ]]> */
</script>

Gıda Tarım ve Hayvancılık Bakanlığı başlattığı yeni bir uygulama ile Orkinos tekneleri su ürünleri mühendislerinin denetiminde avlanabiliyor.  Eylül ayında başlayan balık avı sezonu bu yıl yeni uygulamalarla açıldı. Gıda, Tarım ve Hayvancılık Bakanlığı nesli tükenmekte olan hayvanlar için bir dizi önlemler aldı.  Bu alınan önlemlere örnek olarak da ‘ton balığı’ olarak da bilinen ‘orkinos’ avcılığında [&hellip;]
