{"version":"1.0","provider_name":"The Epoch Times TR","provider_url":"https:\/\/epochtimestr.com","author_name":"Haber Merkezi","author_url":"https:\/\/epochtimestr.com\/index.php\/author\/sendag","title":"Rus F\u00fczeleri Polonya S\u0131n\u0131r\u0131ndaki NATO \u00dcss\u00fcn\u00fc Vurdu - The Epoch Times TR","type":"rich","width":600,"height":338,"html":"<blockquote class=\"wp-embedded-content\" data-secret=\"v2luh01xCg\"><a href=\"https:\/\/epochtimestr.com\/index.php\/rus-fuzeleri-polonya-sinirindaki-nato-ussunu-vurdu\">Rus F\u00fczeleri Polonya S\u0131n\u0131r\u0131ndaki NATO \u00dcss\u00fcn\u00fc Vurdu<\/a><\/blockquote><iframe sandbox=\"allow-scripts\" security=\"restricted\" src=\"https:\/\/epochtimestr.com\/index.php\/rus-fuzeleri-polonya-sinirindaki-nato-ussunu-vurdu\/embed#?secret=v2luh01xCg\" width=\"600\" height=\"338\" title=\"&#8220;Rus F\u00fczeleri Polonya S\u0131n\u0131r\u0131ndaki NATO \u00dcss\u00fcn\u00fc Vurdu&#8221; &#8212; The Epoch Times TR\" data-secret=\"v2luh01xCg\" frameborder=\"0\" marginwidth=\"0\" marginheight=\"0\" scrolling=\"no\" class=\"wp-embedded-content\"><\/iframe><script type=\"text\/javascript\">\n\/* <![CDATA[ *\/\n\/*! This file is auto-generated *\/\n!function(d,l){\"use strict\";l.querySelector&&d.addEventListener&&\"undefined\"!=typeof URL&&(d.wp=d.wp||{},d.wp.receiveEmbedMessage||(d.wp.receiveEmbedMessage=function(e){var t=e.data;if((t||t.secret||t.message||t.value)&&!\/[^a-zA-Z0-9]\/.test(t.secret)){for(var s,r,n,a=l.querySelectorAll('iframe[data-secret=\"'+t.secret+'\"]'),o=l.querySelectorAll('blockquote[data-secret=\"'+t.secret+'\"]'),c=new RegExp(\"^https?:$\",\"i\"),i=0;i<o.length;i++)o[i].style.display=\"none\";for(i=0;i<a.length;i++)s=a[i],e.source===s.contentWindow&&(s.removeAttribute(\"style\"),\"height\"===t.message?(1e3<(r=parseInt(t.value,10))?r=1e3:~~r<200&&(r=200),s.height=r):\"link\"===t.message&&(r=new URL(s.getAttribute(\"src\")),n=new URL(t.value),c.test(n.protocol))&&n.host===r.host&&l.activeElement===s&&(d.top.location.href=t.value))}},d.addEventListener(\"message\",d.wp.receiveEmbedMessage,!1),l.addEventListener(\"DOMContentLoaded\",function(){for(var e,t,s=l.querySelectorAll(\"iframe.wp-embedded-content\"),r=0;r<s.length;r++)(t=(e=s[r]).getAttribute(\"data-secret\"))||(t=Math.random().toString(36).substring(2,12),e.src+=\"#?secret=\"+t,e.setAttribute(\"data-secret\",t)),e.contentWindow.postMessage({message:\"ready\",secret:t},\"*\")},!1)))}(window,document);\n\/* ]]> *\/\n<\/script>\n","thumbnail_url":"https:\/\/epochtimestr.com\/wp-content\/uploads\/2011y\/Ekran-Resmi-2022-03-03-03.26.31-600x281.png","thumbnail_width":600,"thumbnail_height":281,"description":"Hafta i\u00e7inde\u00a0Ukrayna&#8217;n\u0131n bat\u0131s\u0131ndaki baz\u0131 kentlere ilk kez sald\u0131ran Rus i\u015fgalciler, bu sabah\u00a0Polonya\u00a0s\u0131n\u0131r\u0131n\u0131n dibindeki bir Ukrayna askeri \u00fcss\u00fcne sekiz f\u00fcze ate\u015fledi. Rusya&#8217;n\u0131n Ukrayna i\u015fgalinde on sekizinci g\u00fcne girildi, Ukrayna&#8217;n\u0131n bir\u00e7ok \u015fehrinde hava sald\u0131r\u0131s\u0131 sirenleri ayn\u0131 anda \u00e7ald\u0131. Ukrayna\u00a0Savunma Bakan\u0131 Oleksiy Reznikov,\u00a0NATO\u00a0e\u011fitim \u00fcss\u00fcn\u00fcn Ruslar taraf\u0131ndan hedef al\u0131nd\u0131\u011f\u0131n\u0131 do\u011frulad\u0131 ve &#8216;ter\u00f6rist sald\u0131r\u0131&#8217; ifadesini kulland\u0131. Reznikov&#8217;un verdi\u011fi bilgiye g\u00f6re, [&hellip;]"}

Rus Füzeleri Polonya Sınırındaki NATO Üssünü Vurdu - The Epoch Times TR

<blockquote class="wp-embedded-content" data-secret="v2luh01xCg"><a href="https://epochtimestr.com/index.php/rus-fuzeleri-polonya-sinirindaki-nato-ussunu-vurdu">Rus Füzeleri Polonya Sınırındaki NATO Üssünü Vurdu</a></blockquote><iframe sandbox="allow-scripts" security="restricted" src="https://epochtimestr.com/index.php/rus-fuzeleri-polonya-sinirindaki-nato-ussunu-vurdu/embed#?secret=v2luh01xCg" width="600" height="338" title="&#8220;Rus Füzeleri Polonya Sınırındaki NATO Üssünü Vurdu&#8221; &#8212; The Epoch Times TR" data-secret="v2luh01xCg" frameborder="0" marginwidth="0" marginheight="0" scrolling="no" class="wp-embedded-content"></iframe><script type="text/javascript">
/* <![CDATA[ */
/*! This file is auto-generated */
!function(d,l){"use strict";l.querySelector&&d.addEventListener&&"undefined"!=typeof URL&&(d.wp=d.wp||{},d.wp.receiveEmbedMessage||(d.wp.receiveEmbedMessage=function(e){var t=e.data;if((t||t.secret||t.message||t.value)&&!/[^a-zA-Z0-9]/.test(t.secret)){for(var s,r,n,a=l.querySelectorAll('iframe[data-secret="'+t.secret+'"]'),o=l.querySelectorAll('blockquote[data-secret="'+t.secret+'"]'),c=new RegExp("^https?:$","i"),i=0;i<o.length;i++)o[i].style.display="none";for(i=0;i<a.length;i++)s=a[i],e.source===s.contentWindow&&(s.removeAttribute("style"),"height"===t.message?(1e3<(r=parseInt(t.value,10))?r=1e3:~~r<200&&(r=200),s.height=r):"link"===t.message&&(r=new URL(s.getAttribute("src")),n=new URL(t.value),c.test(n.protocol))&&n.host===r.host&&l.activeElement===s&&(d.top.location.href=t.value))}},d.addEventListener("message",d.wp.receiveEmbedMessage,!1),l.addEventListener("DOMContentLoaded",function(){for(var e,t,s=l.querySelectorAll("iframe.wp-embedded-content"),r=0;r<s.length;r++)(t=(e=s[r]).getAttribute("data-secret"))||(t=Math.random().toString(36).substring(2,12),e.src+="#?secret="+t,e.setAttribute("data-secret",t)),e.contentWindow.postMessage({message:"ready",secret:t},"*")},!1)))}(window,document);
/* ]]> */
</script>

Hafta içinde Ukrayna&#8217;nın batısındaki bazı kentlere ilk kez saldıran Rus işgalciler, bu sabah Polonya sınırının dibindeki bir Ukrayna askeri üssüne sekiz füze ateşledi. Rusya&#8217;nın Ukrayna işgalinde on sekizinci güne girildi, Ukrayna&#8217;nın birçok şehrinde hava saldırısı sirenleri aynı anda çaldı. Ukrayna Savunma Bakanı Oleksiy Reznikov, NATO eğitim üssünün Ruslar tarafından hedef alındığını doğruladı ve &#8216;terörist saldırı&#8217; ifadesini kullandı. Reznikov&#8217;un verdiği bilgiye göre, [&hellip;]
