{"version":"1.0","provider_name":"The Epoch Times TR","provider_url":"https:\/\/epochtimestr.com","author_name":"Haber Merkezi","author_url":"https:\/\/epochtimestr.com\/index.php\/author\/sendag","title":"Rus havayolu \u015firketi Uluslararas\u0131 U\u00e7u\u015flar\u0131 Durduruyor - The Epoch Times TR","type":"rich","width":600,"height":338,"html":"<blockquote class=\"wp-embedded-content\" data-secret=\"NvlT7WQdy1\"><a href=\"https:\/\/epochtimestr.com\/index.php\/rus-havayolu-sirketi-uluslararasi-ucuslari-durduruyor\">Rus havayolu \u015firketi Uluslararas\u0131 U\u00e7u\u015flar\u0131 Durduruyor<\/a><\/blockquote><iframe sandbox=\"allow-scripts\" security=\"restricted\" src=\"https:\/\/epochtimestr.com\/index.php\/rus-havayolu-sirketi-uluslararasi-ucuslari-durduruyor\/embed#?secret=NvlT7WQdy1\" width=\"600\" height=\"338\" title=\"&#8220;Rus havayolu \u015firketi Uluslararas\u0131 U\u00e7u\u015flar\u0131 Durduruyor&#8221; &#8212; The Epoch Times TR\" data-secret=\"NvlT7WQdy1\" frameborder=\"0\" marginwidth=\"0\" marginheight=\"0\" scrolling=\"no\" class=\"wp-embedded-content\"><\/iframe><script type=\"text\/javascript\">\n\/* <![CDATA[ *\/\n\/*! This file is auto-generated *\/\n!function(d,l){\"use strict\";l.querySelector&&d.addEventListener&&\"undefined\"!=typeof URL&&(d.wp=d.wp||{},d.wp.receiveEmbedMessage||(d.wp.receiveEmbedMessage=function(e){var t=e.data;if((t||t.secret||t.message||t.value)&&!\/[^a-zA-Z0-9]\/.test(t.secret)){for(var s,r,n,a=l.querySelectorAll('iframe[data-secret=\"'+t.secret+'\"]'),o=l.querySelectorAll('blockquote[data-secret=\"'+t.secret+'\"]'),c=new RegExp(\"^https?:$\",\"i\"),i=0;i<o.length;i++)o[i].style.display=\"none\";for(i=0;i<a.length;i++)s=a[i],e.source===s.contentWindow&&(s.removeAttribute(\"style\"),\"height\"===t.message?(1e3<(r=parseInt(t.value,10))?r=1e3:~~r<200&&(r=200),s.height=r):\"link\"===t.message&&(r=new URL(s.getAttribute(\"src\")),n=new URL(t.value),c.test(n.protocol))&&n.host===r.host&&l.activeElement===s&&(d.top.location.href=t.value))}},d.addEventListener(\"message\",d.wp.receiveEmbedMessage,!1),l.addEventListener(\"DOMContentLoaded\",function(){for(var e,t,s=l.querySelectorAll(\"iframe.wp-embedded-content\"),r=0;r<s.length;r++)(t=(e=s[r]).getAttribute(\"data-secret\"))||(t=Math.random().toString(36).substring(2,12),e.src+=\"#?secret=\"+t,e.setAttribute(\"data-secret\",t)),e.contentWindow.postMessage({message:\"ready\",secret:t},\"*\")},!1)))}(window,document);\n\/* ]]> *\/\n<\/script>\n","thumbnail_url":"https:\/\/epochtimestr.com\/wp-content\/uploads\/2011y\/u\u00e7ak-32.jpg","thumbnail_width":664,"thumbnail_height":354,"description":"Rus havayolu \u015firketi Aeroflot, 8 Mart itibar\u0131yla uluslararas\u0131 u\u00e7u\u015flar\u0131 durduraca\u011f\u0131n\u0131 a\u00e7\u0131klad\u0131. \u015eirketin yaz\u0131l\u0131 a\u00e7\u0131klamas\u0131nda, t\u00fcm uluslararas\u0131 u\u00e7u\u015flar\u0131n ge\u00e7ici s\u00fcreyle durdurulaca\u011f\u0131 bildirildi. A\u00e7\u0131klamada, u\u00e7u\u015flar\u0131 engelleyen &#8216;ilave \u015fartlar\u0131n&#8217; meydana geldi\u011fi belirtilerek, 8 Mart itibar\u0131yla t\u00fcm uluslararas\u0131 u\u00e7u\u015flar\u0131n ask\u0131ya al\u0131nd\u0131\u011f\u0131 kaydedildi. \u0130\u00e7 hatlar ve Belarus&#8217;a planlanan u\u00e7u\u015flar ise devam edecek."}

Rus havayolu şirketi Uluslararası Uçuşları Durduruyor - The Epoch Times TR

<blockquote class="wp-embedded-content" data-secret="NvlT7WQdy1"><a href="https://epochtimestr.com/index.php/rus-havayolu-sirketi-uluslararasi-ucuslari-durduruyor">Rus havayolu şirketi Uluslararası Uçuşları Durduruyor</a></blockquote><iframe sandbox="allow-scripts" security="restricted" src="https://epochtimestr.com/index.php/rus-havayolu-sirketi-uluslararasi-ucuslari-durduruyor/embed#?secret=NvlT7WQdy1" width="600" height="338" title="&#8220;Rus havayolu şirketi Uluslararası Uçuşları Durduruyor&#8221; &#8212; The Epoch Times TR" data-secret="NvlT7WQdy1" frameborder="0" marginwidth="0" marginheight="0" scrolling="no" class="wp-embedded-content"></iframe><script type="text/javascript">
/* <![CDATA[ */
/*! This file is auto-generated */
!function(d,l){"use strict";l.querySelector&&d.addEventListener&&"undefined"!=typeof URL&&(d.wp=d.wp||{},d.wp.receiveEmbedMessage||(d.wp.receiveEmbedMessage=function(e){var t=e.data;if((t||t.secret||t.message||t.value)&&!/[^a-zA-Z0-9]/.test(t.secret)){for(var s,r,n,a=l.querySelectorAll('iframe[data-secret="'+t.secret+'"]'),o=l.querySelectorAll('blockquote[data-secret="'+t.secret+'"]'),c=new RegExp("^https?:$","i"),i=0;i<o.length;i++)o[i].style.display="none";for(i=0;i<a.length;i++)s=a[i],e.source===s.contentWindow&&(s.removeAttribute("style"),"height"===t.message?(1e3<(r=parseInt(t.value,10))?r=1e3:~~r<200&&(r=200),s.height=r):"link"===t.message&&(r=new URL(s.getAttribute("src")),n=new URL(t.value),c.test(n.protocol))&&n.host===r.host&&l.activeElement===s&&(d.top.location.href=t.value))}},d.addEventListener("message",d.wp.receiveEmbedMessage,!1),l.addEventListener("DOMContentLoaded",function(){for(var e,t,s=l.querySelectorAll("iframe.wp-embedded-content"),r=0;r<s.length;r++)(t=(e=s[r]).getAttribute("data-secret"))||(t=Math.random().toString(36).substring(2,12),e.src+="#?secret="+t,e.setAttribute("data-secret",t)),e.contentWindow.postMessage({message:"ready",secret:t},"*")},!1)))}(window,document);
/* ]]> */
</script>

https://epochtimestr.com/wp-content/uploads/2011y/uçak-32.jpg

Rus havayolu şirketi Aeroflot, 8 Mart itibarıyla uluslararası uçuşları durduracağını açıkladı. Şirketin yazılı açıklamasında, tüm uluslararası uçuşların geçici süreyle durdurulacağı bildirildi. Açıklamada, uçuşları engelleyen &#8216;ilave şartların&#8217; meydana geldiği belirtilerek, 8 Mart itibarıyla tüm uluslararası uçuşların askıya alındığı kaydedildi. İç hatlar ve Belarus&#8217;a planlanan uçuşlar ise devam edecek.
