{"version":"1.0","provider_name":"The Epoch Times TR","provider_url":"https:\/\/epochtimestr.com","author_name":"Haber Merkezi","author_url":"https:\/\/epochtimestr.com\/index.php\/author\/sendag","title":"Sri Lanka: \u00c7ay Ticaretinde D\u00fcnyan\u0131n Merkezi - The Epoch Times TR","type":"rich","width":600,"height":338,"html":"<blockquote class=\"wp-embedded-content\" data-secret=\"ZKnbDKnm5B\"><a href=\"https:\/\/epochtimestr.com\/index.php\/sri-lanka-cay-ticaretinde-dunyanin-merkezi\">Sri Lanka: \u00c7ay Ticaretinde D\u00fcnyan\u0131n Merkezi<\/a><\/blockquote><iframe sandbox=\"allow-scripts\" security=\"restricted\" src=\"https:\/\/epochtimestr.com\/index.php\/sri-lanka-cay-ticaretinde-dunyanin-merkezi\/embed#?secret=ZKnbDKnm5B\" width=\"600\" height=\"338\" title=\"&#8220;Sri Lanka: \u00c7ay Ticaretinde D\u00fcnyan\u0131n Merkezi&#8221; &#8212; The Epoch Times TR\" data-secret=\"ZKnbDKnm5B\" frameborder=\"0\" marginwidth=\"0\" marginheight=\"0\" scrolling=\"no\" class=\"wp-embedded-content\"><\/iframe><script type=\"text\/javascript\">\n\/* <![CDATA[ *\/\n\/*! This file is auto-generated *\/\n!function(d,l){\"use strict\";l.querySelector&&d.addEventListener&&\"undefined\"!=typeof URL&&(d.wp=d.wp||{},d.wp.receiveEmbedMessage||(d.wp.receiveEmbedMessage=function(e){var t=e.data;if((t||t.secret||t.message||t.value)&&!\/[^a-zA-Z0-9]\/.test(t.secret)){for(var s,r,n,a=l.querySelectorAll('iframe[data-secret=\"'+t.secret+'\"]'),o=l.querySelectorAll('blockquote[data-secret=\"'+t.secret+'\"]'),c=new RegExp(\"^https?:$\",\"i\"),i=0;i<o.length;i++)o[i].style.display=\"none\";for(i=0;i<a.length;i++)s=a[i],e.source===s.contentWindow&&(s.removeAttribute(\"style\"),\"height\"===t.message?(1e3<(r=parseInt(t.value,10))?r=1e3:~~r<200&&(r=200),s.height=r):\"link\"===t.message&&(r=new URL(s.getAttribute(\"src\")),n=new URL(t.value),c.test(n.protocol))&&n.host===r.host&&l.activeElement===s&&(d.top.location.href=t.value))}},d.addEventListener(\"message\",d.wp.receiveEmbedMessage,!1),l.addEventListener(\"DOMContentLoaded\",function(){for(var e,t,s=l.querySelectorAll(\"iframe.wp-embedded-content\"),r=0;r<s.length;r++)(t=(e=s[r]).getAttribute(\"data-secret\"))||(t=Math.random().toString(36).substring(2,12),e.src+=\"#?secret=\"+t,e.setAttribute(\"data-secret\",t)),e.contentWindow.postMessage({message:\"ready\",secret:t},\"*\")},!1)))}(window,document);\n\/* ]]> *\/\n<\/script>\n","thumbnail_url":"https:\/\/epochtimestr.com\/wp-content\/uploads\/2011y\/\u00e7ay-hasad\u0131-tarla-kad\u0131n.jpg","thumbnail_width":960,"thumbnail_height":538,"description":"Son 4 ku\u015fakt\u0131r \u00e7ay ticareti ile u\u011fra\u015fan Mohamed Faizal, hasat d\u00f6neminin y\u0131l i\u00e7erisinde hava \u015fartlar\u0131na g\u00f6re de\u011fi\u015fti\u011fini s\u00f6yledi. Kendisinin her hafta 200 ton \u00e7ay satt\u0131\u011f\u0131n\u0131 s\u00f6yleyen Faizal; &#8220;Sri Lanka\u2019da \u00e7ay orta y\u00fcksek ve tepelerde \u00fcretiliyor. \u00c7ay ihracat\u0131 2018&#8217;in ilk yar\u0131s\u0131nda y\u0131ll\u0131k bazda y\u00fczde 0,3 oran\u0131nda geriledi. Bu gerileme ile \u00e7ay ihracat\u0131 y\u00fczde 0.19, \u00e7ay paket [&hellip;]"}

Sri Lanka: Çay Ticaretinde Dünyanın Merkezi - The Epoch Times TR

<blockquote class="wp-embedded-content" data-secret="ZKnbDKnm5B"><a href="https://epochtimestr.com/index.php/sri-lanka-cay-ticaretinde-dunyanin-merkezi">Sri Lanka: Çay Ticaretinde Dünyanın Merkezi</a></blockquote><iframe sandbox="allow-scripts" security="restricted" src="https://epochtimestr.com/index.php/sri-lanka-cay-ticaretinde-dunyanin-merkezi/embed#?secret=ZKnbDKnm5B" width="600" height="338" title="&#8220;Sri Lanka: Çay Ticaretinde Dünyanın Merkezi&#8221; &#8212; The Epoch Times TR" data-secret="ZKnbDKnm5B" frameborder="0" marginwidth="0" marginheight="0" scrolling="no" class="wp-embedded-content"></iframe><script type="text/javascript">
/* <![CDATA[ */
/*! This file is auto-generated */
!function(d,l){"use strict";l.querySelector&&d.addEventListener&&"undefined"!=typeof URL&&(d.wp=d.wp||{},d.wp.receiveEmbedMessage||(d.wp.receiveEmbedMessage=function(e){var t=e.data;if((t||t.secret||t.message||t.value)&&!/[^a-zA-Z0-9]/.test(t.secret)){for(var s,r,n,a=l.querySelectorAll('iframe[data-secret="'+t.secret+'"]'),o=l.querySelectorAll('blockquote[data-secret="'+t.secret+'"]'),c=new RegExp("^https?:$","i"),i=0;i<o.length;i++)o[i].style.display="none";for(i=0;i<a.length;i++)s=a[i],e.source===s.contentWindow&&(s.removeAttribute("style"),"height"===t.message?(1e3<(r=parseInt(t.value,10))?r=1e3:~~r<200&&(r=200),s.height=r):"link"===t.message&&(r=new URL(s.getAttribute("src")),n=new URL(t.value),c.test(n.protocol))&&n.host===r.host&&l.activeElement===s&&(d.top.location.href=t.value))}},d.addEventListener("message",d.wp.receiveEmbedMessage,!1),l.addEventListener("DOMContentLoaded",function(){for(var e,t,s=l.querySelectorAll("iframe.wp-embedded-content"),r=0;r<s.length;r++)(t=(e=s[r]).getAttribute("data-secret"))||(t=Math.random().toString(36).substring(2,12),e.src+="#?secret="+t,e.setAttribute("data-secret",t)),e.contentWindow.postMessage({message:"ready",secret:t},"*")},!1)))}(window,document);
/* ]]> */
</script>

https://epochtimestr.com/wp-content/uploads/2011y/çay-hasadı-tarla-kadın.jpg

Son 4 kuşaktır çay ticareti ile uğraşan Mohamed Faizal, hasat döneminin yıl içerisinde hava şartlarına göre değiştiğini söyledi. Kendisinin her hafta 200 ton çay sattığını söyleyen Faizal; &#8220;Sri Lanka’da çay orta yüksek ve tepelerde üretiliyor. Çay ihracatı 2018&#8217;in ilk yarısında yıllık bazda yüzde 0,3 oranında geriledi. Bu gerileme ile çay ihracatı yüzde 0.19, çay paket [&hellip;]
