{"version":"1.0","provider_name":"The Epoch Times TR","provider_url":"https:\/\/epochtimestr.com","author_name":"Haber Merkezi","author_url":"https:\/\/epochtimestr.com\/index.php\/author\/sendag","title":"Stoltenberg'den T\u00fckiye'nin AB \u0130ste\u011fine Destek - The Epoch Times TR","type":"rich","width":600,"height":338,"html":"<blockquote class=\"wp-embedded-content\" data-secret=\"FW8qxVYvKT\"><a href=\"https:\/\/epochtimestr.com\/index.php\/stoltenbergden-tukiyenin-ab-istegine-destek\">Stoltenberg&#8217;den T\u00fckiye&#8217;nin AB \u0130ste\u011fine Destek<\/a><\/blockquote><iframe sandbox=\"allow-scripts\" security=\"restricted\" src=\"https:\/\/epochtimestr.com\/index.php\/stoltenbergden-tukiyenin-ab-istegine-destek\/embed#?secret=FW8qxVYvKT\" width=\"600\" height=\"338\" title=\"&#8220;Stoltenberg&#8217;den T\u00fckiye&#8217;nin AB \u0130ste\u011fine Destek&#8221; &#8212; The Epoch Times TR\" data-secret=\"FW8qxVYvKT\" frameborder=\"0\" marginwidth=\"0\" marginheight=\"0\" scrolling=\"no\" class=\"wp-embedded-content\"><\/iframe><script type=\"text\/javascript\">\n\/* <![CDATA[ *\/\n\/*! This file is auto-generated *\/\n!function(d,l){\"use strict\";l.querySelector&&d.addEventListener&&\"undefined\"!=typeof URL&&(d.wp=d.wp||{},d.wp.receiveEmbedMessage||(d.wp.receiveEmbedMessage=function(e){var t=e.data;if((t||t.secret||t.message||t.value)&&!\/[^a-zA-Z0-9]\/.test(t.secret)){for(var s,r,n,a=l.querySelectorAll('iframe[data-secret=\"'+t.secret+'\"]'),o=l.querySelectorAll('blockquote[data-secret=\"'+t.secret+'\"]'),c=new RegExp(\"^https?:$\",\"i\"),i=0;i<o.length;i++)o[i].style.display=\"none\";for(i=0;i<a.length;i++)s=a[i],e.source===s.contentWindow&&(s.removeAttribute(\"style\"),\"height\"===t.message?(1e3<(r=parseInt(t.value,10))?r=1e3:~~r<200&&(r=200),s.height=r):\"link\"===t.message&&(r=new URL(s.getAttribute(\"src\")),n=new URL(t.value),c.test(n.protocol))&&n.host===r.host&&l.activeElement===s&&(d.top.location.href=t.value))}},d.addEventListener(\"message\",d.wp.receiveEmbedMessage,!1),l.addEventListener(\"DOMContentLoaded\",function(){for(var e,t,s=l.querySelectorAll(\"iframe.wp-embedded-content\"),r=0;r<s.length;r++)(t=(e=s[r]).getAttribute(\"data-secret\"))||(t=Math.random().toString(36).substring(2,12),e.src+=\"#?secret=\"+t,e.setAttribute(\"data-secret\",t)),e.contentWindow.postMessage({message:\"ready\",secret:t},\"*\")},!1)))}(window,document);\n\/* ]]> *\/\n<\/script>\n","thumbnail_url":"https:\/\/epochtimestr.com\/wp-content\/uploads\/2011y\/stoltenberg.jpg","thumbnail_width":664,"thumbnail_height":354,"description":"NATO Genel Sekreteri Stoltenberg, T\u00fcrkiye&#8217;nin AB iste\u011fini destekledi\u011fini belirtti. NATO Genel Sekreteri Jens Stoltenberg, Cumhurba\u015fkan\u0131 Recep Tayyip Erdo\u011fan&#8217;\u0131n bug\u00fcn havaliman\u0131nda yapt\u0131\u011f\u0131 &#8220;T\u00fcrkiye&#8217;nin Avrupa Birli\u011fi (AB) \u00fcyeli\u011finin \u00f6n\u00fcn\u00fc a\u00e7\u0131n, \u0130sve\u00e7&#8217;in \u00f6n\u00fcn\u00fc a\u00e7al\u0131m&#8221; a\u00e7\u0131klamas\u0131na da de\u011findi. Stoltenberg, T\u00fcrkiye&#8217;nin Avrupa Birli\u011fi&#8217;ne \u00fcye olma y\u00f6n\u00fcndeki hedefini destekledi\u011fini s\u00f6yledi. Yar\u0131n ba\u015flayacak NATO Liderler Zirvesi \u00f6ncesi a\u00e7\u0131klama yapan\u00a0Stoltenberg, T\u00fcrkiye&#8217;nin \u0130sve\u00e7&#8217;in NATO [&hellip;]"}

Stoltenberg'den Tükiye'nin AB İsteğine Destek - The Epoch Times TR

<blockquote class="wp-embedded-content" data-secret="FW8qxVYvKT"><a href="https://epochtimestr.com/index.php/stoltenbergden-tukiyenin-ab-istegine-destek">Stoltenberg&#8217;den Tükiye&#8217;nin AB İsteğine Destek</a></blockquote><iframe sandbox="allow-scripts" security="restricted" src="https://epochtimestr.com/index.php/stoltenbergden-tukiyenin-ab-istegine-destek/embed#?secret=FW8qxVYvKT" width="600" height="338" title="&#8220;Stoltenberg&#8217;den Tükiye&#8217;nin AB İsteğine Destek&#8221; &#8212; The Epoch Times TR" data-secret="FW8qxVYvKT" frameborder="0" marginwidth="0" marginheight="0" scrolling="no" class="wp-embedded-content"></iframe><script type="text/javascript">
/* <![CDATA[ */
/*! This file is auto-generated */
!function(d,l){"use strict";l.querySelector&&d.addEventListener&&"undefined"!=typeof URL&&(d.wp=d.wp||{},d.wp.receiveEmbedMessage||(d.wp.receiveEmbedMessage=function(e){var t=e.data;if((t||t.secret||t.message||t.value)&&!/[^a-zA-Z0-9]/.test(t.secret)){for(var s,r,n,a=l.querySelectorAll('iframe[data-secret="'+t.secret+'"]'),o=l.querySelectorAll('blockquote[data-secret="'+t.secret+'"]'),c=new RegExp("^https?:$","i"),i=0;i<o.length;i++)o[i].style.display="none";for(i=0;i<a.length;i++)s=a[i],e.source===s.contentWindow&&(s.removeAttribute("style"),"height"===t.message?(1e3<(r=parseInt(t.value,10))?r=1e3:~~r<200&&(r=200),s.height=r):"link"===t.message&&(r=new URL(s.getAttribute("src")),n=new URL(t.value),c.test(n.protocol))&&n.host===r.host&&l.activeElement===s&&(d.top.location.href=t.value))}},d.addEventListener("message",d.wp.receiveEmbedMessage,!1),l.addEventListener("DOMContentLoaded",function(){for(var e,t,s=l.querySelectorAll("iframe.wp-embedded-content"),r=0;r<s.length;r++)(t=(e=s[r]).getAttribute("data-secret"))||(t=Math.random().toString(36).substring(2,12),e.src+="#?secret="+t,e.setAttribute("data-secret",t)),e.contentWindow.postMessage({message:"ready",secret:t},"*")},!1)))}(window,document);
/* ]]> */
</script>

NATO Genel Sekreteri Stoltenberg, Türkiye&#8217;nin AB isteğini desteklediğini belirtti. NATO Genel Sekreteri Jens Stoltenberg, Cumhurbaşkanı Recep Tayyip Erdoğan&#8217;ın bugün havalimanında yaptığı &#8220;Türkiye&#8217;nin Avrupa Birliği (AB) üyeliğinin önünü açın, İsveç&#8217;in önünü açalım&#8221; açıklamasına da değindi. Stoltenberg, Türkiye&#8217;nin Avrupa Birliği&#8217;ne üye olma yönündeki hedefini desteklediğini söyledi. Yarın başlayacak NATO Liderler Zirvesi öncesi açıklama yapan Stoltenberg, Türkiye&#8217;nin İsveç&#8217;in NATO [&hellip;]
