{"version":"1.0","provider_name":"The Epoch Times TR","provider_url":"https:\/\/epochtimestr.com","author_name":"O.Bugdayci","author_url":"https:\/\/epochtimestr.com\/index.php\/author\/ozan","title":"Suudi Arabistanda G\u00f6steri ve Y\u00fcr\u00fcy\u00fc\u015fler Yasakland\u0131 - The Epoch Times TR","type":"rich","width":600,"height":338,"html":"<blockquote class=\"wp-embedded-content\" data-secret=\"T5IusIrudj\"><a href=\"https:\/\/epochtimestr.com\/index.php\/suudi-arabistanda-gosteri-ve-yuruyusler-yasaklandi\">Suudi Arabistanda G\u00f6steri ve Y\u00fcr\u00fcy\u00fc\u015fler Yasakland\u0131<\/a><\/blockquote><iframe sandbox=\"allow-scripts\" security=\"restricted\" src=\"https:\/\/epochtimestr.com\/index.php\/suudi-arabistanda-gosteri-ve-yuruyusler-yasaklandi\/embed#?secret=T5IusIrudj\" width=\"600\" height=\"338\" title=\"&#8220;Suudi Arabistanda G\u00f6steri ve Y\u00fcr\u00fcy\u00fc\u015fler Yasakland\u0131&#8221; &#8212; The Epoch Times TR\" data-secret=\"T5IusIrudj\" frameborder=\"0\" marginwidth=\"0\" marginheight=\"0\" scrolling=\"no\" class=\"wp-embedded-content\"><\/iframe><script type=\"text\/javascript\">\n\/* <![CDATA[ *\/\n\/*! This file is auto-generated *\/\n!function(d,l){\"use strict\";l.querySelector&&d.addEventListener&&\"undefined\"!=typeof URL&&(d.wp=d.wp||{},d.wp.receiveEmbedMessage||(d.wp.receiveEmbedMessage=function(e){var t=e.data;if((t||t.secret||t.message||t.value)&&!\/[^a-zA-Z0-9]\/.test(t.secret)){for(var s,r,n,a=l.querySelectorAll('iframe[data-secret=\"'+t.secret+'\"]'),o=l.querySelectorAll('blockquote[data-secret=\"'+t.secret+'\"]'),c=new RegExp(\"^https?:$\",\"i\"),i=0;i<o.length;i++)o[i].style.display=\"none\";for(i=0;i<a.length;i++)s=a[i],e.source===s.contentWindow&&(s.removeAttribute(\"style\"),\"height\"===t.message?(1e3<(r=parseInt(t.value,10))?r=1e3:~~r<200&&(r=200),s.height=r):\"link\"===t.message&&(r=new URL(s.getAttribute(\"src\")),n=new URL(t.value),c.test(n.protocol))&&n.host===r.host&&l.activeElement===s&&(d.top.location.href=t.value))}},d.addEventListener(\"message\",d.wp.receiveEmbedMessage,!1),l.addEventListener(\"DOMContentLoaded\",function(){for(var e,t,s=l.querySelectorAll(\"iframe.wp-embedded-content\"),r=0;r<s.length;r++)(t=(e=s[r]).getAttribute(\"data-secret\"))||(t=Math.random().toString(36).substring(2,12),e.src+=\"#?secret=\"+t,e.setAttribute(\"data-secret\",t)),e.contentWindow.postMessage({message:\"ready\",secret:t},\"*\")},!1)))}(window,document);\n\/* ]]> *\/\n<\/script>\n","description":"&nbsp; Suudi Arabistan i\u00e7i\u015fleri bakan\u0131 \u00fclkede herhangi bir g\u00f6steri veya y\u00fcr\u00fcy\u00fc\u015f yap\u0131lmas\u0131n\u0131 yasaklad\u0131klar\u0131n\u0131 duyurdu. Bu yasaklaman\u0131n gerek\u00e7esi olarak ise bu gibi eylemlerin islami yasalara ve krall\u0131k geleneklerine ayk\u0131r\u0131 olmas\u0131 g\u00f6sterildi. \u0130nternetteki ve Facebook taki birtak\u0131m gruplar Suudi Devrimi ba\u015fl\u0131\u011f\u0131 alt\u0131nda birtak\u0131m eylemler yapma giri\u015fiminde idi. Ge\u00e7ti\u011fimiz hafta y\u00fczlerce ki\u015fi sokaklara \u00e7\u0131kt\u0131 ve memnuniyetsizliklerini dile getirdi.\u00a0 [&hellip;]","thumbnail_url":"http:\/\/www.epochtimestr.com\/wp-content\/uploads\/2011y\/109789205.jpg"}

Suudi Arabistanda Gösteri ve Yürüyüşler Yasaklandı - The Epoch Times TR

<blockquote class="wp-embedded-content" data-secret="T5IusIrudj"><a href="https://epochtimestr.com/index.php/suudi-arabistanda-gosteri-ve-yuruyusler-yasaklandi">Suudi Arabistanda Gösteri ve Yürüyüşler Yasaklandı</a></blockquote><iframe sandbox="allow-scripts" security="restricted" src="https://epochtimestr.com/index.php/suudi-arabistanda-gosteri-ve-yuruyusler-yasaklandi/embed#?secret=T5IusIrudj" width="600" height="338" title="&#8220;Suudi Arabistanda Gösteri ve Yürüyüşler Yasaklandı&#8221; &#8212; The Epoch Times TR" data-secret="T5IusIrudj" frameborder="0" marginwidth="0" marginheight="0" scrolling="no" class="wp-embedded-content"></iframe><script type="text/javascript">
/* <![CDATA[ */
/*! This file is auto-generated */
!function(d,l){"use strict";l.querySelector&&d.addEventListener&&"undefined"!=typeof URL&&(d.wp=d.wp||{},d.wp.receiveEmbedMessage||(d.wp.receiveEmbedMessage=function(e){var t=e.data;if((t||t.secret||t.message||t.value)&&!/[^a-zA-Z0-9]/.test(t.secret)){for(var s,r,n,a=l.querySelectorAll('iframe[data-secret="'+t.secret+'"]'),o=l.querySelectorAll('blockquote[data-secret="'+t.secret+'"]'),c=new RegExp("^https?:$","i"),i=0;i<o.length;i++)o[i].style.display="none";for(i=0;i<a.length;i++)s=a[i],e.source===s.contentWindow&&(s.removeAttribute("style"),"height"===t.message?(1e3<(r=parseInt(t.value,10))?r=1e3:~~r<200&&(r=200),s.height=r):"link"===t.message&&(r=new URL(s.getAttribute("src")),n=new URL(t.value),c.test(n.protocol))&&n.host===r.host&&l.activeElement===s&&(d.top.location.href=t.value))}},d.addEventListener("message",d.wp.receiveEmbedMessage,!1),l.addEventListener("DOMContentLoaded",function(){for(var e,t,s=l.querySelectorAll("iframe.wp-embedded-content"),r=0;r<s.length;r++)(t=(e=s[r]).getAttribute("data-secret"))||(t=Math.random().toString(36).substring(2,12),e.src+="#?secret="+t,e.setAttribute("data-secret",t)),e.contentWindow.postMessage({message:"ready",secret:t},"*")},!1)))}(window,document);
/* ]]> */
</script>

&nbsp; Suudi Arabistan içişleri bakanı ülkede herhangi bir gösteri veya yürüyüş yapılmasını yasakladıklarını duyurdu. Bu yasaklamanın gerekçesi olarak ise bu gibi eylemlerin islami yasalara ve krallık geleneklerine aykırı olması gösterildi. İnternetteki ve Facebook taki birtakım gruplar Suudi Devrimi başlığı altında birtakım eylemler yapma girişiminde idi. Geçtiğimiz hafta yüzlerce kişi sokaklara çıktı ve memnuniyetsizliklerini dile getirdi.  [&hellip;]
