{"version":"1.0","provider_name":"The Epoch Times TR","provider_url":"https:\/\/epochtimestr.com","author_name":"Evren Durmaz","author_url":"https:\/\/epochtimestr.com\/index.php\/author\/evren-durmaz","title":"Tayvan'da \u0130kinci Ukrayna Vakas\u0131 M\u0131 Ya\u015fanacak? - The Epoch Times TR","type":"rich","width":600,"height":338,"html":"<blockquote class=\"wp-embedded-content\" data-secret=\"aA7U3NPIAp\"><a href=\"https:\/\/epochtimestr.com\/index.php\/tayvanda-ikinci-ukrayna-vakasi-mi-yasanacak\">Tayvan&#8217;da \u0130kinci Ukrayna Vakas\u0131 M\u0131 Ya\u015fanacak?<\/a><\/blockquote><iframe sandbox=\"allow-scripts\" security=\"restricted\" src=\"https:\/\/epochtimestr.com\/index.php\/tayvanda-ikinci-ukrayna-vakasi-mi-yasanacak\/embed#?secret=aA7U3NPIAp\" width=\"600\" height=\"338\" title=\"&#8220;Tayvan&#8217;da \u0130kinci Ukrayna Vakas\u0131 M\u0131 Ya\u015fanacak?&#8221; &#8212; The Epoch Times TR\" data-secret=\"aA7U3NPIAp\" frameborder=\"0\" marginwidth=\"0\" marginheight=\"0\" scrolling=\"no\" class=\"wp-embedded-content\"><\/iframe><script type=\"text\/javascript\">\n\/* <![CDATA[ *\/\n\/*! This file is auto-generated *\/\n!function(d,l){\"use strict\";l.querySelector&&d.addEventListener&&\"undefined\"!=typeof URL&&(d.wp=d.wp||{},d.wp.receiveEmbedMessage||(d.wp.receiveEmbedMessage=function(e){var t=e.data;if((t||t.secret||t.message||t.value)&&!\/[^a-zA-Z0-9]\/.test(t.secret)){for(var s,r,n,a=l.querySelectorAll('iframe[data-secret=\"'+t.secret+'\"]'),o=l.querySelectorAll('blockquote[data-secret=\"'+t.secret+'\"]'),c=new RegExp(\"^https?:$\",\"i\"),i=0;i<o.length;i++)o[i].style.display=\"none\";for(i=0;i<a.length;i++)s=a[i],e.source===s.contentWindow&&(s.removeAttribute(\"style\"),\"height\"===t.message?(1e3<(r=parseInt(t.value,10))?r=1e3:~~r<200&&(r=200),s.height=r):\"link\"===t.message&&(r=new URL(s.getAttribute(\"src\")),n=new URL(t.value),c.test(n.protocol))&&n.host===r.host&&l.activeElement===s&&(d.top.location.href=t.value))}},d.addEventListener(\"message\",d.wp.receiveEmbedMessage,!1),l.addEventListener(\"DOMContentLoaded\",function(){for(var e,t,s=l.querySelectorAll(\"iframe.wp-embedded-content\"),r=0;r<s.length;r++)(t=(e=s[r]).getAttribute(\"data-secret\"))||(t=Math.random().toString(36).substring(2,12),e.src+=\"#?secret=\"+t,e.setAttribute(\"data-secret\",t)),e.contentWindow.postMessage({message:\"ready\",secret:t},\"*\")},!1)))}(window,document);\n\/* ]]> *\/\n<\/script>\n","thumbnail_url":"https:\/\/epochtimestr.com\/wp-content\/uploads\/2011y\/Ekran-Resmi-2022-03-03-03.26.31-600x281.png","thumbnail_width":600,"thumbnail_height":281,"description":"Rus i\u015fgali nedeniyle binlerce Ukraynal\u0131 \u015fu anda m\u00fclteci durumunda. Pekin; Rusya&#8217;y\u0131 \u00f6rnek al\u0131p aday\u0131 ele ge\u00e7irirse, bug\u00fcn\u00fcn Ukrayna&#8217;s\u0131n\u0131n yar\u0131n\u0131n Tayvan&#8217;\u0131 olup olmayaca\u011f\u0131 konusunda internet ortam\u0131nda hararetli bir tart\u0131\u015fma var. Tayvan cumhurba\u015fkan\u0131, Rusya ile Ukrayna aras\u0131ndaki sava\u015f s\u0131ras\u0131nda yeni bir a\u00e7\u0131klama yapt\u0131. Cumhurba\u015fkan\u0131, adan\u0131n ordusunun Tayvan Bo\u011faz\u0131&#8217;n\u0131 aktif olarak izledi\u011fini s\u00f6yledi. Tayvan Ba\u015fkan\u0131 Tsai Ing-Wen: &#8220;Ordumuzun [&hellip;]"}

Tayvan'da İkinci Ukrayna Vakası Mı Yaşanacak? - The Epoch Times TR

<blockquote class="wp-embedded-content" data-secret="aA7U3NPIAp"><a href="https://epochtimestr.com/index.php/tayvanda-ikinci-ukrayna-vakasi-mi-yasanacak">Tayvan&#8217;da İkinci Ukrayna Vakası Mı Yaşanacak?</a></blockquote><iframe sandbox="allow-scripts" security="restricted" src="https://epochtimestr.com/index.php/tayvanda-ikinci-ukrayna-vakasi-mi-yasanacak/embed#?secret=aA7U3NPIAp" width="600" height="338" title="&#8220;Tayvan&#8217;da İkinci Ukrayna Vakası Mı Yaşanacak?&#8221; &#8212; The Epoch Times TR" data-secret="aA7U3NPIAp" frameborder="0" marginwidth="0" marginheight="0" scrolling="no" class="wp-embedded-content"></iframe><script type="text/javascript">
/* <![CDATA[ */
/*! This file is auto-generated */
!function(d,l){"use strict";l.querySelector&&d.addEventListener&&"undefined"!=typeof URL&&(d.wp=d.wp||{},d.wp.receiveEmbedMessage||(d.wp.receiveEmbedMessage=function(e){var t=e.data;if((t||t.secret||t.message||t.value)&&!/[^a-zA-Z0-9]/.test(t.secret)){for(var s,r,n,a=l.querySelectorAll('iframe[data-secret="'+t.secret+'"]'),o=l.querySelectorAll('blockquote[data-secret="'+t.secret+'"]'),c=new RegExp("^https?:$","i"),i=0;i<o.length;i++)o[i].style.display="none";for(i=0;i<a.length;i++)s=a[i],e.source===s.contentWindow&&(s.removeAttribute("style"),"height"===t.message?(1e3<(r=parseInt(t.value,10))?r=1e3:~~r<200&&(r=200),s.height=r):"link"===t.message&&(r=new URL(s.getAttribute("src")),n=new URL(t.value),c.test(n.protocol))&&n.host===r.host&&l.activeElement===s&&(d.top.location.href=t.value))}},d.addEventListener("message",d.wp.receiveEmbedMessage,!1),l.addEventListener("DOMContentLoaded",function(){for(var e,t,s=l.querySelectorAll("iframe.wp-embedded-content"),r=0;r<s.length;r++)(t=(e=s[r]).getAttribute("data-secret"))||(t=Math.random().toString(36).substring(2,12),e.src+="#?secret="+t,e.setAttribute("data-secret",t)),e.contentWindow.postMessage({message:"ready",secret:t},"*")},!1)))}(window,document);
/* ]]> */
</script>

Rus işgali nedeniyle binlerce Ukraynalı şu anda mülteci durumunda. Pekin; Rusya&#8217;yı örnek alıp adayı ele geçirirse, bugünün Ukrayna&#8217;sının yarının Tayvan&#8217;ı olup olmayacağı konusunda internet ortamında hararetli bir tartışma var. Tayvan cumhurbaşkanı, Rusya ile Ukrayna arasındaki savaş sırasında yeni bir açıklama yaptı. Cumhurbaşkanı, adanın ordusunun Tayvan Boğazı&#8217;nı aktif olarak izlediğini söyledi. Tayvan Başkanı Tsai Ing-Wen: &#8220;Ordumuzun [&hellip;]
