{"version":"1.0","provider_name":"The Epoch Times TR","provider_url":"https:\/\/epochtimestr.com","author_name":"Yasemin Erdem","author_url":"https:\/\/epochtimestr.com\/index.php\/author\/yasemin","title":"T\u00fcrk Askeri Darm\u0131k'a T\u00fcrk Bayra\u011f\u0131 Dikti - The Epoch Times TR","type":"rich","width":600,"height":338,"html":"<blockquote class=\"wp-embedded-content\" data-secret=\"SYXDaSHVOb\"><a href=\"https:\/\/epochtimestr.com\/index.php\/turk-askeri-darmika-turk-bayragi-dikti\">T\u00fcrk Askeri Darm\u0131k&#8217;a T\u00fcrk Bayra\u011f\u0131 Dikti<\/a><\/blockquote><iframe sandbox=\"allow-scripts\" security=\"restricted\" src=\"https:\/\/epochtimestr.com\/index.php\/turk-askeri-darmika-turk-bayragi-dikti\/embed#?secret=SYXDaSHVOb\" width=\"600\" height=\"338\" title=\"&#8220;T\u00fcrk Askeri Darm\u0131k&#8217;a T\u00fcrk Bayra\u011f\u0131 Dikti&#8221; &#8212; The Epoch Times TR\" data-secret=\"SYXDaSHVOb\" frameborder=\"0\" marginwidth=\"0\" marginheight=\"0\" scrolling=\"no\" class=\"wp-embedded-content\"><\/iframe><script type=\"text\/javascript\">\n\/* <![CDATA[ *\/\n\/*! This file is auto-generated *\/\n!function(d,l){\"use strict\";l.querySelector&&d.addEventListener&&\"undefined\"!=typeof URL&&(d.wp=d.wp||{},d.wp.receiveEmbedMessage||(d.wp.receiveEmbedMessage=function(e){var t=e.data;if((t||t.secret||t.message||t.value)&&!\/[^a-zA-Z0-9]\/.test(t.secret)){for(var s,r,n,a=l.querySelectorAll('iframe[data-secret=\"'+t.secret+'\"]'),o=l.querySelectorAll('blockquote[data-secret=\"'+t.secret+'\"]'),c=new RegExp(\"^https?:$\",\"i\"),i=0;i<o.length;i++)o[i].style.display=\"none\";for(i=0;i<a.length;i++)s=a[i],e.source===s.contentWindow&&(s.removeAttribute(\"style\"),\"height\"===t.message?(1e3<(r=parseInt(t.value,10))?r=1e3:~~r<200&&(r=200),s.height=r):\"link\"===t.message&&(r=new URL(s.getAttribute(\"src\")),n=new URL(t.value),c.test(n.protocol))&&n.host===r.host&&l.activeElement===s&&(d.top.location.href=t.value))}},d.addEventListener(\"message\",d.wp.receiveEmbedMessage,!1),l.addEventListener(\"DOMContentLoaded\",function(){for(var e,t,s=l.querySelectorAll(\"iframe.wp-embedded-content\"),r=0;r<s.length;r++)(t=(e=s[r]).getAttribute(\"data-secret\"))||(t=Math.random().toString(36).substring(2,12),e.src+=\"#?secret=\"+t,e.setAttribute(\"data-secret\",t)),e.contentWindow.postMessage({message:\"ready\",secret:t},\"*\")},!1)))}(window,document);\n\/* ]]> *\/\n<\/script>\n","thumbnail_url":"https:\/\/epochtimestr.com\/wp-content\/uploads\/2011y\/bayrak-2.jpg","thumbnail_width":664,"thumbnail_height":354,"description":"Zeytin Dal\u0131 harekat\u0131n\u0131n 14. g\u00fcn\u00fcnde, etkisiz hale getirilen ter\u00f6rist say\u0131s\u0131 823 olarak a\u00e7\u0131klan\u0131rken, ter\u00f6ristlerden temizlenen Darm\u0131k Da\u011f\u0131&#8217;na T\u00fcrk askerleri taraf\u0131ndan T\u00fcrk bayra\u011f\u0131 dikildi. TSK taraf\u0131ndan yap\u0131lan a\u00e7\u0131klamada, Afrin&#8217;de\u00a0PKK-KCK-PYD-YPG-DEA\u015e&#8217;l\u0131 ter\u00f6ristlerin etkisiz hale getirilmesi amac\u0131yla ba\u015flat\u0131lan Zeytin Dal\u0131 harekat\u0131n\u0131n, Suriye\u2019nin toprak b\u00fct\u00fcnl\u00fc\u011f\u00fcne sayg\u0131l\u0131 \u015fekilde ger\u00e7ekle\u015ftirildi\u011fi vurguland\u0131. Bayrak dikilirken asker taraf\u0131ndan \u00e7ekilen videoda, di\u011fer askerin bayra\u011f\u0131 dikerken &#8220;T\u00fcrk [&hellip;]"}

Türk Askeri Darmık'a Türk Bayrağı Dikti - The Epoch Times TR

<blockquote class="wp-embedded-content" data-secret="SYXDaSHVOb"><a href="https://epochtimestr.com/index.php/turk-askeri-darmika-turk-bayragi-dikti">Türk Askeri Darmık&#8217;a Türk Bayrağı Dikti</a></blockquote><iframe sandbox="allow-scripts" security="restricted" src="https://epochtimestr.com/index.php/turk-askeri-darmika-turk-bayragi-dikti/embed#?secret=SYXDaSHVOb" width="600" height="338" title="&#8220;Türk Askeri Darmık&#8217;a Türk Bayrağı Dikti&#8221; &#8212; The Epoch Times TR" data-secret="SYXDaSHVOb" frameborder="0" marginwidth="0" marginheight="0" scrolling="no" class="wp-embedded-content"></iframe><script type="text/javascript">
/* <![CDATA[ */
/*! This file is auto-generated */
!function(d,l){"use strict";l.querySelector&&d.addEventListener&&"undefined"!=typeof URL&&(d.wp=d.wp||{},d.wp.receiveEmbedMessage||(d.wp.receiveEmbedMessage=function(e){var t=e.data;if((t||t.secret||t.message||t.value)&&!/[^a-zA-Z0-9]/.test(t.secret)){for(var s,r,n,a=l.querySelectorAll('iframe[data-secret="'+t.secret+'"]'),o=l.querySelectorAll('blockquote[data-secret="'+t.secret+'"]'),c=new RegExp("^https?:$","i"),i=0;i<o.length;i++)o[i].style.display="none";for(i=0;i<a.length;i++)s=a[i],e.source===s.contentWindow&&(s.removeAttribute("style"),"height"===t.message?(1e3<(r=parseInt(t.value,10))?r=1e3:~~r<200&&(r=200),s.height=r):"link"===t.message&&(r=new URL(s.getAttribute("src")),n=new URL(t.value),c.test(n.protocol))&&n.host===r.host&&l.activeElement===s&&(d.top.location.href=t.value))}},d.addEventListener("message",d.wp.receiveEmbedMessage,!1),l.addEventListener("DOMContentLoaded",function(){for(var e,t,s=l.querySelectorAll("iframe.wp-embedded-content"),r=0;r<s.length;r++)(t=(e=s[r]).getAttribute("data-secret"))||(t=Math.random().toString(36).substring(2,12),e.src+="#?secret="+t,e.setAttribute("data-secret",t)),e.contentWindow.postMessage({message:"ready",secret:t},"*")},!1)))}(window,document);
/* ]]> */
</script>

Zeytin Dalı harekatının 14. gününde, etkisiz hale getirilen terörist sayısı 823 olarak açıklanırken, teröristlerden temizlenen Darmık Dağı&#8217;na Türk askerleri tarafından Türk bayrağı dikildi. TSK tarafından yapılan açıklamada, Afrin&#8217;de PKK-KCK-PYD-YPG-DEAŞ&#8217;lı teröristlerin etkisiz hale getirilmesi amacıyla başlatılan Zeytin Dalı harekatının, Suriye’nin toprak bütünlüğüne saygılı şekilde gerçekleştirildiği vurgulandı. Bayrak dikilirken asker tarafından çekilen videoda, diğer askerin bayrağı dikerken &#8220;Türk [&hellip;]
