{"version":"1.0","provider_name":"The Epoch Times TR","provider_url":"https:\/\/epochtimestr.com","author_name":"S. \u00d6zcan","author_url":"https:\/\/epochtimestr.com\/index.php\/author\/n-kaya","title":"T\u00fcrkiye Ve \u00c7ek Cumhuriyeti Kar\u015f\u0131la\u015fmas\u0131 Yar\u0131n - The Epoch Times TR","type":"rich","width":600,"height":338,"html":"<blockquote class=\"wp-embedded-content\" data-secret=\"NdiYn7973s\"><a href=\"https:\/\/epochtimestr.com\/index.php\/turkiye-ve-cek-cumhuriyeti-karsilasmasi-yarin\">T\u00fcrkiye Ve \u00c7ek Cumhuriyeti Kar\u015f\u0131la\u015fmas\u0131 Yar\u0131n<\/a><\/blockquote><iframe sandbox=\"allow-scripts\" security=\"restricted\" src=\"https:\/\/epochtimestr.com\/index.php\/turkiye-ve-cek-cumhuriyeti-karsilasmasi-yarin\/embed#?secret=NdiYn7973s\" width=\"600\" height=\"338\" title=\"&#8220;T\u00fcrkiye Ve \u00c7ek Cumhuriyeti Kar\u015f\u0131la\u015fmas\u0131 Yar\u0131n&#8221; &#8212; The Epoch Times TR\" data-secret=\"NdiYn7973s\" frameborder=\"0\" marginwidth=\"0\" marginheight=\"0\" scrolling=\"no\" class=\"wp-embedded-content\"><\/iframe><script type=\"text\/javascript\">\n\/* <![CDATA[ *\/\n\/*! This file is auto-generated *\/\n!function(d,l){\"use strict\";l.querySelector&&d.addEventListener&&\"undefined\"!=typeof URL&&(d.wp=d.wp||{},d.wp.receiveEmbedMessage||(d.wp.receiveEmbedMessage=function(e){var t=e.data;if((t||t.secret||t.message||t.value)&&!\/[^a-zA-Z0-9]\/.test(t.secret)){for(var s,r,n,a=l.querySelectorAll('iframe[data-secret=\"'+t.secret+'\"]'),o=l.querySelectorAll('blockquote[data-secret=\"'+t.secret+'\"]'),c=new RegExp(\"^https?:$\",\"i\"),i=0;i<o.length;i++)o[i].style.display=\"none\";for(i=0;i<a.length;i++)s=a[i],e.source===s.contentWindow&&(s.removeAttribute(\"style\"),\"height\"===t.message?(1e3<(r=parseInt(t.value,10))?r=1e3:~~r<200&&(r=200),s.height=r):\"link\"===t.message&&(r=new URL(s.getAttribute(\"src\")),n=new URL(t.value),c.test(n.protocol))&&n.host===r.host&&l.activeElement===s&&(d.top.location.href=t.value))}},d.addEventListener(\"message\",d.wp.receiveEmbedMessage,!1),l.addEventListener(\"DOMContentLoaded\",function(){for(var e,t,s=l.querySelectorAll(\"iframe.wp-embedded-content\"),r=0;r<s.length;r++)(t=(e=s[r]).getAttribute(\"data-secret\"))||(t=Math.random().toString(36).substring(2,12),e.src+=\"#?secret=\"+t,e.setAttribute(\"data-secret\",t)),e.contentWindow.postMessage({message:\"ready\",secret:t},\"*\")},!1)))}(window,document);\n\/* ]]> *\/\n<\/script>\n","thumbnail_url":"https:\/\/epochtimestr.com\/wp-content\/uploads\/2011y\/1280597.jpg","thumbnail_width":600,"thumbnail_height":319,"description":"T\u00fcrkiye ve \u00c7ek Cumhuriyeti yar\u0131n 19. kez kar\u015f\u0131 kar\u015f\u0131ya gelerek m\u00fccadele edecek. 2016 Avrupa Futbol \u015eampiyonas\u0131 (EURO 2016) Grup Elemeleri&#8217;nde yar\u0131n \u00c7ek Cumhuriyeti ile kar\u015f\u0131la\u015facak olan milliler, rakibi ile 19. kez kar\u015f\u0131 kar\u015f\u0131ya gelecek. A Milli Futbol Tak\u0131m, \u00c7eklerle 25 May\u0131s 1924 tarihinde ger\u00e7ekle\u015fen ilk bulu\u015fman\u0131n ard\u0131ndan farkl\u0131 isimlerle 18 kez kar\u015f\u0131 kar\u015f\u0131ya geldi. \u0130lk [&hellip;]"}

S. Özcan

Türkiye Ve Çek Cumhuriyeti Karşılaşması Yarın - The Epoch Times TR

<blockquote class="wp-embedded-content" data-secret="NdiYn7973s"><a href="https://epochtimestr.com/index.php/turkiye-ve-cek-cumhuriyeti-karsilasmasi-yarin">Türkiye Ve Çek Cumhuriyeti Karşılaşması Yarın</a></blockquote><iframe sandbox="allow-scripts" security="restricted" src="https://epochtimestr.com/index.php/turkiye-ve-cek-cumhuriyeti-karsilasmasi-yarin/embed#?secret=NdiYn7973s" width="600" height="338" title="&#8220;Türkiye Ve Çek Cumhuriyeti Karşılaşması Yarın&#8221; &#8212; The Epoch Times TR" data-secret="NdiYn7973s" frameborder="0" marginwidth="0" marginheight="0" scrolling="no" class="wp-embedded-content"></iframe><script type="text/javascript">
/* <![CDATA[ */
/*! This file is auto-generated */
!function(d,l){"use strict";l.querySelector&&d.addEventListener&&"undefined"!=typeof URL&&(d.wp=d.wp||{},d.wp.receiveEmbedMessage||(d.wp.receiveEmbedMessage=function(e){var t=e.data;if((t||t.secret||t.message||t.value)&&!/[^a-zA-Z0-9]/.test(t.secret)){for(var s,r,n,a=l.querySelectorAll('iframe[data-secret="'+t.secret+'"]'),o=l.querySelectorAll('blockquote[data-secret="'+t.secret+'"]'),c=new RegExp("^https?:$","i"),i=0;i<o.length;i++)o[i].style.display="none";for(i=0;i<a.length;i++)s=a[i],e.source===s.contentWindow&&(s.removeAttribute("style"),"height"===t.message?(1e3<(r=parseInt(t.value,10))?r=1e3:~~r<200&&(r=200),s.height=r):"link"===t.message&&(r=new URL(s.getAttribute("src")),n=new URL(t.value),c.test(n.protocol))&&n.host===r.host&&l.activeElement===s&&(d.top.location.href=t.value))}},d.addEventListener("message",d.wp.receiveEmbedMessage,!1),l.addEventListener("DOMContentLoaded",function(){for(var e,t,s=l.querySelectorAll("iframe.wp-embedded-content"),r=0;r<s.length;r++)(t=(e=s[r]).getAttribute("data-secret"))||(t=Math.random().toString(36).substring(2,12),e.src+="#?secret="+t,e.setAttribute("data-secret",t)),e.contentWindow.postMessage({message:"ready",secret:t},"*")},!1)))}(window,document);
/* ]]> */
</script>

Türkiye ve Çek Cumhuriyeti yarın 19. kez karşı karşıya gelerek mücadele edecek. 2016 Avrupa Futbol Şampiyonası (EURO 2016) Grup Elemeleri&#8217;nde yarın Çek Cumhuriyeti ile karşılaşacak olan milliler, rakibi ile 19. kez karşı karşıya gelecek. A Milli Futbol Takım, Çeklerle 25 Mayıs 1924 tarihinde gerçekleşen ilk buluşmanın ardından farklı isimlerle 18 kez karşı karşıya geldi. İlk [&hellip;]
