{"version":"1.0","provider_name":"The Epoch Times TR","provider_url":"https:\/\/epochtimestr.com","author_name":"Haber Merkezi","author_url":"https:\/\/epochtimestr.com\/index.php\/author\/sendag","title":"Uganda'da Ordu Parlamentoyu Bast\u0131 - The Epoch Times TR","type":"rich","width":600,"height":338,"html":"<blockquote class=\"wp-embedded-content\" data-secret=\"AIXTAT3FB6\"><a href=\"https:\/\/epochtimestr.com\/index.php\/ugandada-ordu-parlamentoyu-basti\">Uganda&#8217;da Ordu Parlamentoyu Bast\u0131<\/a><\/blockquote><iframe sandbox=\"allow-scripts\" security=\"restricted\" src=\"https:\/\/epochtimestr.com\/index.php\/ugandada-ordu-parlamentoyu-basti\/embed#?secret=AIXTAT3FB6\" width=\"600\" height=\"338\" title=\"&#8220;Uganda&#8217;da Ordu Parlamentoyu Bast\u0131&#8221; &#8212; The Epoch Times TR\" data-secret=\"AIXTAT3FB6\" frameborder=\"0\" marginwidth=\"0\" marginheight=\"0\" scrolling=\"no\" class=\"wp-embedded-content\"><\/iframe><script type=\"text\/javascript\">\n\/* <![CDATA[ *\/\n\/*! This file is auto-generated *\/\n!function(d,l){\"use strict\";l.querySelector&&d.addEventListener&&\"undefined\"!=typeof URL&&(d.wp=d.wp||{},d.wp.receiveEmbedMessage||(d.wp.receiveEmbedMessage=function(e){var t=e.data;if((t||t.secret||t.message||t.value)&&!\/[^a-zA-Z0-9]\/.test(t.secret)){for(var s,r,n,a=l.querySelectorAll('iframe[data-secret=\"'+t.secret+'\"]'),o=l.querySelectorAll('blockquote[data-secret=\"'+t.secret+'\"]'),c=new RegExp(\"^https?:$\",\"i\"),i=0;i<o.length;i++)o[i].style.display=\"none\";for(i=0;i<a.length;i++)s=a[i],e.source===s.contentWindow&&(s.removeAttribute(\"style\"),\"height\"===t.message?(1e3<(r=parseInt(t.value,10))?r=1e3:~~r<200&&(r=200),s.height=r):\"link\"===t.message&&(r=new URL(s.getAttribute(\"src\")),n=new URL(t.value),c.test(n.protocol))&&n.host===r.host&&l.activeElement===s&&(d.top.location.href=t.value))}},d.addEventListener(\"message\",d.wp.receiveEmbedMessage,!1),l.addEventListener(\"DOMContentLoaded\",function(){for(var e,t,s=l.querySelectorAll(\"iframe.wp-embedded-content\"),r=0;r<s.length;r++)(t=(e=s[r]).getAttribute(\"data-secret\"))||(t=Math.random().toString(36).substring(2,12),e.src+=\"#?secret=\"+t,e.setAttribute(\"data-secret\",t)),e.contentWindow.postMessage({message:\"ready\",secret:t},\"*\")},!1)))}(window,document);\n\/* ]]> *\/\n<\/script>\n","thumbnail_url":"https:\/\/epochtimestr.com\/wp-content\/uploads\/2011y\/uganda-ordu.jpg","thumbnail_width":664,"thumbnail_height":354,"description":"Uganda Parlamentosunda cumhurba\u015fkanl\u0131\u011f\u0131 yasas\u0131n\u0131n uzat\u0131lmas\u0131na dair oturum yap\u0131l\u0131rken askerlerin parlamentoya girdi\u011fi belirtildi. Uganda Parlamentosunda milletvekilleri, uzun s\u00fcredir g\u00f6rev yapan Cumhurba\u015fkan\u0131 Yoweri Museveni&#8217;nin iktidarda kalmaya devam etmesini engelleyen anayasal ya\u015f s\u0131n\u0131r\u0131n\u0131 kald\u0131ran bir yasa tasar\u0131s\u0131n\u0131 tart\u0131\u015f\u0131yorlard\u0131. Askerlerin parlamentoya girmesiyle g\u00f6r\u00fc\u015fmeler yar\u0131da kesildi. G\u00f6rg\u00fc tan\u0131\u011f\u0131 milletvekili Gaffa Mbwatekamwa, &#8220;Bir s\u00fcr\u00fc asker vard\u0131, hepsini g\u00f6rd\u00fcm&#8221; dedi. Uganda Anayasas\u0131 [&hellip;]"}

Uganda'da Ordu Parlamentoyu Bastı - The Epoch Times TR

<blockquote class="wp-embedded-content" data-secret="AIXTAT3FB6"><a href="https://epochtimestr.com/index.php/ugandada-ordu-parlamentoyu-basti">Uganda&#8217;da Ordu Parlamentoyu Bastı</a></blockquote><iframe sandbox="allow-scripts" security="restricted" src="https://epochtimestr.com/index.php/ugandada-ordu-parlamentoyu-basti/embed#?secret=AIXTAT3FB6" width="600" height="338" title="&#8220;Uganda&#8217;da Ordu Parlamentoyu Bastı&#8221; &#8212; The Epoch Times TR" data-secret="AIXTAT3FB6" frameborder="0" marginwidth="0" marginheight="0" scrolling="no" class="wp-embedded-content"></iframe><script type="text/javascript">
/* <![CDATA[ */
/*! This file is auto-generated */
!function(d,l){"use strict";l.querySelector&&d.addEventListener&&"undefined"!=typeof URL&&(d.wp=d.wp||{},d.wp.receiveEmbedMessage||(d.wp.receiveEmbedMessage=function(e){var t=e.data;if((t||t.secret||t.message||t.value)&&!/[^a-zA-Z0-9]/.test(t.secret)){for(var s,r,n,a=l.querySelectorAll('iframe[data-secret="'+t.secret+'"]'),o=l.querySelectorAll('blockquote[data-secret="'+t.secret+'"]'),c=new RegExp("^https?:$","i"),i=0;i<o.length;i++)o[i].style.display="none";for(i=0;i<a.length;i++)s=a[i],e.source===s.contentWindow&&(s.removeAttribute("style"),"height"===t.message?(1e3<(r=parseInt(t.value,10))?r=1e3:~~r<200&&(r=200),s.height=r):"link"===t.message&&(r=new URL(s.getAttribute("src")),n=new URL(t.value),c.test(n.protocol))&&n.host===r.host&&l.activeElement===s&&(d.top.location.href=t.value))}},d.addEventListener("message",d.wp.receiveEmbedMessage,!1),l.addEventListener("DOMContentLoaded",function(){for(var e,t,s=l.querySelectorAll("iframe.wp-embedded-content"),r=0;r<s.length;r++)(t=(e=s[r]).getAttribute("data-secret"))||(t=Math.random().toString(36).substring(2,12),e.src+="#?secret="+t,e.setAttribute("data-secret",t)),e.contentWindow.postMessage({message:"ready",secret:t},"*")},!1)))}(window,document);
/* ]]> */
</script>

Uganda Parlamentosunda cumhurbaşkanlığı yasasının uzatılmasına dair oturum yapılırken askerlerin parlamentoya girdiği belirtildi. Uganda Parlamentosunda milletvekilleri, uzun süredir görev yapan Cumhurbaşkanı Yoweri Museveni&#8217;nin iktidarda kalmaya devam etmesini engelleyen anayasal yaş sınırını kaldıran bir yasa tasarısını tartışıyorlardı. Askerlerin parlamentoya girmesiyle görüşmeler yarıda kesildi. Görgü tanığı milletvekili Gaffa Mbwatekamwa, &#8220;Bir sürü asker vardı, hepsini gördüm&#8221; dedi. Uganda Anayasası [&hellip;]
