{"version":"1.0","provider_name":"The Epoch Times TR","provider_url":"https:\/\/epochtimestr.com","author_name":"C.Karatas","author_url":"https:\/\/epochtimestr.com\/index.php\/author\/c-karatas","title":"Uygur Yazar \u00c7in'de G\u00f6z Alt\u0131ndayken Hayat\u0131n\u0131 Kaybetti - The Epoch Times TR","type":"rich","width":600,"height":338,"html":"<blockquote class=\"wp-embedded-content\" data-secret=\"PlzIJnIi8z\"><a href=\"https:\/\/epochtimestr.com\/index.php\/uygur-yazar-cinde-goz-altindayken-hayatini-kaybetti\">Uygur Yazar \u00c7in&#8217;de G\u00f6z Alt\u0131ndayken Hayat\u0131n\u0131 Kaybetti<\/a><\/blockquote><iframe sandbox=\"allow-scripts\" security=\"restricted\" src=\"https:\/\/epochtimestr.com\/index.php\/uygur-yazar-cinde-goz-altindayken-hayatini-kaybetti\/embed#?secret=PlzIJnIi8z\" width=\"600\" height=\"338\" title=\"&#8220;Uygur Yazar \u00c7in&#8217;de G\u00f6z Alt\u0131ndayken Hayat\u0131n\u0131 Kaybetti&#8221; &#8212; The Epoch Times TR\" data-secret=\"PlzIJnIi8z\" frameborder=\"0\" marginwidth=\"0\" marginheight=\"0\" scrolling=\"no\" class=\"wp-embedded-content\"><\/iframe><script type=\"text\/javascript\">\n\/* <![CDATA[ *\/\n\/*! This file is auto-generated *\/\n!function(d,l){\"use strict\";l.querySelector&&d.addEventListener&&\"undefined\"!=typeof URL&&(d.wp=d.wp||{},d.wp.receiveEmbedMessage||(d.wp.receiveEmbedMessage=function(e){var t=e.data;if((t||t.secret||t.message||t.value)&&!\/[^a-zA-Z0-9]\/.test(t.secret)){for(var s,r,n,a=l.querySelectorAll('iframe[data-secret=\"'+t.secret+'\"]'),o=l.querySelectorAll('blockquote[data-secret=\"'+t.secret+'\"]'),c=new RegExp(\"^https?:$\",\"i\"),i=0;i<o.length;i++)o[i].style.display=\"none\";for(i=0;i<a.length;i++)s=a[i],e.source===s.contentWindow&&(s.removeAttribute(\"style\"),\"height\"===t.message?(1e3<(r=parseInt(t.value,10))?r=1e3:~~r<200&&(r=200),s.height=r):\"link\"===t.message&&(r=new URL(s.getAttribute(\"src\")),n=new URL(t.value),c.test(n.protocol))&&n.host===r.host&&l.activeElement===s&&(d.top.location.href=t.value))}},d.addEventListener(\"message\",d.wp.receiveEmbedMessage,!1),l.addEventListener(\"DOMContentLoaded\",function(){for(var e,t,s=l.querySelectorAll(\"iframe.wp-embedded-content\"),r=0;r<s.length;r++)(t=(e=s[r]).getAttribute(\"data-secret\"))||(t=Math.random().toString(36).substring(2,12),e.src+=\"#?secret=\"+t,e.setAttribute(\"data-secret\",t)),e.contentWindow.postMessage({message:\"ready\",secret:t},\"*\")},!1)))}(window,document);\n\/* ]]> *\/\n<\/script>\n","thumbnail_url":"https:\/\/epochtimestr.com\/wp-content\/uploads\/2011y\/Uygur-yazar-Nurmemete-Yasin.png","thumbnail_width":351,"thumbnail_height":263,"description":"Ge\u00e7ti\u011fimiz \u00c7ar\u015famba Amnesty International,\u00a0 tan\u0131nm\u0131\u015f Uygur yazar Nurmemete Yasin\u2019in\u00a0 \u00c7in\u2019de g\u00f6z alt\u0131ndayken \u00f6l\u00fcm\u00fcn\u00fcn ard\u0131ndan bir a\u00e7\u0131klamada bulundu.\u00a0Kurulu\u015f &#8220;Bu son olay, \u00c7in\u2019in hala bas\u0131n,\u00a0yay\u0131n ve fikir \u00f6zg\u00fcrl\u00fc\u011f\u00fcne hi\u00e7 bir \u015fekilde sayg\u0131 g\u00f6stermedi\u011fini bir kez daha kan\u0131tlam\u0131\u015ft\u0131r&#8221; dedi. Nurmemet Yasin \u2018Vah\u015fi G\u00fcvercin\u2019 adl\u0131 kitab\u0131 yazd\u0131ktan hemen sonra tutuklanm\u0131\u015ft\u0131 ve Shaya hapishanesinde son 10 y\u0131l mahkemesiz tutuklu kalm\u0131\u015ft\u0131. [&hellip;]"}

Uygur Yazar Çin'de Göz Altındayken Hayatını Kaybetti - The Epoch Times TR

<blockquote class="wp-embedded-content" data-secret="PlzIJnIi8z"><a href="https://epochtimestr.com/index.php/uygur-yazar-cinde-goz-altindayken-hayatini-kaybetti">Uygur Yazar Çin&#8217;de Göz Altındayken Hayatını Kaybetti</a></blockquote><iframe sandbox="allow-scripts" security="restricted" src="https://epochtimestr.com/index.php/uygur-yazar-cinde-goz-altindayken-hayatini-kaybetti/embed#?secret=PlzIJnIi8z" width="600" height="338" title="&#8220;Uygur Yazar Çin&#8217;de Göz Altındayken Hayatını Kaybetti&#8221; &#8212; The Epoch Times TR" data-secret="PlzIJnIi8z" frameborder="0" marginwidth="0" marginheight="0" scrolling="no" class="wp-embedded-content"></iframe><script type="text/javascript">
/* <![CDATA[ */
/*! This file is auto-generated */
!function(d,l){"use strict";l.querySelector&&d.addEventListener&&"undefined"!=typeof URL&&(d.wp=d.wp||{},d.wp.receiveEmbedMessage||(d.wp.receiveEmbedMessage=function(e){var t=e.data;if((t||t.secret||t.message||t.value)&&!/[^a-zA-Z0-9]/.test(t.secret)){for(var s,r,n,a=l.querySelectorAll('iframe[data-secret="'+t.secret+'"]'),o=l.querySelectorAll('blockquote[data-secret="'+t.secret+'"]'),c=new RegExp("^https?:$","i"),i=0;i<o.length;i++)o[i].style.display="none";for(i=0;i<a.length;i++)s=a[i],e.source===s.contentWindow&&(s.removeAttribute("style"),"height"===t.message?(1e3<(r=parseInt(t.value,10))?r=1e3:~~r<200&&(r=200),s.height=r):"link"===t.message&&(r=new URL(s.getAttribute("src")),n=new URL(t.value),c.test(n.protocol))&&n.host===r.host&&l.activeElement===s&&(d.top.location.href=t.value))}},d.addEventListener("message",d.wp.receiveEmbedMessage,!1),l.addEventListener("DOMContentLoaded",function(){for(var e,t,s=l.querySelectorAll("iframe.wp-embedded-content"),r=0;r<s.length;r++)(t=(e=s[r]).getAttribute("data-secret"))||(t=Math.random().toString(36).substring(2,12),e.src+="#?secret="+t,e.setAttribute("data-secret",t)),e.contentWindow.postMessage({message:"ready",secret:t},"*")},!1)))}(window,document);
/* ]]> */
</script>

Geçtiğimiz Çarşamba Amnesty International,  tanınmış Uygur yazar Nurmemete Yasin’in  Çin’de göz altındayken ölümünün ardından bir açıklamada bulundu. Kuruluş &#8220;Bu son olay, Çin’in hala basın, yayın ve fikir özgürlüğüne hiç bir şekilde saygı göstermediğini bir kez daha kanıtlamıştır&#8221; dedi. Nurmemet Yasin ‘Vahşi Güvercin’ adlı kitabı yazdıktan hemen sonra tutuklanmıştı ve Shaya hapishanesinde son 10 yıl mahkemesiz tutuklu kalmıştı. [&hellip;]
