{"version":"1.0","provider_name":"The Epoch Times TR","provider_url":"https:\/\/epochtimestr.com","author_name":"Emel AKAN","author_url":"https:\/\/epochtimestr.com\/index.php\/author\/emel","title":"Y\u00fczbinlerce \u0130nsan Hong Kong\u2019da Demokrasi \u0130\u00e7in Sokaklara D\u00f6k\u00fcld\u00fc - The Epoch Times TR","type":"rich","width":600,"height":338,"html":"<blockquote class=\"wp-embedded-content\" data-secret=\"yNLsCRUTSe\"><a href=\"https:\/\/epochtimestr.com\/index.php\/yuzbinlerce-insan-hong-kongda-demokrasi-icin-sokaklara-dokuldu\">Y\u00fczbinlerce \u0130nsan Hong Kong\u2019da Demokrasi \u0130\u00e7in Sokaklara D\u00f6k\u00fcld\u00fc<\/a><\/blockquote><iframe sandbox=\"allow-scripts\" security=\"restricted\" src=\"https:\/\/epochtimestr.com\/index.php\/yuzbinlerce-insan-hong-kongda-demokrasi-icin-sokaklara-dokuldu\/embed#?secret=yNLsCRUTSe\" width=\"600\" height=\"338\" title=\"&#8220;Y\u00fczbinlerce \u0130nsan Hong Kong\u2019da Demokrasi \u0130\u00e7in Sokaklara D\u00f6k\u00fcld\u00fc&#8221; &#8212; The Epoch Times TR\" data-secret=\"yNLsCRUTSe\" frameborder=\"0\" marginwidth=\"0\" marginheight=\"0\" scrolling=\"no\" class=\"wp-embedded-content\"><\/iframe><script type=\"text\/javascript\">\n\/* <![CDATA[ *\/\n\/*! This file is auto-generated *\/\n!function(d,l){\"use strict\";l.querySelector&&d.addEventListener&&\"undefined\"!=typeof URL&&(d.wp=d.wp||{},d.wp.receiveEmbedMessage||(d.wp.receiveEmbedMessage=function(e){var t=e.data;if((t||t.secret||t.message||t.value)&&!\/[^a-zA-Z0-9]\/.test(t.secret)){for(var s,r,n,a=l.querySelectorAll('iframe[data-secret=\"'+t.secret+'\"]'),o=l.querySelectorAll('blockquote[data-secret=\"'+t.secret+'\"]'),c=new RegExp(\"^https?:$\",\"i\"),i=0;i<o.length;i++)o[i].style.display=\"none\";for(i=0;i<a.length;i++)s=a[i],e.source===s.contentWindow&&(s.removeAttribute(\"style\"),\"height\"===t.message?(1e3<(r=parseInt(t.value,10))?r=1e3:~~r<200&&(r=200),s.height=r):\"link\"===t.message&&(r=new URL(s.getAttribute(\"src\")),n=new URL(t.value),c.test(n.protocol))&&n.host===r.host&&l.activeElement===s&&(d.top.location.href=t.value))}},d.addEventListener(\"message\",d.wp.receiveEmbedMessage,!1),l.addEventListener(\"DOMContentLoaded\",function(){for(var e,t,s=l.querySelectorAll(\"iframe.wp-embedded-content\"),r=0;r<s.length;r++)(t=(e=s[r]).getAttribute(\"data-secret\"))||(t=Math.random().toString(36).substring(2,12),e.src+=\"#?secret=\"+t,e.setAttribute(\"data-secret\",t)),e.contentWindow.postMessage({message:\"ready\",secret:t},\"*\")},!1)))}(window,document);\n\/* ]]> *\/\n<\/script>\n","thumbnail_url":"https:\/\/epochtimestr.com\/wp-content\/uploads\/2011y\/Protests-in-Hong-Kong.jpg","thumbnail_width":448,"thumbnail_height":298,"description":"Hong Kong \u2013 1 Temmuz\u2019da Hong Kong\u2019un caddeleri protestocular ile doldu ta\u015ft\u0131. Protestocular, vatanda\u015fl\u0131k haklar\u0131n\u0131 talep etmek, kendi temsilcilerini se\u00e7ebilmek ve daha da \u00f6nemlisi \u00c7in Kom\u00fcnist Partisi&#8217;nin artan m\u00fcdahalesinden kurtulmak i\u00e7in Hong Kong sokaklar\u0131nda biraraya geldi. Protesto y\u00fcr\u00fcy\u00fc\u015fleri, yakla\u015f\u0131k 800.000 Hong Kong vatanda\u015f\u0131n\u0131n oy kulland\u0131\u011f\u0131 resmi olmayan referandumdan hemen sonra ba\u015flad\u0131. Referandumda evrensel bir hak [&hellip;]"}

Yüzbinlerce İnsan Hong Kong’da Demokrasi İçin Sokaklara Döküldü - The Epoch Times TR

<blockquote class="wp-embedded-content" data-secret="yNLsCRUTSe"><a href="https://epochtimestr.com/index.php/yuzbinlerce-insan-hong-kongda-demokrasi-icin-sokaklara-dokuldu">Yüzbinlerce İnsan Hong Kong’da Demokrasi İçin Sokaklara Döküldü</a></blockquote><iframe sandbox="allow-scripts" security="restricted" src="https://epochtimestr.com/index.php/yuzbinlerce-insan-hong-kongda-demokrasi-icin-sokaklara-dokuldu/embed#?secret=yNLsCRUTSe" width="600" height="338" title="&#8220;Yüzbinlerce İnsan Hong Kong’da Demokrasi İçin Sokaklara Döküldü&#8221; &#8212; The Epoch Times TR" data-secret="yNLsCRUTSe" frameborder="0" marginwidth="0" marginheight="0" scrolling="no" class="wp-embedded-content"></iframe><script type="text/javascript">
/* <![CDATA[ */
/*! This file is auto-generated */
!function(d,l){"use strict";l.querySelector&&d.addEventListener&&"undefined"!=typeof URL&&(d.wp=d.wp||{},d.wp.receiveEmbedMessage||(d.wp.receiveEmbedMessage=function(e){var t=e.data;if((t||t.secret||t.message||t.value)&&!/[^a-zA-Z0-9]/.test(t.secret)){for(var s,r,n,a=l.querySelectorAll('iframe[data-secret="'+t.secret+'"]'),o=l.querySelectorAll('blockquote[data-secret="'+t.secret+'"]'),c=new RegExp("^https?:$","i"),i=0;i<o.length;i++)o[i].style.display="none";for(i=0;i<a.length;i++)s=a[i],e.source===s.contentWindow&&(s.removeAttribute("style"),"height"===t.message?(1e3<(r=parseInt(t.value,10))?r=1e3:~~r<200&&(r=200),s.height=r):"link"===t.message&&(r=new URL(s.getAttribute("src")),n=new URL(t.value),c.test(n.protocol))&&n.host===r.host&&l.activeElement===s&&(d.top.location.href=t.value))}},d.addEventListener("message",d.wp.receiveEmbedMessage,!1),l.addEventListener("DOMContentLoaded",function(){for(var e,t,s=l.querySelectorAll("iframe.wp-embedded-content"),r=0;r<s.length;r++)(t=(e=s[r]).getAttribute("data-secret"))||(t=Math.random().toString(36).substring(2,12),e.src+="#?secret="+t,e.setAttribute("data-secret",t)),e.contentWindow.postMessage({message:"ready",secret:t},"*")},!1)))}(window,document);
/* ]]> */
</script>

Hong Kong – 1 Temmuz’da Hong Kong’un caddeleri protestocular ile doldu taştı. Protestocular, vatandaşlık haklarını talep etmek, kendi temsilcilerini seçebilmek ve daha da önemlisi Çin Komünist Partisi&#8217;nin artan müdahalesinden kurtulmak için Hong Kong sokaklarında biraraya geldi. Protesto yürüyüşleri, yaklaşık 800.000 Hong Kong vatandaşının oy kullandığı resmi olmayan referandumdan hemen sonra başladı. Referandumda evrensel bir hak [&hellip;]
